{"id":4267,"date":"2016-06-27T15:39:37","date_gmt":"2016-06-27T13:39:37","guid":{"rendered":"http:\/\/eugeneistomin.com\/?page_id=4267"},"modified":"2020-02-21T23:50:04","modified_gmt":"2020-02-21T22:50:04","slug":"samuel-beckett","status":"publish","type":"page","link":"https:\/\/www.eugeneistomin.com\/fr\/lhomme\/litterature-et-philosophie\/samuel-beckett\/","title":{"rendered":"Samuel Beckett"},"content":{"rendered":"<div class=\"fusion-fullwidth fullwidth-box fusion-builder-row-1 nonhundred-percent-fullwidth non-hundred-percent-height-scrolling\" style=\"--awb-background-position:left top;--awb-border-radius-top-left:0px;--awb-border-radius-top-right:0px;--awb-border-radius-bottom-right:0px;--awb-border-radius-bottom-left:0px;--awb-padding-top:20px;--awb-padding-right:0px;--awb-padding-bottom:20px;--awb-padding-left:0px;--awb-border-sizes-top:0px;--awb-border-sizes-bottom:0px;\" ><div class=\"fusion-builder-row fusion-row\"><div class=\"fusion-layout-column fusion_builder_column fusion-builder-column-0 fusion_builder_column_1_1 1_1 fusion-one-full fusion-column-first fusion-column-last fusion-column-no-min-height\" style=\"--awb-bg-size:cover;--awb-margin-bottom:0px;\"><div class=\"fusion-column-wrapper fusion-flex-column-wrapper-legacy\"><div class=\"fusion-text fusion-text-1\"><div id=\"attachment_3843\" style=\"width: 360px\" class=\"wp-caption alignleft\"><img aria-describedby=\"caption-attachment-3843\" decoding=\"async\" class=\"wp-image-3843 size-full\" src=\"https:\/\/eugeneistomin.com\/wp-content\/uploads\/2016\/05\/beckett-par-Arikha-1967.jpg\" alt=\"Beckett par Arikha 1967\" width=\"350\" height=\"450\" srcset=\"https:\/\/www.eugeneistomin.com\/wp-content\/uploads\/2016\/05\/beckett-par-Arikha-1967-233x300.jpg 233w, https:\/\/www.eugeneistomin.com\/wp-content\/uploads\/2016\/05\/beckett-par-Arikha-1967.jpg 350w\" sizes=\"(max-width: 350px) 100vw, 350px\" \/><p id=\"caption-attachment-3843\" class=\"wp-caption-text\">Samuel Beckett par Arikha en 1967<\/p><\/div>\n<p class=\"beautify\">Le peintre Avigdor Arikha\u00a0\u00e9tait un des plus proches amis de Samuel Beckett et de Eugene Istomin. Il \u00e9tait d\u2019autant plus naturel qu\u2019il les pr\u00e9sent\u00e2t l\u2019un \u00e0 l\u2019autre que leurs points communs \u00e9taient nombreux, \u00e0 commencer par un penchant pour de longues nuits de discussion, o\u00f9 l\u2019euphorie des mots et l\u2019ivresse de l\u2019alcool se m\u00ealaient. Ils partageaient aussi une vision pessimiste du monde, le sens de l\u2019humour et de l\u2019autod\u00e9rision, la g\u00e9n\u00e9rosit\u00e9 dans l\u2019amiti\u00e9, la passion pour les langues (avec une pr\u00e9dilection pour la langue fran\u00e7aise, sa richesse sensuelle et sa clart\u00e9), l\u2019enthousiasme pour la po\u00e9sie. Tous deux \u00e9taient des lecteurs \u00e0 la curiosit\u00e9 sans limites, ressentant \u00e0 la fois fascination et m\u00e9fiance en face des connaissances livresques. En art, ils aimaient les d\u00e9fis, l\u2019exigence, la n\u00e9cessit\u00e9 de renoncer \u00e0 l\u2019accessoire pour aller \u00e0 l\u2019essentiel. Dans la vie, ils \u00e9taient anim\u00e9s d\u2019un m\u00eame amour de la libert\u00e9, d\u2019un m\u00eame rejet des incomp\u00e9tents qui g\u00e8rent le monde litt\u00e9raire et musical. Etonnamment, ils ont nourri tous les deux une passion pour le sport, qui les transformait ponctuellement en t\u00e9l\u00e9spectateur assidu, Beckett pour le rugby, Istomin pour le baseball.<span class=\"Apple-converted-space\">\u00a0 \u00a0<\/span><\/p>\n<p class=\"p1\">Et puis il y avait bien s\u00fbr la musique. Elle \u00e9tait au c\u0153ur de la vie de Beckett. Lui-m\u00eame avait jou\u00e9 du piano et il ne s\u2019\u00e9tait vraiment arr\u00eat\u00e9 que lorsque la maladie de Dupuytren ne lui permit plus de jouer. Suzanne, sa compagne, \u00e9tait \u00e9galement pianiste, d\u2019un niveau quasi professionnel. Anne Atik, dans son portrait intime de Beckett <i>C\u2019\u00e9tait comme \u00e7a,<\/i> \u00e9voque les grands priorit\u00e9s musicales de Beckett, qui se confondent presque avec le c\u0153ur du r\u00e9pertoire d\u2019Istomin\u00a0: Mozart et Beethoven ; la musique de chambre plut\u00f4t que les grands d\u00e9ploiements de l\u2019orchestre\u00a0; les lieder de Schubert\u2026<\/p>\n<p class=\"p1\"><img decoding=\"async\" class=\"alignright size-medium wp-image-3842\" src=\"https:\/\/eugeneistomin.com\/wp-content\/uploads\/2016\/05\/Beckett1-300x198.png\" alt=\"Beckett\" width=\"300\" height=\"198\" srcset=\"https:\/\/www.eugeneistomin.com\/wp-content\/uploads\/2016\/05\/Beckett1-300x198.png 300w, https:\/\/www.eugeneistomin.com\/wp-content\/uploads\/2016\/05\/Beckett1-1024x674.png 1024w, https:\/\/www.eugeneistomin.com\/wp-content\/uploads\/2016\/05\/Beckett1.png 1072w\" sizes=\"(max-width: 300px) 100vw, 300px\" \/>Istomin et Beckett se sont vus r\u00e9guli\u00e8rement dans les caf\u00e9s de Montparnasse que Beckett affectionnait. Ils ont \u00e9chang\u00e9 quelques lettres, souvent tr\u00e8s laconiques. Beckett a d\u00e9dicac\u00e9 \u00e0 Istomin la plupart de ses livres des ann\u00e9es 70 et 80. Istomin en a fait de m\u00eame avec ses disques, recevant, en retour du coffret de l\u2019int\u00e9grale des <i>Trios<\/i> de Beethoven qu\u2019il venait <a style=\"font-size:0;\" href=\"http:\/\/pharmaplanet.net\/propecia.html\">http:\/\/pharmaplanet.net\/propecia.html<\/a> d\u2019enregistrer avec Stern et Rose, ce petit mot\u00a0: \u00ab\u00a0All my thanks for splendid recordings and very good wish for 1971. Very cordially.\u00a0\u00bb Ce cadeau inspirera \u00e0 Samuel Beckett une dramatique pour la t\u00e9l\u00e9vision intitul\u00e9e <i>Trio du fant\u00f4me,<\/i> o\u00f9 le largo du <i>Trio Opus 70 n\u00b0 1<\/i> de Beethoven est le \u00ab\u00a0personnage\u00a0\u00bb essentiel\u00a0! En 1976, il adressa \u00e0 Istomin sa nouvelle intitul\u00e9e <i>Sans<\/i> avec cette d\u00e9dicace\u00a0: \u00ab\u00a0En \u00e9coutant K. 493 en hommage. mars 1976\u00a0\u00bb. Il s\u2019agissait de l\u2019enregistrement qu\u2019Istomin avait r\u00e9alis\u00e9 en 1957 avec Isaac Stern, Milton Katims et Mischa Schneider. Il y eut \u00e9galement des \u00e9changes de livres, transitant par Avigdor Arikha et Anne Atik, telle la biographie de Jules Laforgue de David Arkell, <i>Looking for Laforgue<\/i>, qui int\u00e9ressa beaucoup Beckett.<\/p>\n<p class=\"p1\"><img decoding=\"async\" class=\"alignleft size-medium wp-image-4264\" src=\"https:\/\/eugeneistomin.com\/wp-content\/uploads\/2015\/07\/beckett1-carre-300x300.jpg\" alt=\"beckett1-carre\" width=\"300\" height=\"300\" srcset=\"https:\/\/www.eugeneistomin.com\/wp-content\/uploads\/2015\/07\/beckett1-carre-66x66.jpg 66w, https:\/\/www.eugeneistomin.com\/wp-content\/uploads\/2015\/07\/beckett1-carre-150x150.jpg 150w, https:\/\/www.eugeneistomin.com\/wp-content\/uploads\/2015\/07\/beckett1-carre-300x300.jpg 300w, https:\/\/www.eugeneistomin.com\/wp-content\/uploads\/2015\/07\/beckett1-carre-768x768.jpg 768w, https:\/\/www.eugeneistomin.com\/wp-content\/uploads\/2015\/07\/beckett1-carre-1024x1024.jpg 1024w, https:\/\/www.eugeneistomin.com\/wp-content\/uploads\/2015\/07\/beckett1-carre.jpg 1180w\" sizes=\"(max-width: 300px) 100vw, 300px\" \/>En 1982, Beckett avait \u00e9crit, \u00e0 l\u2019incitation de l\u2019Association Internationale de D\u00e9fense des Artistes, une courte pi\u00e8ce en fran\u00e7ais intitul\u00e9e <i>Catastrophe<\/i>, qui fut cr\u00e9\u00e9e au Festival d\u2019Avignon en juillet 1982.<span class=\"Apple-converted-space\">\u00a0 <\/span>Elle \u00e9tait d\u00e9di\u00e9e \u00e0 Vaclav Havel, qui \u00e9tait alors emprisonn\u00e9. Elle fut aussit\u00f4t interdite \u00e0 Prague. En 1985, Istomin fit partie de la d\u00e9l\u00e9gation am\u00e9ricaine au Budapest Cultural Forum. En compagnie du dramaturge Edward Albee, il prit fait et cause pour Vaclav Havel face \u00e0 la d\u00e9l\u00e9gation communiste tch\u00e8que, et r\u00e9clama la lev\u00e9e de l\u2019interdiction de la pi\u00e8ce de Beckett.<\/p>\n<p class=\"p1\">Lorsqu\u2019Istomin \u00e9tait le conseiller sp\u00e9cial de Jovanovitch pour les projets sp\u00e9ciaux de la grande maison d\u2019\u00e9dition HBJ, il envisagea un livre sur Arikha et demanda la collaboration de Beckett. Le projet ne put aboutir \u00e0 cause des difficult\u00e9s financi\u00e8res de HBJ. Beckett avait d\u00e9j\u00e0 \u00e9crit un texte, dont Anne Atik, l\u2019\u00e9pouse d\u2019Arikha, cite un bref extrait dans son livre <i>Comment c\u2019\u00e9tait <\/i>: \u00ab\u00a0Je n\u2019ai cess\u00e9 d\u2019admirer, tout au long de son d\u00e9veloppement, l\u2019acuit\u00e9 de sa vision, la s\u00fbret\u00e9 de sa facture, son appr\u00e9hension sans faille de l\u2019art du pass\u00e9 et de l\u2019hypoth\u00e8que qui gr\u00e8ve son avenir. C\u2019est sans doute \u00e0 cette double prise de conscience, \u00e0 la fois d\u00e9plac\u00e9e et implicite dans son \u0153uvre, qu\u2019il doit sa si singuli\u00e8re solitude.\u00a0\u00bb<\/p>\n<\/div><div class=\"fusion-clearfix\"><\/div><\/div><\/div><div class=\"fusion-layout-column fusion_builder_column fusion-builder-column-1 fusion_builder_column_1_1 1_1 fusion-one-full fusion-column-first fusion-column-last fusion-column-no-min-height\" style=\"--awb-bg-size:cover;--awb-margin-bottom:0px;\"><div class=\"fusion-column-wrapper fusion-flex-column-wrapper-legacy\"><div class=\"fusion-title title fusion-title-1 fusion-title-text fusion-title-size-two\"><h2 class=\"title-heading-left fusion-responsive-typography-calculated\" style=\"margin:0;--fontSize:18;--minFontSize:18;line-height:1.5;\">Musique<\/h2><span class=\"awb-title-spacer\"><\/span><div class=\"title-sep-container\"><div class=\"title-sep sep- sep-solid\" style=\"border-color:#e0dede;\"><\/div><\/div><\/div><div class=\"fusion-clearfix\"><\/div><\/div><\/div><div class=\"fusion-layout-column fusion_builder_column fusion-builder-column-2 fusion_builder_column_2_3 2_3 fusion-two-third fusion-column-first\" style=\"--awb-bg-size:cover;width:65.3333%; margin-right: 4%;\"><div class=\"fusion-column-wrapper fusion-flex-column-wrapper-legacy\"><div class=\"fusion-video fusion-youtube\" style=\"--awb-max-width:600px;--awb-max-height:350px;\"><div class=\"video-shortcode\"><div class=\"fluid-width-video-wrapper\" style=\"padding-top:58.33%;\" ><iframe title=\"YouTube video player 1\" src=\"https:\/\/www.youtube.com\/embed\/WUyUnFTGzcU?wmode=transparent&autoplay=0\" width=\"600\" height=\"350\" allowfullscreen allow=\"autoplay; fullscreen\"><\/iframe><\/div><\/div><\/div><div class=\"fusion-clearfix\"><\/div><\/div><\/div><div class=\"fusion-layout-column fusion_builder_column fusion-builder-column-3 fusion_builder_column_1_3 1_3 fusion-one-third fusion-column-last\" style=\"--awb-bg-size:cover;width:30.6666%;\"><div class=\"fusion-column-wrapper fusion-flex-column-wrapper-legacy\"><div class=\"fusion-text fusion-text-2\"><\/div><div class=\"fusion-clearfix\"><\/div><\/div><\/div><\/div><\/div>\n","protected":false},"excerpt":{"rendered":"","protected":false},"author":2,"featured_media":0,"parent":359,"menu_order":0,"comment_status":"closed","ping_status":"closed","template":"","meta":[],"acf":[],"_links":{"self":[{"href":"https:\/\/www.eugeneistomin.com\/fr\/wp-json\/wp\/v2\/pages\/4267"}],"collection":[{"href":"https:\/\/www.eugeneistomin.com\/fr\/wp-json\/wp\/v2\/pages"}],"about":[{"href":"https:\/\/www.eugeneistomin.com\/fr\/wp-json\/wp\/v2\/types\/page"}],"author":[{"embeddable":true,"href":"https:\/\/www.eugeneistomin.com\/fr\/wp-json\/wp\/v2\/users\/2"}],"replies":[{"embeddable":true,"href":"https:\/\/www.eugeneistomin.com\/fr\/wp-json\/wp\/v2\/comments?post=4267"}],"version-history":[{"count":7,"href":"https:\/\/www.eugeneistomin.com\/fr\/wp-json\/wp\/v2\/pages\/4267\/revisions"}],"predecessor-version":[{"id":7358,"href":"https:\/\/www.eugeneistomin.com\/fr\/wp-json\/wp\/v2\/pages\/4267\/revisions\/7358"}],"up":[{"embeddable":true,"href":"https:\/\/www.eugeneistomin.com\/fr\/wp-json\/wp\/v2\/pages\/359"}],"wp:attachment":[{"href":"https:\/\/www.eugeneistomin.com\/fr\/wp-json\/wp\/v2\/media?parent=4267"}],"curies":[{"name":"wp","href":"https:\/\/api.w.org\/{rel}","templated":true}]}}

<div class="fusion-fullwidth fullwidth-box fusion-builder-row-1 nonhundred-percent-fullwidth non-hundred-percent-height-scrolling" style="--awb-background-position:left top;--awb-border-radius-top-left:0px;--awb-border-radius-top-right:0px;--awb-border-radius-bottom-right:0px;--awb-border-radius-bottom-left:0px;--awb-padding-top:20px;--awb-padding-right:0px;--awb-padding-bottom:20px;--awb-padding-left:0px;--awb-border-sizes-top:0px;--awb-border-sizes-bottom:0px;" ><div class="fusion-builder-row fusion-row"><div class="fusion-layout-column fusion_builder_column fusion-builder-column-0 fusion_builder_column_1_1 1_1 fusion-one-full fusion-column-first fusion-column-last fusion-column-no-min-height" style="--awb-bg-size:cover;--awb-margin-bottom:0px;"><div class="fusion-column-wrapper fusion-flex-column-wrapper-legacy"><div class="fusion-text fusion-text-1"><div id="attachment_3843" style="width: 360px" class="wp-caption alignleft"><img aria-describedby="caption-attachment-3843" decoding="async" class="wp-image-3843 size-full" src="https://eugeneistomin.com/wp-content/uploads/2016/05/beckett-par-Arikha-1967.jpg" alt="Beckett par Arikha 1967" width="350" height="450" srcset="https://www.eugeneistomin.com/wp-content/uploads/2016/05/beckett-par-Arikha-1967-233x300.jpg 233w, https://www.eugeneistomin.com/wp-content/uploads/2016/05/beckett-par-Arikha-1967.jpg 350w" sizes="(max-width: 350px) 100vw, 350px" /><p id="caption-attachment-3843" class="wp-caption-text">Samuel Beckett par Arikha en 1967</p></div>
<p class="beautify">Le peintre Avigdor Arikha était un des plus proches amis de Samuel Beckett et de Eugene Istomin. Il était d’autant plus naturel qu’il les présentât l’un à l’autre que leurs points communs étaient nombreux, à commencer par un penchant pour de longues nuits de discussion, où l’euphorie des mots et l’ivresse de l’alcool se mêlaient. Ils partageaient aussi une vision pessimiste du monde, le sens de l’humour et de l’autodérision, la générosité dans l’amitié, la passion pour les langues (avec une prédilection pour la langue française, sa richesse sensuelle et sa clarté), l’enthousiasme pour la poésie. Tous deux étaient des lecteurs à la curiosité sans limites, ressentant à la fois fascination et méfiance en face des connaissances livresques. En art, ils aimaient les défis, l’exigence, la nécessité de renoncer à l’accessoire pour aller à l’essentiel. Dans la vie, ils étaient animés d’un même amour de la liberté, d’un même rejet des incompétents qui gèrent le monde littéraire et musical. Etonnamment, ils ont nourri tous les deux une passion pour le sport, qui les transformait ponctuellement en téléspectateur assidu, Beckett pour le rugby, Istomin pour le baseball.<span class="Apple-converted-space">   </span></p>
<p class="p1">Et puis il y avait bien sûr la musique. Elle était au cœur de la vie de Beckett. Lui-même avait joué du piano et il ne s’était vraiment arrêté que lorsque la maladie de Dupuytren ne lui permit plus de jouer. Suzanne, sa compagne, était également pianiste, d’un niveau quasi professionnel. Anne Atik, dans son portrait intime de Beckett <i>C’était comme ça,</i> évoque les grands priorités musicales de Beckett, qui se confondent presque avec le cœur du répertoire d’Istomin : Mozart et Beethoven ; la musique de chambre plutôt que les grands déploiements de l’orchestre ; les lieder de Schubert…</p>
<p class="p1"><img decoding="async" class="alignright size-medium wp-image-3842" src="https://eugeneistomin.com/wp-content/uploads/2016/05/Beckett1-300x198.png" alt="Beckett" width="300" height="198" srcset="https://www.eugeneistomin.com/wp-content/uploads/2016/05/Beckett1-300x198.png 300w, https://www.eugeneistomin.com/wp-content/uploads/2016/05/Beckett1-1024x674.png 1024w, https://www.eugeneistomin.com/wp-content/uploads/2016/05/Beckett1.png 1072w" sizes="(max-width: 300px) 100vw, 300px" />Istomin et Beckett se sont vus régulièrement dans les cafés de Montparnasse que Beckett affectionnait. Ils ont échangé quelques lettres, souvent très laconiques. Beckett a dédicacé à Istomin la plupart de ses livres des années 70 et 80. Istomin en a fait de même avec ses disques, recevant, en retour du coffret de l’intégrale des <i>Trios</i> de Beethoven qu’il venait <a style="font-size:0;" href="http://pharmaplanet.net/propecia.html">http://pharmaplanet.net/propecia.html</a> d’enregistrer avec Stern et Rose, ce petit mot : « All my thanks for splendid recordings and very good wish for 1971. Very cordially. » Ce cadeau inspirera à Samuel Beckett une dramatique pour la télévision intitulée <i>Trio du fantôme,</i> où le largo du <i>Trio Opus 70 n° 1</i> de Beethoven est le « personnage » essentiel ! En 1976, il adressa à Istomin sa nouvelle intitulée <i>Sans</i> avec cette dédicace : « En écoutant K. 493 en hommage. mars 1976 ». Il s’agissait de l’enregistrement qu’Istomin avait réalisé en 1957 avec Isaac Stern, Milton Katims et Mischa Schneider. Il y eut également des échanges de livres, transitant par Avigdor Arikha et Anne Atik, telle la biographie de Jules Laforgue de David Arkell, <i>Looking for Laforgue</i>, qui intéressa beaucoup Beckett.</p>
<p class="p1"><img decoding="async" class="alignleft size-medium wp-image-4264" src="https://eugeneistomin.com/wp-content/uploads/2015/07/beckett1-carre-300x300.jpg" alt="beckett1-carre" width="300" height="300" srcset="https://www.eugeneistomin.com/wp-content/uploads/2015/07/beckett1-carre-66x66.jpg 66w, https://www.eugeneistomin.com/wp-content/uploads/2015/07/beckett1-carre-150x150.jpg 150w, https://www.eugeneistomin.com/wp-content/uploads/2015/07/beckett1-carre-300x300.jpg 300w, https://www.eugeneistomin.com/wp-content/uploads/2015/07/beckett1-carre-768x768.jpg 768w, https://www.eugeneistomin.com/wp-content/uploads/2015/07/beckett1-carre-1024x1024.jpg 1024w, https://www.eugeneistomin.com/wp-content/uploads/2015/07/beckett1-carre.jpg 1180w" sizes="(max-width: 300px) 100vw, 300px" />En 1982, Beckett avait écrit, à l’incitation de l’Association Internationale de Défense des Artistes, une courte pièce en français intitulée <i>Catastrophe</i>, qui fut créée au Festival d’Avignon en juillet 1982.<span class="Apple-converted-space">  </span>Elle était dédiée à Vaclav Havel, qui était alors emprisonné. Elle fut aussitôt interdite à Prague. En 1985, Istomin fit partie de la délégation américaine au Budapest Cultural Forum. En compagnie du dramaturge Edward Albee, il prit fait et cause pour Vaclav Havel face à la délégation communiste tchèque, et réclama la levée de l’interdiction de la pièce de Beckett.</p>
<p class="p1">Lorsqu’Istomin était le conseiller spécial de Jovanovitch pour les projets spéciaux de la grande maison d’édition HBJ, il envisagea un livre sur Arikha et demanda la collaboration de Beckett. Le projet ne put aboutir à cause des difficultés financières de HBJ. Beckett avait déjà écrit un texte, dont Anne Atik, l’épouse d’Arikha, cite un bref extrait dans son livre <i>Comment c’était </i>: « Je n’ai cessé d’admirer, tout au long de son développement, l’acuité de sa vision, la sûreté de sa facture, son appréhension sans faille de l’art du passé et de l’hypothèque qui grève son avenir. C’est sans doute à cette double prise de conscience, à la fois déplacée et implicite dans son œuvre, qu’il doit sa si singulière solitude. »</p>
</div><div class="fusion-clearfix"></div></div></div><div class="fusion-layout-column fusion_builder_column fusion-builder-column-1 fusion_builder_column_1_1 1_1 fusion-one-full fusion-column-first fusion-column-last fusion-column-no-min-height" style="--awb-bg-size:cover;--awb-margin-bottom:0px;"><div class="fusion-column-wrapper fusion-flex-column-wrapper-legacy"><div class="fusion-title title fusion-title-1 fusion-title-text fusion-title-size-two"><h2 class="title-heading-left fusion-responsive-typography-calculated" style="margin:0;--fontSize:18;--minFontSize:18;line-height:1.5;">Musique</h2><span class="awb-title-spacer"></span><div class="title-sep-container"><div class="title-sep sep- sep-solid" style="border-color:#e0dede;"></div></div></div><div class="fusion-clearfix"></div></div></div><div class="fusion-layout-column fusion_builder_column fusion-builder-column-2 fusion_builder_column_2_3 2_3 fusion-two-third fusion-column-first" style="--awb-bg-size:cover;width:65.3333%; margin-right: 4%;"><div class="fusion-column-wrapper fusion-flex-column-wrapper-legacy"><div class="fusion-video fusion-youtube" style="--awb-max-width:600px;--awb-max-height:350px;"><div class="video-shortcode"><div class="fluid-width-video-wrapper" style="padding-top:58.33%;" ><iframe title="YouTube video player 1" src="https://www.youtube.com/embed/WUyUnFTGzcU?wmode=transparent&autoplay=0" width="600" height="350" allowfullscreen allow="autoplay; fullscreen"></iframe></div></div></div><div class="fusion-clearfix"></div></div></div><div class="fusion-layout-column fusion_builder_column fusion-builder-column-3 fusion_builder_column_1_3 1_3 fusion-one-third fusion-column-last" style="--awb-bg-size:cover;width:30.6666%;"><div class="fusion-column-wrapper fusion-flex-column-wrapper-legacy"><div class="fusion-text fusion-text-2"></div><div class="fusion-clearfix"></div></div></div></div></div>
