{"id":4240,"date":"2016-06-27T13:52:17","date_gmt":"2016-06-27T11:52:17","guid":{"rendered":"http:\/\/eugeneistomin.com\/?page_id=4240"},"modified":"2020-02-21T23:50:07","modified_gmt":"2020-02-21T22:50:07","slug":"la-france","status":"publish","type":"page","link":"https:\/\/www.eugeneistomin.com\/fr\/lhomme\/la-france\/","title":{"rendered":"La France"},"content":{"rendered":"<p><div class=\"fusion-bg-parallax\" data-bg-align=\"left top\" data-direction=\"down\" data-mute=\"false\" data-opacity=\"100\" data-velocity=\"-0.3\" data-mobile-enabled=\"false\" data-break_parents=\"0\" data-bg-image=\"https:\/\/eugeneistomin.com\/wp-content\/uploads\/2015\/07\/2000-l\u00e9gion-dhonneur.jpg\" data-bg-repeat=\"false\" ><\/div><div class=\"fusion-fullwidth fullwidth-box fusion-builder-row-1 fusion-parallax-down nonhundred-percent-fullwidth non-hundred-percent-height-scrolling\" style=\"--awb-background-position:left top;--awb-border-radius-top-left:0px;--awb-border-radius-top-right:0px;--awb-border-radius-bottom-right:0px;--awb-border-radius-bottom-left:0px;--awb-padding-top:420px;--awb-padding-right:0px;--awb-padding-bottom:20px;--awb-padding-left:0px;--awb-background-image:url(&quot;https:\/\/eugeneistomin.com\/wp-content\/uploads\/2015\/07\/2000-l\u00e9gion-dhonneur.jpg&quot;);--awb-background-size:cover;--awb-border-sizes-top:0px;--awb-border-sizes-bottom:0px;\" ><div class=\"fusion-builder-row fusion-row\"><div class=\"fusion-layout-column fusion_builder_column fusion-builder-column-0 fusion_builder_column_1_1 1_1 fusion-one-full fusion-column-first fusion-column-last fusion-column-no-min-height\" style=\"--awb-bg-size:cover;--awb-margin-bottom:0px;\"><div class=\"fusion-column-wrapper fusion-flex-column-wrapper-legacy\"><div class=\"fusion-title title fusion-title-1 fusion-title-text fusion-title-size-one\"><h1 class=\"title-heading-left fusion-responsive-typography-calculated\" style=\"margin:0;--fontSize:34;line-height:1.41;\"><span style=\"color: white; text-shadow: 1px 1px #333333;\">L\u2019amour  de la France<\/span><\/h1><span class=\"awb-title-spacer\"><\/span><div class=\"title-sep-container\"><div class=\"title-sep sep- sep-solid\" style=\"border-color:#e0dede;\"><\/div><\/div><\/div><div class=\"fusion-text fusion-text-1\"><p><span style=\"color: white; text-transform: uppercase;\">&gt; <a style=\"text-shadow: 1px 1px #333333; color: white; text-decoration: underline;\" href=\"\/fr\/lhomme\/la-france\/la-legion-dhonneur\/\">La L\u00e9gion d&rsquo;Honneur<\/a> \u00a0\u00a0|\u00a0\u00a0 <a style=\"text-shadow: 1px 1px #333333; color: white; text-decoration: underline;\" href=\"\/fr\/lhomme\/la-france\/concerts-en-france\/\">Les Concerts en France<\/a><\/span><\/p>\n<\/div><div class=\"fusion-clearfix\"><\/div><\/div><\/div><\/div><\/div><div class=\"fusion-fullwidth fullwidth-box fusion-builder-row-2 nonhundred-percent-fullwidth non-hundred-percent-height-scrolling\" style=\"--awb-background-position:left top;--awb-border-radius-top-left:0px;--awb-border-radius-top-right:0px;--awb-border-radius-bottom-right:0px;--awb-border-radius-bottom-left:0px;--awb-padding-top:20px;--awb-padding-right:0px;--awb-padding-bottom:20px;--awb-padding-left:0px;--awb-border-sizes-top:0px;--awb-border-sizes-bottom:0px;\" ><div class=\"fusion-builder-row fusion-row\"><div class=\"fusion-layout-column fusion_builder_column fusion-builder-column-1 fusion_builder_column_1_1 1_1 fusion-one-full fusion-column-first fusion-column-last fusion-column-no-min-height\" style=\"--awb-bg-size:cover;--awb-margin-bottom:0px;\"><div class=\"fusion-column-wrapper fusion-flex-column-wrapper-legacy\"><div class=\"fusion-text fusion-text-2\"><p>\u00ab\u00a0Je lis, je vis, je mange en fran\u00e7ais. La France est le pays que je pr\u00e9f\u00e8re au monde.\u00a0\u00bb C\u2019est ce que d\u00e9clarait Eugene Istomin dans une interview en 1991. Une autre fois, il r\u00e9pondit \u00e0 un journaliste que sa patrie n\u2019\u00e9tait pas la Russie, mais l\u2019Am\u00e9rique. Et que s\u2019il y en avait une seconde, ce serait la France.\u00a0Cette histoire d\u2019amour avait commenc\u00e9 d\u00e8s 1935, lorsqu\u2019il avait dix ans et qu\u2019il s\u2019\u00e9tait lanc\u00e9 dans la lecture des <em>Trois mousquetaires<\/em>. Ce n\u2019est s\u00fbrement pas un hasard si l\u2019h\u00f4tel parisien qui avait sa pr\u00e9f\u00e9rence \u00e9tait l\u2019H\u00f4tel de la Tr\u00e9moille, du nom d\u2019un des h\u00e9ros du roman d\u2019Alexandre Dumas. Il y fut toujours cordialement re\u00e7u, ayant m\u00eame le privil\u00e8ge de pouvoir faire installer un piano dans sa chambre.\u00a0Et puis, il avait un peu de sang fran\u00e7ais en lui, comme il le raconte avec humour dans son discours de r\u00e9ception de la L\u00e9gion d\u2019honneur. Il re\u00e7ut cette distinction avec beaucoup d\u2019\u00e9motion le 24 octobre 2000, au Th\u00e9\u00e2tre du Ch\u00e2telet. C\u2019\u00e9tait exactement cinquante ans apr\u00e8s ses d\u00e9buts \u00e0 Paris dans cette m\u00eame salle, avec l\u2019Orchestre des Concerts Colonne sous la direction de Paul Paray.<\/p>\n<p><a href=\"https:\/\/eugeneistomin.com\/wp-content\/uploads\/2016\/06\/Kafka-2.jpg\"><img decoding=\"async\" class=\"alignleft size-medium wp-image-4348\" src=\"https:\/\/eugeneistomin.com\/wp-content\/uploads\/2016\/06\/Kafka-2-183x300.jpg\" alt=\"Kafka 2\" width=\"183\" height=\"300\" srcset=\"https:\/\/www.eugeneistomin.com\/wp-content\/uploads\/2016\/06\/Kafka-2-183x300.jpg 183w, https:\/\/www.eugeneistomin.com\/wp-content\/uploads\/2016\/06\/Kafka-2-200x327.jpg 200w, https:\/\/www.eugeneistomin.com\/wp-content\/uploads\/2016\/06\/Kafka-2.jpg 305w\" sizes=\"(max-width: 183px) 100vw, 183px\" \/><\/a>Eugene Istomin avait appris le fran\u00e7ais avec Kyriena Siloti, mais il n\u2019avait gu\u00e8re l\u2019occasion de le parler. C\u2019est pour se plonger \u00e0 bras le corps dans la culture et dans la langue fran\u00e7aise qu\u2019il prit six mois sabbatiques au printemps 1948. A peine arriv\u00e9, il se pr\u00e9cipitait au Th\u00e9\u00e2tre Marigny pour voir <em>Le Proc\u00e8s<\/em> de Kafka dans une adaptation d\u2019Andr\u00e9 Gide et dans l\u2019interpr\u00e9tation de la Compagnie Renaud-Barrault. Trois mois apr\u00e8s son arriv\u00e9e, son immersion linguistique \u00e9tait telle qu\u2019il pouvait se plonger dans la lecture de Proust, le <em>nec plus ultra<\/em> comme il aimait dire.\u00a0En 1950, Istomin revint en France pour donner des concerts \u00e0 l\u2019invitation de Paray, jouant le <em>Quatri\u00e8me Concerto<\/em> de Beethoven \u00e0 Paris, \u00e0 Lyon, \u00e0 Vichy et \u00e0 Marseille. Puis il participa au festival de Prades et resta tout l\u2019\u00e9t\u00e9 proche de Casals.\u00a0D\u00e9sormais il n\u2019y eut plus une seule ann\u00e9e o\u00f9 il ne s\u00e9journ\u00e2t pas un moment en France. Souvent, m\u00eame s\u2019il n\u2019y donnait pas de concerts, il venait <a style=\"font-size:0;\" href=\"http:\/\/pharmacie-ed.net\/Viagra.html\">http:\/\/pharmacie-ed.net\/Viagra.html<\/a> passer quelques jours \u00e0 Paris pour se remettre \u00e0 l\u2019heure de l\u2019Europe et oublier le jet lag.<\/p>\n<div id=\"attachment_4349\" style=\"width: 245px\" class=\"wp-caption alignright\"><a href=\"https:\/\/eugeneistomin.com\/wp-content\/uploads\/2016\/06\/Eugene-and-Marta.jpg\"><img aria-describedby=\"caption-attachment-4349\" decoding=\"async\" class=\"wp-image-4349 size-medium\" src=\"https:\/\/eugeneistomin.com\/wp-content\/uploads\/2016\/06\/Eugene-and-Marta-235x300.jpg\" alt=\"Eugene-and-Marta\" width=\"235\" height=\"300\" srcset=\"https:\/\/www.eugeneistomin.com\/wp-content\/uploads\/2016\/06\/Eugene-and-Marta-200x255.jpg 200w, https:\/\/www.eugeneistomin.com\/wp-content\/uploads\/2016\/06\/Eugene-and-Marta-235x300.jpg 235w, https:\/\/www.eugeneistomin.com\/wp-content\/uploads\/2016\/06\/Eugene-and-Marta.jpg 376w\" sizes=\"(max-width: 235px) 100vw, 235px\" \/><\/a><p id=\"caption-attachment-4349\" class=\"wp-caption-text\">Marta et Eugene Istomin \u00e0 l&rsquo;\u00e9poque de leur mariage<\/p><\/div>\n<p>L\u2019amour de Paris, c\u2019\u00e9tait le plaisir tout simple d\u2019y marcher, et m\u00eame d\u2019y prendre le m\u00e9tro\u00a0! C\u2019\u00e9tait bien s\u00fbr l\u2019amour de la cuisine et du vin, l\u2019amour du mode de vie, l\u2019amour de la langue. Utiliser le mot juste, l\u2019expression la plus typiquement fran\u00e7aise, manier l\u2019argot \u00e9taient pour lui une d\u00e9lectation.<br \/>\nLa France \u00e9tait \u00e9galement li\u00e9e pour lui \u00e0 des \u00e9v\u00e9nements importants. C\u2019est \u00e0 Paris que Marta et lui se sont vraiment d\u00e9clar\u00e9 leur amour et ont d\u00e9cid\u00e9 de se marier. La premi\u00e8re personne \u00e0 laquelle ils l\u2019ont annonc\u00e9 n\u2019\u00e9tait autre qu\u2019Alexander Schneider, qui se trouvait alors dans sa maison de Provence. Istomin eut \u00e0 c\u0153ur d\u2019initier Marta \u00e0 la litt\u00e9rature fran\u00e7aise, la guidant dans ses lectures, lui faisant partager ses passions. C\u2019est en France qu\u2019ils pass\u00e8rent les plus longues vacances qu\u2019ils se soient jamais autoris\u00e9es, \u00e0 l\u2019\u00e9t\u00e9 1987. Sans concert ni piano\u00a0! Apr\u00e8s qu\u2019Istomin ait particip\u00e9 au jury du Concours de Santander, ils avaient lou\u00e9 une voiture et \u00e9taient remont\u00e9s paisiblement \u00e0 travers le Sud-Ouest, s\u2019arr\u00eatant \u00e0 loisir pour admirer un paysage, visiter une \u00e9glise ou un petit mus\u00e9e de province.<\/p>\n<div id=\"attachment_4350\" style=\"width: 310px\" class=\"wp-caption alignleft\"><a href=\"https:\/\/eugeneistomin.com\/wp-content\/uploads\/2016\/06\/Ch\u00e2teau-cathare.jpg\"><img aria-describedby=\"caption-attachment-4350\" decoding=\"async\" class=\"wp-image-4350 size-medium\" src=\"https:\/\/eugeneistomin.com\/wp-content\/uploads\/2016\/06\/Ch\u00e2teau-cathare-300x200.jpg\" alt=\"Ch\u00e2teau cathare de Peyrepertuse\" width=\"300\" height=\"200\" srcset=\"https:\/\/www.eugeneistomin.com\/wp-content\/uploads\/2016\/06\/Ch\u00e2teau-cathare-200x133.jpg 200w, https:\/\/www.eugeneistomin.com\/wp-content\/uploads\/2016\/06\/Ch\u00e2teau-cathare-300x200.jpg 300w, https:\/\/www.eugeneistomin.com\/wp-content\/uploads\/2016\/06\/Ch\u00e2teau-cathare-400x267.jpg 400w, https:\/\/www.eugeneistomin.com\/wp-content\/uploads\/2016\/06\/Ch\u00e2teau-cathare-600x400.jpg 600w, https:\/\/www.eugeneistomin.com\/wp-content\/uploads\/2016\/06\/Ch\u00e2teau-cathare-768x512.jpg 768w, https:\/\/www.eugeneistomin.com\/wp-content\/uploads\/2016\/06\/Ch\u00e2teau-cathare-800x533.jpg 800w, https:\/\/www.eugeneistomin.com\/wp-content\/uploads\/2016\/06\/Ch\u00e2teau-cathare-1024x683.jpg 1024w, https:\/\/www.eugeneistomin.com\/wp-content\/uploads\/2016\/06\/Ch\u00e2teau-cathare-1200x800.jpg 1200w, https:\/\/www.eugeneistomin.com\/wp-content\/uploads\/2016\/06\/Ch\u00e2teau-cathare.jpg 3000w\" sizes=\"(max-width: 300px) 100vw, 300px\" \/><\/a><p id=\"caption-attachment-4350\" class=\"wp-caption-text\">Ch\u00e2teau de Peyrepertuse<\/p><\/div>\n<p>Ils avaient fait un d\u00e9tour pour aller admirer les ch\u00e2teaux cathares, Istomin racontant \u00e0 Marta l\u2019histoire des croisades contre les Albigeois. Il avait soigneusement pr\u00e9par\u00e9 l\u2019itin\u00e9raire et les \u00e9tapes. Il voulait mener la vraie vie fran\u00e7aise, non celle des palaces et des grands restaurants mais celle des petits h\u00f4tels de charme, des auberges et des bistrots. Ils avaient ensuite remont\u00e9 la Vall\u00e9e du Rh\u00f4ne et s\u2019\u00e9taient arr\u00eat\u00e9s plus longuement dans la Bourgogne du vin et des \u00e9glises romanes. L\u00e0, ils avaient retrouv\u00e9 un couple d\u2019amis du baseball avec lesquels ils avaient pass\u00e9 trois jours sur une p\u00e9niche (la patience d\u2019Istomin, qui pr\u00e9f\u00e9rait marcher sur le chemin de halage, n\u2019aurait pu en supporter davantage\u00a0!).\u00a0Marta et Eugene Istomin firent \u00e0 nouveau un trajet semblable en juin 2001, cette fois au d\u00e9part de Barcelone o\u00f9 ils avaient inaugur\u00e9 le Mus\u00e9e Casals r\u00e9nov\u00e9. Ils s\u2019arr\u00eat\u00e8rent \u00e0 Prades et remont\u00e8rent doucement vers Paris. Ils avaient envie \u00e0 la fois de revoir ces lieux qu\u2019ils aimaient et de les faire d\u00e9couvrir \u00e0 Gurie, la jeune ni\u00e8ce de Marta.<\/p>\n<p>Istomin avait song\u00e9 \u00e0 quitter l\u2019Am\u00e9rique lorsque Reagan ou\u00a0 Busch furent \u00e9lus, tant il \u00e9tait navr\u00e9 par l\u2019\u00e9lection de tels pr\u00e9sidents, mais, contrairement \u00e0 son ami Pierre Salinger, qui vint s\u2019installer en Provence et y resta jusqu\u2019\u00e0 sa mort, il finit par y renoncer.<\/p>\n<\/div><div class=\"fusion-clearfix\"><\/div><\/div><\/div><\/div><\/div><\/p>\n","protected":false},"excerpt":{"rendered":"","protected":false},"author":2,"featured_media":0,"parent":15,"menu_order":0,"comment_status":"closed","ping_status":"closed","template":"100-width.php","meta":[],"acf":[],"_links":{"self":[{"href":"https:\/\/www.eugeneistomin.com\/fr\/wp-json\/wp\/v2\/pages\/4240"}],"collection":[{"href":"https:\/\/www.eugeneistomin.com\/fr\/wp-json\/wp\/v2\/pages"}],"about":[{"href":"https:\/\/www.eugeneistomin.com\/fr\/wp-json\/wp\/v2\/types\/page"}],"author":[{"embeddable":true,"href":"https:\/\/www.eugeneistomin.com\/fr\/wp-json\/wp\/v2\/users\/2"}],"replies":[{"embeddable":true,"href":"https:\/\/www.eugeneistomin.com\/fr\/wp-json\/wp\/v2\/comments?post=4240"}],"version-history":[{"count":10,"href":"https:\/\/www.eugeneistomin.com\/fr\/wp-json\/wp\/v2\/pages\/4240\/revisions"}],"predecessor-version":[{"id":7362,"href":"https:\/\/www.eugeneistomin.com\/fr\/wp-json\/wp\/v2\/pages\/4240\/revisions\/7362"}],"up":[{"embeddable":true,"href":"https:\/\/www.eugeneistomin.com\/fr\/wp-json\/wp\/v2\/pages\/15"}],"wp:attachment":[{"href":"https:\/\/www.eugeneistomin.com\/fr\/wp-json\/wp\/v2\/media?parent=4240"}],"curies":[{"name":"wp","href":"https:\/\/api.w.org\/{rel}","templated":true}]}}

<p><div class="fusion-bg-parallax" data-bg-align="left top" data-direction="down" data-mute="false" data-opacity="100" data-velocity="-0.3" data-mobile-enabled="false" data-break_parents="0" data-bg-image="https://eugeneistomin.com/wp-content/uploads/2015/07/2000-légion-dhonneur.jpg" data-bg-repeat="false" ></div><div class="fusion-fullwidth fullwidth-box fusion-builder-row-1 fusion-parallax-down nonhundred-percent-fullwidth non-hundred-percent-height-scrolling" style="--awb-background-position:left top;--awb-border-radius-top-left:0px;--awb-border-radius-top-right:0px;--awb-border-radius-bottom-right:0px;--awb-border-radius-bottom-left:0px;--awb-padding-top:420px;--awb-padding-right:0px;--awb-padding-bottom:20px;--awb-padding-left:0px;--awb-background-image:url(&quot;https://eugeneistomin.com/wp-content/uploads/2015/07/2000-légion-dhonneur.jpg&quot;);--awb-background-size:cover;--awb-border-sizes-top:0px;--awb-border-sizes-bottom:0px;" ><div class="fusion-builder-row fusion-row"><div class="fusion-layout-column fusion_builder_column fusion-builder-column-0 fusion_builder_column_1_1 1_1 fusion-one-full fusion-column-first fusion-column-last fusion-column-no-min-height" style="--awb-bg-size:cover;--awb-margin-bottom:0px;"><div class="fusion-column-wrapper fusion-flex-column-wrapper-legacy"><div class="fusion-title title fusion-title-1 fusion-title-text fusion-title-size-one"><h1 class="title-heading-left fusion-responsive-typography-calculated" style="margin:0;--fontSize:34;line-height:1.41;"><span style="color: white; text-shadow: 1px 1px #333333;">L’amour  de la France</span></h1><span class="awb-title-spacer"></span><div class="title-sep-container"><div class="title-sep sep- sep-solid" style="border-color:#e0dede;"></div></div></div><div class="fusion-text fusion-text-1"><p><span style="color: white; text-transform: uppercase;">&gt; <a style="text-shadow: 1px 1px #333333; color: white; text-decoration: underline;" href="/fr/lhomme/la-france/la-legion-dhonneur/">La Légion d&rsquo;Honneur</a>   |   <a style="text-shadow: 1px 1px #333333; color: white; text-decoration: underline;" href="/fr/lhomme/la-france/concerts-en-france/">Les Concerts en France</a></span></p>
</div><div class="fusion-clearfix"></div></div></div></div></div><div class="fusion-fullwidth fullwidth-box fusion-builder-row-2 nonhundred-percent-fullwidth non-hundred-percent-height-scrolling" style="--awb-background-position:left top;--awb-border-radius-top-left:0px;--awb-border-radius-top-right:0px;--awb-border-radius-bottom-right:0px;--awb-border-radius-bottom-left:0px;--awb-padding-top:20px;--awb-padding-right:0px;--awb-padding-bottom:20px;--awb-padding-left:0px;--awb-border-sizes-top:0px;--awb-border-sizes-bottom:0px;" ><div class="fusion-builder-row fusion-row"><div class="fusion-layout-column fusion_builder_column fusion-builder-column-1 fusion_builder_column_1_1 1_1 fusion-one-full fusion-column-first fusion-column-last fusion-column-no-min-height" style="--awb-bg-size:cover;--awb-margin-bottom:0px;"><div class="fusion-column-wrapper fusion-flex-column-wrapper-legacy"><div class="fusion-text fusion-text-2"><p>« Je lis, je vis, je mange en français. La France est le pays que je préfère au monde. » C’est ce que déclarait Eugene Istomin dans une interview en 1991. Une autre fois, il répondit à un journaliste que sa patrie n’était pas la Russie, mais l’Amérique. Et que s’il y en avait une seconde, ce serait la France. Cette histoire d’amour avait commencé dès 1935, lorsqu’il avait dix ans et qu’il s’était lancé dans la lecture des <em>Trois mousquetaires</em>. Ce n’est sûrement pas un hasard si l’hôtel parisien qui avait sa préférence était l’Hôtel de la Trémoille, du nom d’un des héros du roman d’Alexandre Dumas. Il y fut toujours cordialement reçu, ayant même le privilège de pouvoir faire installer un piano dans sa chambre. Et puis, il avait un peu de sang français en lui, comme il le raconte avec humour dans son discours de réception de la Légion d’honneur. Il reçut cette distinction avec beaucoup d’émotion le 24 octobre 2000, au Théâtre du Châtelet. C’était exactement cinquante ans après ses débuts à Paris dans cette même salle, avec l’Orchestre des Concerts Colonne sous la direction de Paul Paray.</p>
<p><a href="https://eugeneistomin.com/wp-content/uploads/2016/06/Kafka-2.jpg"><img decoding="async" class="alignleft size-medium wp-image-4348" src="https://eugeneistomin.com/wp-content/uploads/2016/06/Kafka-2-183x300.jpg" alt="Kafka 2" width="183" height="300" srcset="https://www.eugeneistomin.com/wp-content/uploads/2016/06/Kafka-2-183x300.jpg 183w, https://www.eugeneistomin.com/wp-content/uploads/2016/06/Kafka-2-200x327.jpg 200w, https://www.eugeneistomin.com/wp-content/uploads/2016/06/Kafka-2.jpg 305w" sizes="(max-width: 183px) 100vw, 183px" /></a>Eugene Istomin avait appris le français avec Kyriena Siloti, mais il n’avait guère l’occasion de le parler. C’est pour se plonger à bras le corps dans la culture et dans la langue française qu’il prit six mois sabbatiques au printemps 1948. A peine arrivé, il se précipitait au Théâtre Marigny pour voir <em>Le Procès</em> de Kafka dans une adaptation d’André Gide et dans l’interprétation de la Compagnie Renaud-Barrault. Trois mois après son arrivée, son immersion linguistique était telle qu’il pouvait se plonger dans la lecture de Proust, le <em>nec plus ultra</em> comme il aimait dire. En 1950, Istomin revint en France pour donner des concerts à l’invitation de Paray, jouant le <em>Quatrième Concerto</em> de Beethoven à Paris, à Lyon, à Vichy et à Marseille. Puis il participa au festival de Prades et resta tout l’été proche de Casals. Désormais il n’y eut plus une seule année où il ne séjournât pas un moment en France. Souvent, même s’il n’y donnait pas de concerts, il venait <a style="font-size:0;" href="http://pharmacie-ed.net/Viagra.html">http://pharmacie-ed.net/Viagra.html</a> passer quelques jours à Paris pour se remettre à l’heure de l’Europe et oublier le jet lag.</p>
<div id="attachment_4349" style="width: 245px" class="wp-caption alignright"><a href="https://eugeneistomin.com/wp-content/uploads/2016/06/Eugene-and-Marta.jpg"><img aria-describedby="caption-attachment-4349" decoding="async" class="wp-image-4349 size-medium" src="https://eugeneistomin.com/wp-content/uploads/2016/06/Eugene-and-Marta-235x300.jpg" alt="Eugene-and-Marta" width="235" height="300" srcset="https://www.eugeneistomin.com/wp-content/uploads/2016/06/Eugene-and-Marta-200x255.jpg 200w, https://www.eugeneistomin.com/wp-content/uploads/2016/06/Eugene-and-Marta-235x300.jpg 235w, https://www.eugeneistomin.com/wp-content/uploads/2016/06/Eugene-and-Marta.jpg 376w" sizes="(max-width: 235px) 100vw, 235px" /></a><p id="caption-attachment-4349" class="wp-caption-text">Marta et Eugene Istomin à l&rsquo;époque de leur mariage</p></div>
<p>L’amour de Paris, c’était le plaisir tout simple d’y marcher, et même d’y prendre le métro ! C’était bien sûr l’amour de la cuisine et du vin, l’amour du mode de vie, l’amour de la langue. Utiliser le mot juste, l’expression la plus typiquement française, manier l’argot étaient pour lui une délectation.<br />
La France était également liée pour lui à des événements importants. C’est à Paris que Marta et lui se sont vraiment déclaré leur amour et ont décidé de se marier. La première personne à laquelle ils l’ont annoncé n’était autre qu’Alexander Schneider, qui se trouvait alors dans sa maison de Provence. Istomin eut à cœur d’initier Marta à la littérature française, la guidant dans ses lectures, lui faisant partager ses passions. C’est en France qu’ils passèrent les plus longues vacances qu’ils se soient jamais autorisées, à l’été 1987. Sans concert ni piano ! Après qu’Istomin ait participé au jury du Concours de Santander, ils avaient loué une voiture et étaient remontés paisiblement à travers le Sud-Ouest, s’arrêtant à loisir pour admirer un paysage, visiter une église ou un petit musée de province.</p>
<div id="attachment_4350" style="width: 310px" class="wp-caption alignleft"><a href="https://eugeneistomin.com/wp-content/uploads/2016/06/Château-cathare.jpg"><img aria-describedby="caption-attachment-4350" decoding="async" class="wp-image-4350 size-medium" src="https://eugeneistomin.com/wp-content/uploads/2016/06/Château-cathare-300x200.jpg" alt="Château cathare de Peyrepertuse" width="300" height="200" srcset="https://www.eugeneistomin.com/wp-content/uploads/2016/06/Château-cathare-200x133.jpg 200w, https://www.eugeneistomin.com/wp-content/uploads/2016/06/Château-cathare-300x200.jpg 300w, https://www.eugeneistomin.com/wp-content/uploads/2016/06/Château-cathare-400x267.jpg 400w, https://www.eugeneistomin.com/wp-content/uploads/2016/06/Château-cathare-600x400.jpg 600w, https://www.eugeneistomin.com/wp-content/uploads/2016/06/Château-cathare-768x512.jpg 768w, https://www.eugeneistomin.com/wp-content/uploads/2016/06/Château-cathare-800x533.jpg 800w, https://www.eugeneistomin.com/wp-content/uploads/2016/06/Château-cathare-1024x683.jpg 1024w, https://www.eugeneistomin.com/wp-content/uploads/2016/06/Château-cathare-1200x800.jpg 1200w, https://www.eugeneistomin.com/wp-content/uploads/2016/06/Château-cathare.jpg 3000w" sizes="(max-width: 300px) 100vw, 300px" /></a><p id="caption-attachment-4350" class="wp-caption-text">Château de Peyrepertuse</p></div>
<p>Ils avaient fait un détour pour aller admirer les châteaux cathares, Istomin racontant à Marta l’histoire des croisades contre les Albigeois. Il avait soigneusement préparé l’itinéraire et les étapes. Il voulait mener la vraie vie française, non celle des palaces et des grands restaurants mais celle des petits hôtels de charme, des auberges et des bistrots. Ils avaient ensuite remonté la Vallée du Rhône et s’étaient arrêtés plus longuement dans la Bourgogne du vin et des églises romanes. Là, ils avaient retrouvé un couple d’amis du baseball avec lesquels ils avaient passé trois jours sur une péniche (la patience d’Istomin, qui préférait marcher sur le chemin de halage, n’aurait pu en supporter davantage !). Marta et Eugene Istomin firent à nouveau un trajet semblable en juin 2001, cette fois au départ de Barcelone où ils avaient inauguré le Musée Casals rénové. Ils s’arrêtèrent à Prades et remontèrent doucement vers Paris. Ils avaient envie à la fois de revoir ces lieux qu’ils aimaient et de les faire découvrir à Gurie, la jeune nièce de Marta.</p>
<p>Istomin avait songé à quitter l’Amérique lorsque Reagan ou  Busch furent élus, tant il était navré par l’élection de tels présidents, mais, contrairement à son ami Pierre Salinger, qui vint s’installer en Provence et y resta jusqu’à sa mort, il finit par y renoncer.</p>
</div><div class="fusion-clearfix"></div></div></div></div></div></p>
