{"id":1741,"date":"2015-12-15T20:16:37","date_gmt":"2015-12-15T19:16:37","guid":{"rendered":"http:\/\/eugeneistomin.com\/?page_id=1741"},"modified":"2020-02-21T23:50:42","modified_gmt":"2020-02-21T22:50:42","slug":"sergiu-comissiona","status":"publish","type":"page","link":"https:\/\/www.eugeneistomin.com\/fr\/grandes-collaborations-musicales\/chefs-dorchestre\/sergiu-comissiona\/","title":{"rendered":"Sergiu Comissiona"},"content":{"rendered":"<div class=\"fusion-fullwidth fullwidth-box fusion-builder-row-1 hundred-percent-fullwidth non-hundred-percent-height-scrolling\" style=\"--awb-border-radius-top-left:0px;--awb-border-radius-top-right:0px;--awb-border-radius-bottom-right:0px;--awb-border-radius-bottom-left:0px;--awb-overflow:visible;\" ><div class=\"fusion-builder-row fusion-row\"><div class=\"fusion-layout-column fusion_builder_column fusion-builder-column-0 fusion_builder_column_1_1 1_1 fusion-one-full fusion-column-first fusion-column-last fusion-column-no-min-height\" style=\"--awb-bg-size:cover;--awb-margin-bottom:0px;\"><div class=\"fusion-column-wrapper fusion-flex-column-wrapper-legacy\"><div class=\"fusion-text fusion-text-1\"><div id=\"attachment_3438\" style=\"width: 273px\" class=\"wp-caption alignleft\"><a href=\"https:\/\/eugeneistomin.com\/wp-content\/uploads\/2015\/12\/Comissiona-2-Ulster.jpg\"><img aria-describedby=\"caption-attachment-3438\" decoding=\"async\" class=\"size-medium wp-image-3438\" src=\"https:\/\/eugeneistomin.com\/wp-content\/uploads\/2015\/12\/Comissiona-2-Ulster-263x300.jpg\" alt=\"Sergiu Comissiona \u00e0 la fin des ann\u00e9es 60\" width=\"263\" height=\"300\" srcset=\"https:\/\/www.eugeneistomin.com\/wp-content\/uploads\/2015\/12\/Comissiona-2-Ulster-263x300.jpg 263w, https:\/\/www.eugeneistomin.com\/wp-content\/uploads\/2015\/12\/Comissiona-2-Ulster.jpg 516w\" sizes=\"(max-width: 263px) 100vw, 263px\" \/><\/a><p id=\"caption-attachment-3438\" class=\"wp-caption-text\">Sergiu Comissiona \u00e0 la fin des ann\u00e9es 60<\/p><\/div>\n<p>Sergiu Comissiona, n\u00e9 en 1928, \u00e9tait un chef roumain qui avait \u00e9migr\u00e9 en Isra\u00ebl en 1959. Clara Haskil contribua \u00e0 le faire mieux conna\u00eetre en Europe et il commen\u00e7a sa carri\u00e8re am\u00e9ricaine en 1965 avec l\u2019Orchestre de Philadelphie. Il fut le directeur musical de l\u2019Orchestre Symphonique de Baltimore de 1969 \u00e0 1984 et fit de cet orchestre de second plan, une phalange de niveau international.<\/p>\n<p>Dans son autobiographie, <em>My Nine Lives<\/em>, Leon Fleisher fait de l\u2019homme un portrait tr\u00e8s attachant\u00a0:\u00a0\u00a0 \u00ab\u00a0Comissiona \u00e9tait un acteur n\u00e9. Le th\u00e9\u00e2tre a perdu un grand talent lorsqu\u2019il est devenu chef d\u2019orchestre. Il avait le corps d\u2019un danseur, bougeant sur l\u2019estrade comme un chat qui danserait un ballet dans un dessin anim\u00e9. Il \u00e9tait aussi un grand mime, qui aurait fait de la concurrence \u00e0 Marcel Marceau. Il parlait anglais avec un fort accent roumain, mais pour raconter ses histoires il se servait de toutes les parties de son corps\u00a0: des mains, des l\u00e8vres, de ses yeux vifs, de ses sourcils auxquels on \u00e9tait comme suspendus. Et quelles histoires\u00a0! C\u2019\u00e9tait un conteur qui nous faisait rire comme des fous.\u00a0\u00bb<\/p>\n<div id=\"attachment_3277\" style=\"width: 220px\" class=\"wp-caption alignright\"><a href=\"https:\/\/eugeneistomin.com\/wp-content\/uploads\/2016\/03\/Comissiona-1.jpg\"><img aria-describedby=\"caption-attachment-3277\" decoding=\"async\" class=\"size-medium wp-image-3277\" src=\"https:\/\/eugeneistomin.com\/wp-content\/uploads\/2016\/03\/Comissiona-1-210x300.jpg\" alt=\"Sergiu Comissiona \u00e0 la fin des ann\u00e9es 80 \" width=\"210\" height=\"300\" srcset=\"https:\/\/www.eugeneistomin.com\/wp-content\/uploads\/2016\/03\/Comissiona-1-210x300.jpg 210w, https:\/\/www.eugeneistomin.com\/wp-content\/uploads\/2016\/03\/Comissiona-1.jpg 596w\" sizes=\"(max-width: 210px) 100vw, 210px\" \/><\/a><p id=\"caption-attachment-3277\" class=\"wp-caption-text\">Sergiu Comissiona \u00e0 la fin des ann\u00e9es 80<\/p><\/div>\n<p>Fleisher, qui fut son assistant \u00e0 Baltimore, poursuit en \u00e9voquant le musicien\u00a0: \u00ab\u00a0Il \u00e9tait aussi un chef d\u2019orchestre extraordinaire. Sans que cela n\u2019ait rien de p\u00e9joratif, je dirai qu\u2019il \u00e9tait le meilleur chef pour la musique de deuxi\u00e8me ordre que j\u2019aie jamais connu. Il avait quelques probl\u00e8mes avec ses interpr\u00e9tations de Beethoven et de Brahms, qui n\u2019ont jamais atteint les sommets que d\u2019autres atteignaient. Mais dans tout ce qui n\u2019\u00e9tait pas le grand r\u00e9pertoire germanique, il pouvait se montrer vraiment inspir\u00e9. Il \u00e9tait un excellent technicien, qui savait parfaitement ce qu\u2019il fallait faire. Il avait investi toute son \u00e9nergie, son inspiration et son talent dans son travail avec l\u2019Orchestre Symphonique de Baltimore. Avec lui, ils firent leur premier disque et partirent pour la premi\u00e8re fois en tourn\u00e9e en Europe. Sergiu ne cessa d\u2019insister, disant qu\u2019il ne serait pas satisfait tant que l\u2019orchestre, qui se produisait \u00e0 l\u2019Op\u00e9ra, n\u2019aurait pas sa salle de concert bien \u00e0 lui.\u00a0\u00bb\u00a0 Sergiu Comissiona finit par avoir gain de cause, et le 16 septembre 1982, une magnifique salle de concerts de 2500 places fut inaugur\u00e9e, le <em>Joseph Meyerhoff Concert Hall<\/em>, du nom du richissime Baltimorien qui la finan\u00e7a en bonne partie.<\/p>\n<p>Dans une interview de 1987, Comissiona avait d\u00e9clar\u00e9\u00a0: \u00ab\u00a0Je suis un chef d\u2019orchestre am\u00e9ricain, en d\u00e9pit de mon accent. J\u2019adore la musique fran\u00e7aise, la musique allemande, la musique russe. C\u2019est pourquoi je suis rest\u00e9 tr\u00e8s jeune. Je n\u2019ai pas honte d\u2019adorer la musique\u00a0\u00bb.\u00a0Eugene Istomin donna plus d\u2019une vingtaine de concerts sous la direction de Sergiu Comissiona, toujours en parfaite entente musicale et humaine. Comme son ami Fleisher, il appr\u00e9ciait beaucoup cet homme plein d\u2019humour certes, mais qui se distinguait aussi par sa grande culture et par son extr\u00eame courtoisie. Comissiona avait toujours fait passer son amour de la musique avant le carri\u00e9risme, et pour Istomin, c\u2019\u00e9tait la seule raison pour laquelle on ne lui avait pas propos\u00e9 la direction musicale des plus prestigieux orchestres.<\/p>\n<\/div><div class=\"fusion-clearfix\"><\/div><\/div><\/div><div class=\"fusion-layout-column fusion_builder_column fusion-builder-column-1 fusion_builder_column_1_1 1_1 fusion-one-full fusion-column-first fusion-column-last fusion-column-no-min-height\" style=\"--awb-bg-size:cover;--awb-margin-bottom:0px;\"><div class=\"fusion-column-wrapper fusion-flex-column-wrapper-legacy\"><div class=\"fusion-title title fusion-title-1 fusion-title-text fusion-title-size-two\"><h2 class=\"title-heading-left fusion-responsive-typography-calculated\" style=\"margin:0;--fontSize:18;--minFontSize:18;line-height:1.5;\"><strong>Quelques concerts<\/strong><\/h2><span class=\"awb-title-spacer\"><\/span><div class=\"title-sep-container\"><div class=\"title-sep sep-double sep-solid\" style=\"border-color:#e0dede;\"><\/div><\/div><\/div><div class=\"fusion-text fusion-text-2\"><p><strong>1969<\/strong>. Frederick (Maryland). <strong>Mozart<\/strong>, Concerto n\u00b0 24. Baltimore Symphony.<br \/>\n<strong>1971<\/strong>, 14 &amp; 16 mars. Buffalo. <strong>Schumann<\/strong>, Concerto. Buffalo Philharmonic.<br \/>\n<strong>1974<\/strong>, 2 ao\u00fbt. Saratoga. <strong>Schumann<\/strong>, Concerto. Philadelphia Orchestra. <em>Concert enregistr\u00e9.<\/em><br \/>\n<strong>1977<\/strong>, 29 juillet. Temple University. <strong>Beethoven<\/strong>, Concerto n\u00b0 5. Pittsburgh Symphony.<br \/>\n<strong>1977<\/strong>, 19 octobre. Baltimore Lyric Theater. <strong>Beethoven<\/strong>, Concerto n\u00b0 3. Baltimore Symphony<br \/>\n<strong>1978<\/strong>, 15 juillet. Temple University. <strong>Beethoven<\/strong>, Concerto n\u00b0 3. Pittsburgh Symphony.<br \/>\n<strong>1979<\/strong>, 3 ao\u00fbt. Temple University. <strong>Brahms<\/strong>, Concerto n\u00b0 2. Pittsburgh Symphony.<br \/>\n<strong>1980<\/strong>, 13 et 14 septembre. <strong>Brahms<\/strong>, Concerto n\u00b0 2. Houston Symphony. <em>Concert enregistr\u00e9.<\/em><\/p>\n<p>Dates avec le Baltimore Symphony et d\u2019autres orchestres indisponibles. Aucun enregistrement accessible pour le moment.<\/p>\n<\/div><div class=\"fusion-clearfix\"><\/div><\/div><\/div><div class=\"fusion-layout-column fusion_builder_column fusion-builder-column-2 fusion_builder_column_1_1 1_1 fusion-one-full fusion-column-first fusion-column-last fusion-column-no-min-height\" style=\"--awb-bg-size:cover;--awb-margin-bottom:0px;\"><div class=\"fusion-column-wrapper fusion-flex-column-wrapper-legacy\"><div class=\"fusion-title title fusion-title-2 fusion-title-text fusion-title-size-two\"><h2 class=\"title-heading-left fusion-responsive-typography-calculated\" style=\"margin:0;--fontSize:18;--minFontSize:18;line-height:1.5;\">Document<\/h2><span class=\"awb-title-spacer\"><\/span><div class=\"title-sep-container\"><div class=\"title-sep sep-double sep-solid\" style=\"border-color:#e0dede;\"><\/div><\/div><\/div><div class=\"fusion-text fusion-text-3\"><p>Sergiu Comissiona, \u00e0 la t\u00eate de l&rsquo;Orchestre de la Radio T\u00e9l\u00e9vision Espagnole,\u00a0dirige le dernier mouvement de la <em>Quatri\u00e8me Symphonie<\/em> de Brahms. En sous-titres (en espagnol), des commentaires sur la construction de l&rsquo;\u0153uvre.<\/p>\n<\/div><div class=\"fusion-clearfix\"><\/div><\/div><\/div><div class=\"fusion-layout-column fusion_builder_column fusion-builder-column-3 fusion_builder_column_1_1 1_1 fusion-one-full fusion-column-first fusion-column-last fusion-column-no-min-height\" style=\"--awb-bg-size:cover;--awb-margin-bottom:0px;\"><div class=\"fusion-column-wrapper fusion-flex-column-wrapper-legacy\"><div class=\"fusion-video fusion-youtube\" style=\"--awb-max-width:600px;--awb-max-height:350px;\"><div class=\"video-shortcode\"><div class=\"fluid-width-video-wrapper\" style=\"padding-top:58.33%;\" ><iframe title=\"YouTube video player 1\" src=\"https:\/\/www.youtube.com\/embed\/ZM8MzPe8o64?wmode=transparent&autoplay=0\" width=\"600\" height=\"350\" allowfullscreen allow=\"autoplay; fullscreen\"><\/iframe><\/div><\/div><\/div><div class=\"fusion-clearfix\"><\/div><\/div><\/div><\/div><\/div>\n","protected":false},"excerpt":{"rendered":"","protected":false},"author":1,"featured_media":0,"parent":380,"menu_order":0,"comment_status":"open","ping_status":"open","template":"","meta":[],"acf":[],"_links":{"self":[{"href":"https:\/\/www.eugeneistomin.com\/fr\/wp-json\/wp\/v2\/pages\/1741"}],"collection":[{"href":"https:\/\/www.eugeneistomin.com\/fr\/wp-json\/wp\/v2\/pages"}],"about":[{"href":"https:\/\/www.eugeneistomin.com\/fr\/wp-json\/wp\/v2\/types\/page"}],"author":[{"embeddable":true,"href":"https:\/\/www.eugeneistomin.com\/fr\/wp-json\/wp\/v2\/users\/1"}],"replies":[{"embeddable":true,"href":"https:\/\/www.eugeneistomin.com\/fr\/wp-json\/wp\/v2\/comments?post=1741"}],"version-history":[{"count":10,"href":"https:\/\/www.eugeneistomin.com\/fr\/wp-json\/wp\/v2\/pages\/1741\/revisions"}],"predecessor-version":[{"id":7518,"href":"https:\/\/www.eugeneistomin.com\/fr\/wp-json\/wp\/v2\/pages\/1741\/revisions\/7518"}],"up":[{"embeddable":true,"href":"https:\/\/www.eugeneistomin.com\/fr\/wp-json\/wp\/v2\/pages\/380"}],"wp:attachment":[{"href":"https:\/\/www.eugeneistomin.com\/fr\/wp-json\/wp\/v2\/media?parent=1741"}],"curies":[{"name":"wp","href":"https:\/\/api.w.org\/{rel}","templated":true}]}}

<div class="fusion-fullwidth fullwidth-box fusion-builder-row-1 hundred-percent-fullwidth non-hundred-percent-height-scrolling" style="--awb-border-radius-top-left:0px;--awb-border-radius-top-right:0px;--awb-border-radius-bottom-right:0px;--awb-border-radius-bottom-left:0px;--awb-overflow:visible;" ><div class="fusion-builder-row fusion-row"><div class="fusion-layout-column fusion_builder_column fusion-builder-column-0 fusion_builder_column_1_1 1_1 fusion-one-full fusion-column-first fusion-column-last fusion-column-no-min-height" style="--awb-bg-size:cover;--awb-margin-bottom:0px;"><div class="fusion-column-wrapper fusion-flex-column-wrapper-legacy"><div class="fusion-text fusion-text-1"><div id="attachment_3438" style="width: 273px" class="wp-caption alignleft"><a href="https://eugeneistomin.com/wp-content/uploads/2015/12/Comissiona-2-Ulster.jpg"><img aria-describedby="caption-attachment-3438" decoding="async" class="size-medium wp-image-3438" src="https://eugeneistomin.com/wp-content/uploads/2015/12/Comissiona-2-Ulster-263x300.jpg" alt="Sergiu Comissiona à la fin des années 60" width="263" height="300" srcset="https://www.eugeneistomin.com/wp-content/uploads/2015/12/Comissiona-2-Ulster-263x300.jpg 263w, https://www.eugeneistomin.com/wp-content/uploads/2015/12/Comissiona-2-Ulster.jpg 516w" sizes="(max-width: 263px) 100vw, 263px" /></a><p id="caption-attachment-3438" class="wp-caption-text">Sergiu Comissiona à la fin des années 60</p></div>
<p>Sergiu Comissiona, né en 1928, était un chef roumain qui avait émigré en Israël en 1959. Clara Haskil contribua à le faire mieux connaître en Europe et il commença sa carrière américaine en 1965 avec l’Orchestre de Philadelphie. Il fut le directeur musical de l’Orchestre Symphonique de Baltimore de 1969 à 1984 et fit de cet orchestre de second plan, une phalange de niveau international.</p>
<p>Dans son autobiographie, <em>My Nine Lives</em>, Leon Fleisher fait de l’homme un portrait très attachant :   « Comissiona était un acteur né. Le théâtre a perdu un grand talent lorsqu’il est devenu chef d’orchestre. Il avait le corps d’un danseur, bougeant sur l’estrade comme un chat qui danserait un ballet dans un dessin animé. Il était aussi un grand mime, qui aurait fait de la concurrence à Marcel Marceau. Il parlait anglais avec un fort accent roumain, mais pour raconter ses histoires il se servait de toutes les parties de son corps : des mains, des lèvres, de ses yeux vifs, de ses sourcils auxquels on était comme suspendus. Et quelles histoires ! C’était un conteur qui nous faisait rire comme des fous. »</p>
<div id="attachment_3277" style="width: 220px" class="wp-caption alignright"><a href="https://eugeneistomin.com/wp-content/uploads/2016/03/Comissiona-1.jpg"><img aria-describedby="caption-attachment-3277" decoding="async" class="size-medium wp-image-3277" src="https://eugeneistomin.com/wp-content/uploads/2016/03/Comissiona-1-210x300.jpg" alt="Sergiu Comissiona à la fin des années 80 " width="210" height="300" srcset="https://www.eugeneistomin.com/wp-content/uploads/2016/03/Comissiona-1-210x300.jpg 210w, https://www.eugeneistomin.com/wp-content/uploads/2016/03/Comissiona-1.jpg 596w" sizes="(max-width: 210px) 100vw, 210px" /></a><p id="caption-attachment-3277" class="wp-caption-text">Sergiu Comissiona à la fin des années 80</p></div>
<p>Fleisher, qui fut son assistant à Baltimore, poursuit en évoquant le musicien : « Il était aussi un chef d’orchestre extraordinaire. Sans que cela n’ait rien de péjoratif, je dirai qu’il était le meilleur chef pour la musique de deuxième ordre que j’aie jamais connu. Il avait quelques problèmes avec ses interprétations de Beethoven et de Brahms, qui n’ont jamais atteint les sommets que d’autres atteignaient. Mais dans tout ce qui n’était pas le grand répertoire germanique, il pouvait se montrer vraiment inspiré. Il était un excellent technicien, qui savait parfaitement ce qu’il fallait faire. Il avait investi toute son énergie, son inspiration et son talent dans son travail avec l’Orchestre Symphonique de Baltimore. Avec lui, ils firent leur premier disque et partirent pour la première fois en tournée en Europe. Sergiu ne cessa d’insister, disant qu’il ne serait pas satisfait tant que l’orchestre, qui se produisait à l’Opéra, n’aurait pas sa salle de concert bien à lui. »  Sergiu Comissiona finit par avoir gain de cause, et le 16 septembre 1982, une magnifique salle de concerts de 2500 places fut inaugurée, le <em>Joseph Meyerhoff Concert Hall</em>, du nom du richissime Baltimorien qui la finança en bonne partie.</p>
<p>Dans une interview de 1987, Comissiona avait déclaré : « Je suis un chef d’orchestre américain, en dépit de mon accent. J’adore la musique française, la musique allemande, la musique russe. C’est pourquoi je suis resté très jeune. Je n’ai pas honte d’adorer la musique ». Eugene Istomin donna plus d’une vingtaine de concerts sous la direction de Sergiu Comissiona, toujours en parfaite entente musicale et humaine. Comme son ami Fleisher, il appréciait beaucoup cet homme plein d’humour certes, mais qui se distinguait aussi par sa grande culture et par son extrême courtoisie. Comissiona avait toujours fait passer son amour de la musique avant le carriérisme, et pour Istomin, c’était la seule raison pour laquelle on ne lui avait pas proposé la direction musicale des plus prestigieux orchestres.</p>
</div><div class="fusion-clearfix"></div></div></div><div class="fusion-layout-column fusion_builder_column fusion-builder-column-1 fusion_builder_column_1_1 1_1 fusion-one-full fusion-column-first fusion-column-last fusion-column-no-min-height" style="--awb-bg-size:cover;--awb-margin-bottom:0px;"><div class="fusion-column-wrapper fusion-flex-column-wrapper-legacy"><div class="fusion-title title fusion-title-1 fusion-title-text fusion-title-size-two"><h2 class="title-heading-left fusion-responsive-typography-calculated" style="margin:0;--fontSize:18;--minFontSize:18;line-height:1.5;"><strong>Quelques concerts</strong></h2><span class="awb-title-spacer"></span><div class="title-sep-container"><div class="title-sep sep-double sep-solid" style="border-color:#e0dede;"></div></div></div><div class="fusion-text fusion-text-2"><p><strong>1969</strong>. Frederick (Maryland). <strong>Mozart</strong>, Concerto n° 24. Baltimore Symphony.<br />
<strong>1971</strong>, 14 &amp; 16 mars. Buffalo. <strong>Schumann</strong>, Concerto. Buffalo Philharmonic.<br />
<strong>1974</strong>, 2 août. Saratoga. <strong>Schumann</strong>, Concerto. Philadelphia Orchestra. <em>Concert enregistré.</em><br />
<strong>1977</strong>, 29 juillet. Temple University. <strong>Beethoven</strong>, Concerto n° 5. Pittsburgh Symphony.<br />
<strong>1977</strong>, 19 octobre. Baltimore Lyric Theater. <strong>Beethoven</strong>, Concerto n° 3. Baltimore Symphony<br />
<strong>1978</strong>, 15 juillet. Temple University. <strong>Beethoven</strong>, Concerto n° 3. Pittsburgh Symphony.<br />
<strong>1979</strong>, 3 août. Temple University. <strong>Brahms</strong>, Concerto n° 2. Pittsburgh Symphony.<br />
<strong>1980</strong>, 13 et 14 septembre. <strong>Brahms</strong>, Concerto n° 2. Houston Symphony. <em>Concert enregistré.</em></p>
<p>Dates avec le Baltimore Symphony et d’autres orchestres indisponibles. Aucun enregistrement accessible pour le moment.</p>
</div><div class="fusion-clearfix"></div></div></div><div class="fusion-layout-column fusion_builder_column fusion-builder-column-2 fusion_builder_column_1_1 1_1 fusion-one-full fusion-column-first fusion-column-last fusion-column-no-min-height" style="--awb-bg-size:cover;--awb-margin-bottom:0px;"><div class="fusion-column-wrapper fusion-flex-column-wrapper-legacy"><div class="fusion-title title fusion-title-2 fusion-title-text fusion-title-size-two"><h2 class="title-heading-left fusion-responsive-typography-calculated" style="margin:0;--fontSize:18;--minFontSize:18;line-height:1.5;">Document</h2><span class="awb-title-spacer"></span><div class="title-sep-container"><div class="title-sep sep-double sep-solid" style="border-color:#e0dede;"></div></div></div><div class="fusion-text fusion-text-3"><p>Sergiu Comissiona, à la tête de l&rsquo;Orchestre de la Radio Télévision Espagnole, dirige le dernier mouvement de la <em>Quatrième Symphonie</em> de Brahms. En sous-titres (en espagnol), des commentaires sur la construction de l&rsquo;œuvre.</p>
</div><div class="fusion-clearfix"></div></div></div><div class="fusion-layout-column fusion_builder_column fusion-builder-column-3 fusion_builder_column_1_1 1_1 fusion-one-full fusion-column-first fusion-column-last fusion-column-no-min-height" style="--awb-bg-size:cover;--awb-margin-bottom:0px;"><div class="fusion-column-wrapper fusion-flex-column-wrapper-legacy"><div class="fusion-video fusion-youtube" style="--awb-max-width:600px;--awb-max-height:350px;"><div class="video-shortcode"><div class="fluid-width-video-wrapper" style="padding-top:58.33%;" ><iframe title="YouTube video player 1" src="https://www.youtube.com/embed/ZM8MzPe8o64?wmode=transparent&autoplay=0" width="600" height="350" allowfullscreen allow="autoplay; fullscreen"></iframe></div></div></div><div class="fusion-clearfix"></div></div></div></div></div>
