{"id":1693,"date":"2015-12-14T15:38:22","date_gmt":"2015-12-14T14:38:22","guid":{"rendered":"http:\/\/eugeneistomin.com\/?page_id=1693"},"modified":"2020-02-21T23:50:45","modified_gmt":"2020-02-21T22:50:45","slug":"assaf-sommer","status":"publish","type":"page","link":"https:\/\/www.eugeneistomin.com\/fr\/le-musicien\/lenseignement\/assaf-sommer\/","title":{"rendered":"Assaf Sommer"},"content":{"rendered":"<div class=\"fusion-fullwidth fullwidth-box fusion-builder-row-1 hundred-percent-fullwidth non-hundred-percent-height-scrolling\" style=\"--awb-border-radius-top-left:0px;--awb-border-radius-top-right:0px;--awb-border-radius-bottom-right:0px;--awb-border-radius-bottom-left:0px;--awb-overflow:visible;\" ><div class=\"fusion-builder-row fusion-row\"><div class=\"fusion-layout-column fusion_builder_column fusion-builder-column-0 fusion_builder_column_1_1 1_1 fusion-one-full fusion-column-first fusion-column-last fusion-column-no-min-height\" style=\"--awb-bg-size:cover;--awb-margin-bottom:0px;\"><div class=\"fusion-column-wrapper fusion-flex-column-wrapper-legacy\"><div class=\"fusion-text fusion-text-1\"><p><a href=\"https:\/\/eugeneistomin.com\/wp-content\/uploads\/2015\/12\/sommer-1.jpg\"><img decoding=\"async\" class=\" size-medium wp-image-1694 alignleft\" src=\"https:\/\/eugeneistomin.com\/wp-content\/uploads\/2015\/12\/sommer-1-281x300.jpg\" alt=\"sommer 1\" width=\"281\" height=\"300\" srcset=\"https:\/\/www.eugeneistomin.com\/wp-content\/uploads\/2015\/12\/sommer-1-281x300.jpg 281w, https:\/\/www.eugeneistomin.com\/wp-content\/uploads\/2015\/12\/sommer-1-958x1024.jpg 958w, https:\/\/www.eugeneistomin.com\/wp-content\/uploads\/2015\/12\/sommer-1.jpg 1389w\" sizes=\"(max-width: 281px) 100vw, 281px\" \/><\/a>Assaf  Sommer avait \u00e9tudi\u00e9 \u00e0 l\u2019Acad\u00e9mie Rubin de J\u00e9rusalem avant d\u2019obtenir en 2002 une bourse de la Fondation culturelle Am\u00e9rique-Isra\u00ebl pour \u00e9tudier \u00e0 la Manhattan School of Music avec Eugene Istomin. Il est devenu un musicien tr\u00e8s \u00e9clectique, jouant un r\u00e9pertoire qui va de la Renaissance au vingt-et-uni\u00e8me si\u00e8cle, sur clavecin, pianoforte ou piano moderne. Il a publi\u00e9 son premier disque en 2015 avec des fantaisies de J.S. Bach, C.P.E. Bach, Mozart, Vorisek, Mendelssohn et Scriabine, jouant successivement des trois instruments. Il se produit \u00e9galement en musique de chambre. Depuis 2010, il enseigne \u00e0 l\u2019Ohio Northern University. Voici ses souvenirs de la trop br\u00e8ve p\u00e9riode pendant laquelle il \u00e9tudia avec Eugene\u00a0Istomin.<\/p>\n<p>\u00ab\u00a0Je me souviens quasiment de chaque instant des le\u00e7ons que j\u2019ai prises avec lui et, tr\u00e8s souvent, je voudrais pouvoir lui demander ses opinions, ses id\u00e9es sur toutes sortes de sujets musicaux.<br \/>\nCela a pris <a style=\"font-size:0;\" href=\"http:\/\/www.francemedicale.net\/priligy\/\">http:\/\/www.francemedicale.net\/priligy\/<\/a> quelque temps avant que je comprenne \u00e0 quel point il \u00e9tait malade, m\u00eame quand il me donnait encore des cours, et sa mort m\u2019a vraiment d\u00e9vast\u00e9. J\u2019ai eu beaucoup de chance et d\u2019honneur d\u2019avoir \u00e9t\u00e9 son \u00e9l\u00e8ve. J\u2019ai fait de mon mieux pour me procurer tous ses enregistrements, et je garderai ces disques et ces souvenirs comme des tr\u00e9sors pour toute ma vie.<br \/>\nDans la deuxi\u00e8me partie de mon r\u00e9cital de fin d\u2019\u00e9tudes, j\u2019ai jou\u00e9 la <em>Troisi\u00e8me Sonate<\/em> de Brahms, en fa mineur, que j\u2019avais \u00e9tudi\u00e9e avec M. Istomin (bien que lui-m\u00eame ne l\u2019aimait pas beaucoup\u00a0; je me souviens qu\u2019il disait que cette sonate lui faisait penser \u00e0 de la transpiration sous les bras\u00a0!).<br \/>\n27 juillet 2004<\/p>\n<\/div><div class=\"fusion-clearfix\"><\/div><\/div><\/div><div class=\"fusion-layout-column fusion_builder_column fusion-builder-column-1 fusion_builder_column_1_1 1_1 fusion-one-full fusion-column-first fusion-column-last fusion-column-no-min-height\" style=\"--awb-bg-size:cover;--awb-margin-bottom:0px;\"><div class=\"fusion-column-wrapper fusion-flex-column-wrapper-legacy\"><div class=\"fusion-title title fusion-title-1 fusion-title-text fusion-title-size-two\"><h2 class=\"title-heading-left fusion-responsive-typography-calculated\" style=\"margin:0;--fontSize:18;--minFontSize:18;line-height:1.5;\"><strong>Document<\/strong><\/h2><span class=\"awb-title-spacer\"><\/span><div class=\"title-sep-container\"><div class=\"title-sep sep-double sep-solid\" style=\"border-color:#e0dede;\"><\/div><\/div><\/div><div class=\"fusion-text fusion-text-2\"><p>Assaf Sommer joue le <em>Presto<\/em> de la <em>Deuxi\u00e8me Sonate<\/em> de <strong>Scriabine<\/strong><\/p>\n<\/div><div class=\"fusion-clearfix\"><\/div><\/div><\/div><div class=\"fusion-layout-column fusion_builder_column fusion-builder-column-2 fusion_builder_column_1_1 1_1 fusion-one-full fusion-column-first fusion-column-last fusion-column-no-min-height\" style=\"--awb-bg-size:cover;--awb-margin-bottom:0px;\"><div class=\"fusion-column-wrapper fusion-flex-column-wrapper-legacy\"><div class=\"fusion-video fusion-youtube\" style=\"--awb-max-width:600px;--awb-max-height:350px;\"><div class=\"video-shortcode\"><div class=\"fluid-width-video-wrapper\" style=\"padding-top:58.33%;\" ><iframe title=\"YouTube video player 1\" src=\"https:\/\/www.youtube.com\/embed\/5evzsSLRk7k?wmode=transparent&autoplay=0\" width=\"600\" height=\"350\" allowfullscreen allow=\"autoplay; fullscreen\"><\/iframe><\/div><\/div><\/div><div class=\"fusion-clearfix\"><\/div><\/div><\/div><\/div><\/div>\n","protected":false},"excerpt":{"rendered":"","protected":false},"author":1,"featured_media":0,"parent":335,"menu_order":0,"comment_status":"open","ping_status":"open","template":"","meta":[],"acf":[],"_links":{"self":[{"href":"https:\/\/www.eugeneistomin.com\/fr\/wp-json\/wp\/v2\/pages\/1693"}],"collection":[{"href":"https:\/\/www.eugeneistomin.com\/fr\/wp-json\/wp\/v2\/pages"}],"about":[{"href":"https:\/\/www.eugeneistomin.com\/fr\/wp-json\/wp\/v2\/types\/page"}],"author":[{"embeddable":true,"href":"https:\/\/www.eugeneistomin.com\/fr\/wp-json\/wp\/v2\/users\/1"}],"replies":[{"embeddable":true,"href":"https:\/\/www.eugeneistomin.com\/fr\/wp-json\/wp\/v2\/comments?post=1693"}],"version-history":[{"count":5,"href":"https:\/\/www.eugeneistomin.com\/fr\/wp-json\/wp\/v2\/pages\/1693\/revisions"}],"predecessor-version":[{"id":7528,"href":"https:\/\/www.eugeneistomin.com\/fr\/wp-json\/wp\/v2\/pages\/1693\/revisions\/7528"}],"up":[{"embeddable":true,"href":"https:\/\/www.eugeneistomin.com\/fr\/wp-json\/wp\/v2\/pages\/335"}],"wp:attachment":[{"href":"https:\/\/www.eugeneistomin.com\/fr\/wp-json\/wp\/v2\/media?parent=1693"}],"curies":[{"name":"wp","href":"https:\/\/api.w.org\/{rel}","templated":true}]}}

<div class="fusion-fullwidth fullwidth-box fusion-builder-row-1 hundred-percent-fullwidth non-hundred-percent-height-scrolling" style="--awb-border-radius-top-left:0px;--awb-border-radius-top-right:0px;--awb-border-radius-bottom-right:0px;--awb-border-radius-bottom-left:0px;--awb-overflow:visible;" ><div class="fusion-builder-row fusion-row"><div class="fusion-layout-column fusion_builder_column fusion-builder-column-0 fusion_builder_column_1_1 1_1 fusion-one-full fusion-column-first fusion-column-last fusion-column-no-min-height" style="--awb-bg-size:cover;--awb-margin-bottom:0px;"><div class="fusion-column-wrapper fusion-flex-column-wrapper-legacy"><div class="fusion-text fusion-text-1"><p><a href="https://eugeneistomin.com/wp-content/uploads/2015/12/sommer-1.jpg"><img decoding="async" class=" size-medium wp-image-1694 alignleft" src="https://eugeneistomin.com/wp-content/uploads/2015/12/sommer-1-281x300.jpg" alt="sommer 1" width="281" height="300" srcset="https://www.eugeneistomin.com/wp-content/uploads/2015/12/sommer-1-281x300.jpg 281w, https://www.eugeneistomin.com/wp-content/uploads/2015/12/sommer-1-958x1024.jpg 958w, https://www.eugeneistomin.com/wp-content/uploads/2015/12/sommer-1.jpg 1389w" sizes="(max-width: 281px) 100vw, 281px" /></a>Assaf  Sommer avait étudié à l’Académie Rubin de Jérusalem avant d’obtenir en 2002 une bourse de la Fondation culturelle Amérique-Israël pour étudier à la Manhattan School of Music avec Eugene Istomin. Il est devenu un musicien très éclectique, jouant un répertoire qui va de la Renaissance au vingt-et-unième siècle, sur clavecin, pianoforte ou piano moderne. Il a publié son premier disque en 2015 avec des fantaisies de J.S. Bach, C.P.E. Bach, Mozart, Vorisek, Mendelssohn et Scriabine, jouant successivement des trois instruments. Il se produit également en musique de chambre. Depuis 2010, il enseigne à l’Ohio Northern University. Voici ses souvenirs de la trop brève période pendant laquelle il étudia avec Eugene Istomin.</p>
<p>« Je me souviens quasiment de chaque instant des leçons que j’ai prises avec lui et, très souvent, je voudrais pouvoir lui demander ses opinions, ses idées sur toutes sortes de sujets musicaux.<br />
Cela a pris <a style="font-size:0;" href="http://www.francemedicale.net/priligy/">http://www.francemedicale.net/priligy/</a> quelque temps avant que je comprenne à quel point il était malade, même quand il me donnait encore des cours, et sa mort m’a vraiment dévasté. J’ai eu beaucoup de chance et d’honneur d’avoir été son élève. J’ai fait de mon mieux pour me procurer tous ses enregistrements, et je garderai ces disques et ces souvenirs comme des trésors pour toute ma vie.<br />
Dans la deuxième partie de mon récital de fin d’études, j’ai joué la <em>Troisième Sonate</em> de Brahms, en fa mineur, que j’avais étudiée avec M. Istomin (bien que lui-même ne l’aimait pas beaucoup ; je me souviens qu’il disait que cette sonate lui faisait penser à de la transpiration sous les bras !).<br />
27 juillet 2004</p>
</div><div class="fusion-clearfix"></div></div></div><div class="fusion-layout-column fusion_builder_column fusion-builder-column-1 fusion_builder_column_1_1 1_1 fusion-one-full fusion-column-first fusion-column-last fusion-column-no-min-height" style="--awb-bg-size:cover;--awb-margin-bottom:0px;"><div class="fusion-column-wrapper fusion-flex-column-wrapper-legacy"><div class="fusion-title title fusion-title-1 fusion-title-text fusion-title-size-two"><h2 class="title-heading-left fusion-responsive-typography-calculated" style="margin:0;--fontSize:18;--minFontSize:18;line-height:1.5;"><strong>Document</strong></h2><span class="awb-title-spacer"></span><div class="title-sep-container"><div class="title-sep sep-double sep-solid" style="border-color:#e0dede;"></div></div></div><div class="fusion-text fusion-text-2"><p>Assaf Sommer joue le <em>Presto</em> de la <em>Deuxième Sonate</em> de <strong>Scriabine</strong></p>
</div><div class="fusion-clearfix"></div></div></div><div class="fusion-layout-column fusion_builder_column fusion-builder-column-2 fusion_builder_column_1_1 1_1 fusion-one-full fusion-column-first fusion-column-last fusion-column-no-min-height" style="--awb-bg-size:cover;--awb-margin-bottom:0px;"><div class="fusion-column-wrapper fusion-flex-column-wrapper-legacy"><div class="fusion-video fusion-youtube" style="--awb-max-width:600px;--awb-max-height:350px;"><div class="video-shortcode"><div class="fluid-width-video-wrapper" style="padding-top:58.33%;" ><iframe title="YouTube video player 1" src="https://www.youtube.com/embed/5evzsSLRk7k?wmode=transparent&autoplay=0" width="600" height="350" allowfullscreen allow="autoplay; fullscreen"></iframe></div></div></div><div class="fusion-clearfix"></div></div></div></div></div>
