{"id":1483,"date":"2015-11-26T18:26:25","date_gmt":"2015-11-26T17:26:25","guid":{"rendered":"http:\/\/eugeneistomin.com\/?page_id=1483"},"modified":"2020-03-09T23:24:24","modified_gmt":"2020-03-09T22:24:24","slug":"jorge-bolet","status":"publish","type":"page","link":"https:\/\/www.eugeneistomin.com\/fr\/grandes-collaborations-musicales\/pianistes\/jorge-bolet\/","title":{"rendered":"Jorge Bolet"},"content":{"rendered":"<div class=\"fusion-fullwidth fullwidth-box fusion-builder-row-1 hundred-percent-fullwidth non-hundred-percent-height-scrolling\" style=\"--awb-border-radius-top-left:0px;--awb-border-radius-top-right:0px;--awb-border-radius-bottom-right:0px;--awb-border-radius-bottom-left:0px;--awb-overflow:visible;\" ><div class=\"fusion-builder-row fusion-row\"><div class=\"fusion-layout-column fusion_builder_column fusion-builder-column-0 fusion_builder_column_1_1 1_1 fusion-one-full fusion-column-first fusion-column-last\" style=\"--awb-bg-size:cover;\"><div class=\"fusion-column-wrapper fusion-flex-column-wrapper-legacy\"><div class=\"fusion-text fusion-text-1\"><p><a href=\"https:\/\/eugeneistomin.com\/wp-content\/uploads\/2015\/10\/Bolet.jpg\"><img decoding=\"async\" class=\" size-medium wp-image-794 alignleft\" src=\"https:\/\/eugeneistomin.com\/wp-content\/uploads\/2015\/10\/Bolet-300x189.jpg\" alt=\"Bolet\" width=\"300\" height=\"189\" srcset=\"https:\/\/www.eugeneistomin.com\/wp-content\/uploads\/2015\/10\/Bolet-300x189.jpg 300w, https:\/\/www.eugeneistomin.com\/wp-content\/uploads\/2015\/10\/Bolet-320x202.jpg 320w, https:\/\/www.eugeneistomin.com\/wp-content\/uploads\/2015\/10\/Bolet.jpg 603w\" sizes=\"(max-width: 300px) 100vw, 300px\" \/><\/a>Lorsque Serkin commen\u00e7a \u00e0 enseigner au Curtis Institute de Philadelphie \u00e0 l\u2019automne 1939, il avait besoin d\u2019un assistant, d\u2019autant que son programme de concerts tr\u00e8s charg\u00e9 l\u2019obligeait \u00e0 s\u2019absenter souvent. Comme il n\u2019avait pas de nom \u00e0 proposer, la direction du Curtis choisit un jeune pianiste cubain, Jorge Bolet. C\u2019\u00e9tait un choix \u00e9trange, car il \u00e9tait difficile d\u2019imaginer personnalit\u00e9s plus oppos\u00e9es. Bolet \u00e9tait un ancien \u00e9tudiant du Curtis, il \u00e9tait le seul \u00e0 qui avait \u00e9t\u00e9 attribu\u00e9e la prestigieuse bourse Josef Hofmann. Son d\u00e9but de carri\u00e8re \u00e9tait assez brillant. Il s\u2019\u00e9tait perfectionn\u00e9 en Am\u00e9rique et en Europe aupr\u00e8s de grands ma\u00eetres. Son seul point commun avec Serkin \u00e9tait son int\u00e9r\u00eat pour la musique de Max Reger. Il laissera d\u2019ailleurs un enregistrement de r\u00e9f\u00e9rence des <em>Variations sur un th\u00e8me de Telemann<\/em> que Serkin avait jou\u00e9es au d\u00e9but de sa carri\u00e8re am\u00e9ricaine, mais qu\u2019il avait vite abandonn\u00e9es devant la froideur du public et les remarques d\u00e9sastreuses de la critique\u2026 Sinon Bolet n\u2019aimait rien tant que les pi\u00e8ces de virtuosit\u00e9, ou les transcriptions acrobatiques de Leopold Godowski, qui \u00e9tait le beau-p\u00e8re de son professeur, David Saperton. Le grand amusement d\u2019Istomin et de ses camarades \u00e9tait de pousser Bolet \u00e0 se mettre au piano, ce qui n\u2019\u00e9tait pas tr\u00e8s difficile ! Bolet se lan\u00e7ait alors dans une succession de pi\u00e8ces virtuosissimes, esp\u00e9rant entra\u00eener ses jeunes \u00e9l\u00e8ves sur ses traces. En fait le courant ne passait pas et le plus souvent ils se divertissaient en l\u2019imitant et en exag\u00e9rant ses mimiques. Serkin \u00e9tait le seul ma\u00eetre \u00e0 bord.<\/p>\n<p><a href=\"https:\/\/www.eugeneistomin.com\/wp-content\/uploads\/2020\/03\/Bolet-2-.jpg\"><img decoding=\"async\" class=\"alignright size-medium wp-image-9765\" src=\"https:\/\/www.eugeneistomin.com\/wp-content\/uploads\/2020\/03\/Bolet-2--300x300.jpg\" alt=\"\" width=\"300\" height=\"300\" srcset=\"https:\/\/www.eugeneistomin.com\/wp-content\/uploads\/2020\/03\/Bolet-2--66x66.jpg 66w, https:\/\/www.eugeneistomin.com\/wp-content\/uploads\/2020\/03\/Bolet-2--150x150.jpg 150w, https:\/\/www.eugeneistomin.com\/wp-content\/uploads\/2020\/03\/Bolet-2--200x200.jpg 200w, https:\/\/www.eugeneistomin.com\/wp-content\/uploads\/2020\/03\/Bolet-2--300x300.jpg 300w, https:\/\/www.eugeneistomin.com\/wp-content\/uploads\/2020\/03\/Bolet-2--400x400.jpg 400w, https:\/\/www.eugeneistomin.com\/wp-content\/uploads\/2020\/03\/Bolet-2-.jpg 512w\" sizes=\"(max-width: 300px) 100vw, 300px\" \/><\/a>En 1942, le gouvernement cubain demanda \u00e0 Jorge Bolet de quitter le Curtis et de devenir attach\u00e9 culturel de l\u2019Ambassade de Cuba \u00e0 Washington. C\u2019est Horszowski qui le rempla\u00e7a aupr\u00e8s de Rudolf Serkin, pour la plus grande satisfaction de tous. Sa compl\u00e9mentarit\u00e9 avec Serkin, son immense culture et sa gentillesse firent merveille. Il devait enseigner pendant 50 ann\u00e9es au Curtis\u2026<\/p>\n<p>Quant \u00e0 Jorge Bolet, cette exp\u00e9rience p\u00e9dagogique au Curtis \u00e9tait peut-\u00eatre pr\u00e9matur\u00e9e. Il n\u2019avait que vingt-cinq ans et n\u2019avait pas encore eu le temps de m\u00fbrir et d\u2019\u00e9largir son r\u00e9pertoire. Il ne se consacra \u00e0 nouveau \u00e0 l\u2019enseignement qu\u2019\u00e0 partir de 1968, \u00e0 Bloomington puis au Curtis, o\u00f9 il succ\u00e8da \u00e0 Serkin en 1977 \u00e0 la t\u00eate du d\u00e9partement de piano. Longtemps marginale, sa carri\u00e8re connut un essor spectaculaire dans les ann\u00e9es 70 et 80.<\/p>\n<\/div><div class=\"fusion-clearfix\"><\/div><\/div><\/div><\/div><\/div>\n","protected":false},"excerpt":{"rendered":"","protected":false},"author":1,"featured_media":0,"parent":383,"menu_order":0,"comment_status":"open","ping_status":"open","template":"","meta":[],"acf":[],"_links":{"self":[{"href":"https:\/\/www.eugeneistomin.com\/fr\/wp-json\/wp\/v2\/pages\/1483"}],"collection":[{"href":"https:\/\/www.eugeneistomin.com\/fr\/wp-json\/wp\/v2\/pages"}],"about":[{"href":"https:\/\/www.eugeneistomin.com\/fr\/wp-json\/wp\/v2\/types\/page"}],"author":[{"embeddable":true,"href":"https:\/\/www.eugeneistomin.com\/fr\/wp-json\/wp\/v2\/users\/1"}],"replies":[{"embeddable":true,"href":"https:\/\/www.eugeneistomin.com\/fr\/wp-json\/wp\/v2\/comments?post=1483"}],"version-history":[{"count":5,"href":"https:\/\/www.eugeneistomin.com\/fr\/wp-json\/wp\/v2\/pages\/1483\/revisions"}],"predecessor-version":[{"id":9767,"href":"https:\/\/www.eugeneistomin.com\/fr\/wp-json\/wp\/v2\/pages\/1483\/revisions\/9767"}],"up":[{"embeddable":true,"href":"https:\/\/www.eugeneistomin.com\/fr\/wp-json\/wp\/v2\/pages\/383"}],"wp:attachment":[{"href":"https:\/\/www.eugeneistomin.com\/fr\/wp-json\/wp\/v2\/media?parent=1483"}],"curies":[{"name":"wp","href":"https:\/\/api.w.org\/{rel}","templated":true}]}}

<div class="fusion-fullwidth fullwidth-box fusion-builder-row-1 hundred-percent-fullwidth non-hundred-percent-height-scrolling" style="--awb-border-radius-top-left:0px;--awb-border-radius-top-right:0px;--awb-border-radius-bottom-right:0px;--awb-border-radius-bottom-left:0px;--awb-overflow:visible;" ><div class="fusion-builder-row fusion-row"><div class="fusion-layout-column fusion_builder_column fusion-builder-column-0 fusion_builder_column_1_1 1_1 fusion-one-full fusion-column-first fusion-column-last" style="--awb-bg-size:cover;"><div class="fusion-column-wrapper fusion-flex-column-wrapper-legacy"><div class="fusion-text fusion-text-1"><p><a href="https://eugeneistomin.com/wp-content/uploads/2015/10/Bolet.jpg"><img decoding="async" class=" size-medium wp-image-794 alignleft" src="https://eugeneistomin.com/wp-content/uploads/2015/10/Bolet-300x189.jpg" alt="Bolet" width="300" height="189" srcset="https://www.eugeneistomin.com/wp-content/uploads/2015/10/Bolet-300x189.jpg 300w, https://www.eugeneistomin.com/wp-content/uploads/2015/10/Bolet-320x202.jpg 320w, https://www.eugeneistomin.com/wp-content/uploads/2015/10/Bolet.jpg 603w" sizes="(max-width: 300px) 100vw, 300px" /></a>Lorsque Serkin commença à enseigner au Curtis Institute de Philadelphie à l’automne 1939, il avait besoin d’un assistant, d’autant que son programme de concerts très chargé l’obligeait à s’absenter souvent. Comme il n’avait pas de nom à proposer, la direction du Curtis choisit un jeune pianiste cubain, Jorge Bolet. C’était un choix étrange, car il était difficile d’imaginer personnalités plus opposées. Bolet était un ancien étudiant du Curtis, il était le seul à qui avait été attribuée la prestigieuse bourse Josef Hofmann. Son début de carrière était assez brillant. Il s’était perfectionné en Amérique et en Europe auprès de grands maîtres. Son seul point commun avec Serkin était son intérêt pour la musique de Max Reger. Il laissera d’ailleurs un enregistrement de référence des <em>Variations sur un thème de Telemann</em> que Serkin avait jouées au début de sa carrière américaine, mais qu’il avait vite abandonnées devant la froideur du public et les remarques désastreuses de la critique… Sinon Bolet n’aimait rien tant que les pièces de virtuosité, ou les transcriptions acrobatiques de Leopold Godowski, qui était le beau-père de son professeur, David Saperton. Le grand amusement d’Istomin et de ses camarades était de pousser Bolet à se mettre au piano, ce qui n’était pas très difficile ! Bolet se lançait alors dans une succession de pièces virtuosissimes, espérant entraîner ses jeunes élèves sur ses traces. En fait le courant ne passait pas et le plus souvent ils se divertissaient en l’imitant et en exagérant ses mimiques. Serkin était le seul maître à bord.</p>
<p><a href="https://www.eugeneistomin.com/wp-content/uploads/2020/03/Bolet-2-.jpg"><img decoding="async" class="alignright size-medium wp-image-9765" src="https://www.eugeneistomin.com/wp-content/uploads/2020/03/Bolet-2--300x300.jpg" alt="" width="300" height="300" srcset="https://www.eugeneistomin.com/wp-content/uploads/2020/03/Bolet-2--66x66.jpg 66w, https://www.eugeneistomin.com/wp-content/uploads/2020/03/Bolet-2--150x150.jpg 150w, https://www.eugeneistomin.com/wp-content/uploads/2020/03/Bolet-2--200x200.jpg 200w, https://www.eugeneistomin.com/wp-content/uploads/2020/03/Bolet-2--300x300.jpg 300w, https://www.eugeneistomin.com/wp-content/uploads/2020/03/Bolet-2--400x400.jpg 400w, https://www.eugeneistomin.com/wp-content/uploads/2020/03/Bolet-2-.jpg 512w" sizes="(max-width: 300px) 100vw, 300px" /></a>En 1942, le gouvernement cubain demanda à Jorge Bolet de quitter le Curtis et de devenir attaché culturel de l’Ambassade de Cuba à Washington. C’est Horszowski qui le remplaça auprès de Rudolf Serkin, pour la plus grande satisfaction de tous. Sa complémentarité avec Serkin, son immense culture et sa gentillesse firent merveille. Il devait enseigner pendant 50 années au Curtis…</p>
<p>Quant à Jorge Bolet, cette expérience pédagogique au Curtis était peut-être prématurée. Il n’avait que vingt-cinq ans et n’avait pas encore eu le temps de mûrir et d’élargir son répertoire. Il ne se consacra à nouveau à l’enseignement qu’à partir de 1968, à Bloomington puis au Curtis, où il succèda à Serkin en 1977 à la tête du département de piano. Longtemps marginale, sa carrière connut un essor spectaculaire dans les années 70 et 80.</p>
</div><div class="fusion-clearfix"></div></div></div></div></div>
