{"id":1379,"date":"2015-11-20T12:29:05","date_gmt":"2015-11-20T11:29:05","guid":{"rendered":"http:\/\/eugeneistomin.com\/?page_id=1379"},"modified":"2020-02-21T23:50:59","modified_gmt":"2020-02-21T22:50:59","slug":"klaus-tennstedt","status":"publish","type":"page","link":"https:\/\/www.eugeneistomin.com\/fr\/grandes-collaborations-musicales\/chefs-dorchestre\/klaus-tennstedt\/","title":{"rendered":"Klaus Tennstedt"},"content":{"rendered":"<div class=\"fusion-fullwidth fullwidth-box fusion-builder-row-1 hundred-percent-fullwidth non-hundred-percent-height-scrolling\" style=\"--awb-border-radius-top-left:0px;--awb-border-radius-top-right:0px;--awb-border-radius-bottom-right:0px;--awb-border-radius-bottom-left:0px;--awb-overflow:visible;\" ><div class=\"fusion-builder-row fusion-row\"><div class=\"fusion-layout-column fusion_builder_column fusion-builder-column-0 fusion_builder_column_1_1 1_1 fusion-one-full fusion-column-first fusion-column-last fusion-column-no-min-height\" style=\"--awb-bg-size:cover;--awb-margin-bottom:0px;\"><div class=\"fusion-column-wrapper fusion-flex-column-wrapper-legacy\"><div class=\"fusion-text fusion-text-1\"><p><a href=\"https:\/\/eugeneistomin.com\/wp-content\/uploads\/2015\/11\/Tennstedt-1.jpg\"><img decoding=\"async\" class=\" size-medium wp-image-1380 alignleft\" src=\"https:\/\/eugeneistomin.com\/wp-content\/uploads\/2015\/11\/Tennstedt-1-300x300.jpg\" alt=\"Tennstedt 1\" width=\"300\" height=\"300\" srcset=\"https:\/\/www.eugeneistomin.com\/wp-content\/uploads\/2015\/11\/Tennstedt-1-66x66.jpg 66w, https:\/\/www.eugeneistomin.com\/wp-content\/uploads\/2015\/11\/Tennstedt-1-150x150.jpg 150w, https:\/\/www.eugeneistomin.com\/wp-content\/uploads\/2015\/11\/Tennstedt-1-300x300.jpg 300w, https:\/\/www.eugeneistomin.com\/wp-content\/uploads\/2015\/11\/Tennstedt-1.jpg 1000w\" sizes=\"(max-width: 300px) 100vw, 300px\" \/><\/a>Klaus  Tennstedt, n\u00e9 en 1926, fit l\u2019essentiel de sa carri\u00e8re en Allemagne puis en Angleterre, mais ses concerts aux USA, \u00e0 la fin des ann\u00e9es 70 et au d\u00e9but des ann\u00e9es 80, soulev\u00e8rent un tr\u00e8s grand int\u00e9r\u00eat. Il \u00e9tait consid\u00e9r\u00e9 comme un \u00e9minent repr\u00e9sentant de la tradition germanique et on lui pardonnait volontiers son caract\u00e8re difficile. Istomin\u00a0 l\u2019estimait beaucoup et eut plaisir \u00e0 jouer avec lui lorsque Tennstedt devint un moment le chef principal invit\u00e9 du Detroit Symphony.<br \/>\nIl fut aussi son soliste en Isra\u00ebl dans des circonstances difficiles. C\u2019\u00e9tait la premi\u00e8re fois qu\u2019un chef allemand \u00e9tait invit\u00e9 \u00e0 diriger l\u2019Orchestre Philharmonique d\u2019Isra\u00ebl. L\u2019accueil fut plus que r\u00e9serv\u00e9, souvent m\u00eame\u00a0 hostile, tant de la part des musiciens que du public et de la critique. Eugene fit tout ce qu\u2019il put pour aplanir les diff\u00e9rends et calmer les protestations. Le succ\u00e8s s\u2019affirma au fil des concerts, au point que Tennstedt fut tout de suite r\u00e9engag\u00e9. Il avait \u00e9t\u00e9 tr\u00e8s touch\u00e9 par l\u2019attitude d\u2019Istomin et souhaitait trouver d\u2019autres occasions de\u00a0 collaboration. Malheureusement, il n\u2019y en eut pas car Tennstedt n\u2019avait pas alors de poste de directeur musical qui lui permette de choisir ses solistes, et de graves probl\u00e8mes de sant\u00e9 l\u2019amen\u00e8rent \u00e0 ralentir puis \u00e0 arr\u00eater sa carri\u00e8re.<\/p>\n<\/div><div class=\"fusion-clearfix\"><\/div><\/div><\/div><div class=\"fusion-layout-column fusion_builder_column fusion-builder-column-1 fusion_builder_column_1_1 1_1 fusion-one-full fusion-column-first fusion-column-last fusion-column-no-min-height\" style=\"--awb-bg-size:cover;--awb-margin-bottom:0px;\"><div class=\"fusion-column-wrapper fusion-flex-column-wrapper-legacy\"><div class=\"fusion-title title fusion-title-1 fusion-title-text fusion-title-size-two\"><h2 class=\"title-heading-left fusion-responsive-typography-calculated\" style=\"margin:0;--fontSize:18;--minFontSize:18;line-height:1.5;\">Concerts\u00a0<\/h2><span class=\"awb-title-spacer\"><\/span><div class=\"title-sep-container\"><div class=\"title-sep sep-double sep-solid\" style=\"border-color:#e0dede;\"><\/div><\/div><\/div><div class=\"fusion-text fusion-text-2\"><p>1978, 2 et 4 f\u00e9vrier. Ford Auditorium. <strong>Beethoven<\/strong>, Concerto n\u00b0 5. Detroit Symphony Orchestra. Concert enregistr\u00e9.<\/p>\n<p>1978, 25, 26, 28, 29, 30 et 31 octobre. Tel Aviv et J\u00e9rusalem. <strong>Beethoven<\/strong>, Concerto n\u00b0 4. Israel Philharmonic Orchestra.<\/p>\n<\/div><div class=\"fusion-clearfix\"><\/div><\/div><\/div><div class=\"fusion-layout-column fusion_builder_column fusion-builder-column-2 fusion_builder_column_1_1 1_1 fusion-one-full fusion-column-first fusion-column-last fusion-column-no-min-height\" style=\"--awb-bg-size:cover;--awb-margin-bottom:0px;\"><div class=\"fusion-column-wrapper fusion-flex-column-wrapper-legacy\"><div class=\"fusion-title title fusion-title-2 fusion-title-text fusion-title-size-two\"><h2 class=\"title-heading-left fusion-responsive-typography-calculated\" style=\"margin:0;--fontSize:18;--minFontSize:18;line-height:1.5;\">Musique<\/h2><span class=\"awb-title-spacer\"><\/span><div class=\"title-sep-container\"><div class=\"title-sep sep-double sep-solid\" style=\"border-color:#e0dede;\"><\/div><\/div><\/div><div class=\"fusion-text fusion-text-3\"><p>Beethoven, Concerto n\u00b0 5 (Detroit)<\/p>\n<\/div><div class=\"fusion-clearfix\"><\/div><\/div><\/div><\/div><\/div>\n","protected":false},"excerpt":{"rendered":"","protected":false},"author":1,"featured_media":0,"parent":380,"menu_order":0,"comment_status":"open","ping_status":"open","template":"","meta":[],"acf":[],"_links":{"self":[{"href":"https:\/\/www.eugeneistomin.com\/fr\/wp-json\/wp\/v2\/pages\/1379"}],"collection":[{"href":"https:\/\/www.eugeneistomin.com\/fr\/wp-json\/wp\/v2\/pages"}],"about":[{"href":"https:\/\/www.eugeneistomin.com\/fr\/wp-json\/wp\/v2\/types\/page"}],"author":[{"embeddable":true,"href":"https:\/\/www.eugeneistomin.com\/fr\/wp-json\/wp\/v2\/users\/1"}],"replies":[{"embeddable":true,"href":"https:\/\/www.eugeneistomin.com\/fr\/wp-json\/wp\/v2\/comments?post=1379"}],"version-history":[{"count":3,"href":"https:\/\/www.eugeneistomin.com\/fr\/wp-json\/wp\/v2\/pages\/1379\/revisions"}],"predecessor-version":[{"id":7604,"href":"https:\/\/www.eugeneistomin.com\/fr\/wp-json\/wp\/v2\/pages\/1379\/revisions\/7604"}],"up":[{"embeddable":true,"href":"https:\/\/www.eugeneistomin.com\/fr\/wp-json\/wp\/v2\/pages\/380"}],"wp:attachment":[{"href":"https:\/\/www.eugeneistomin.com\/fr\/wp-json\/wp\/v2\/media?parent=1379"}],"curies":[{"name":"wp","href":"https:\/\/api.w.org\/{rel}","templated":true}]}}

<div class="fusion-fullwidth fullwidth-box fusion-builder-row-1 hundred-percent-fullwidth non-hundred-percent-height-scrolling" style="--awb-border-radius-top-left:0px;--awb-border-radius-top-right:0px;--awb-border-radius-bottom-right:0px;--awb-border-radius-bottom-left:0px;--awb-overflow:visible;" ><div class="fusion-builder-row fusion-row"><div class="fusion-layout-column fusion_builder_column fusion-builder-column-0 fusion_builder_column_1_1 1_1 fusion-one-full fusion-column-first fusion-column-last fusion-column-no-min-height" style="--awb-bg-size:cover;--awb-margin-bottom:0px;"><div class="fusion-column-wrapper fusion-flex-column-wrapper-legacy"><div class="fusion-text fusion-text-1"><p><a href="https://eugeneistomin.com/wp-content/uploads/2015/11/Tennstedt-1.jpg"><img decoding="async" class=" size-medium wp-image-1380 alignleft" src="https://eugeneistomin.com/wp-content/uploads/2015/11/Tennstedt-1-300x300.jpg" alt="Tennstedt 1" width="300" height="300" srcset="https://www.eugeneistomin.com/wp-content/uploads/2015/11/Tennstedt-1-66x66.jpg 66w, https://www.eugeneistomin.com/wp-content/uploads/2015/11/Tennstedt-1-150x150.jpg 150w, https://www.eugeneistomin.com/wp-content/uploads/2015/11/Tennstedt-1-300x300.jpg 300w, https://www.eugeneistomin.com/wp-content/uploads/2015/11/Tennstedt-1.jpg 1000w" sizes="(max-width: 300px) 100vw, 300px" /></a>Klaus  Tennstedt, né en 1926, fit l’essentiel de sa carrière en Allemagne puis en Angleterre, mais ses concerts aux USA, à la fin des années 70 et au début des années 80, soulevèrent un très grand intérêt. Il était considéré comme un éminent représentant de la tradition germanique et on lui pardonnait volontiers son caractère difficile. Istomin  l’estimait beaucoup et eut plaisir à jouer avec lui lorsque Tennstedt devint un moment le chef principal invité du Detroit Symphony.<br />
Il fut aussi son soliste en Israël dans des circonstances difficiles. C’était la première fois qu’un chef allemand était invité à diriger l’Orchestre Philharmonique d’Israël. L’accueil fut plus que réservé, souvent même  hostile, tant de la part des musiciens que du public et de la critique. Eugene fit tout ce qu’il put pour aplanir les différends et calmer les protestations. Le succès s’affirma au fil des concerts, au point que Tennstedt fut tout de suite réengagé. Il avait été très touché par l’attitude d’Istomin et souhaitait trouver d’autres occasions de  collaboration. Malheureusement, il n’y en eut pas car Tennstedt n’avait pas alors de poste de directeur musical qui lui permette de choisir ses solistes, et de graves problèmes de santé l’amenèrent à ralentir puis à arrêter sa carrière.</p>
</div><div class="fusion-clearfix"></div></div></div><div class="fusion-layout-column fusion_builder_column fusion-builder-column-1 fusion_builder_column_1_1 1_1 fusion-one-full fusion-column-first fusion-column-last fusion-column-no-min-height" style="--awb-bg-size:cover;--awb-margin-bottom:0px;"><div class="fusion-column-wrapper fusion-flex-column-wrapper-legacy"><div class="fusion-title title fusion-title-1 fusion-title-text fusion-title-size-two"><h2 class="title-heading-left fusion-responsive-typography-calculated" style="margin:0;--fontSize:18;--minFontSize:18;line-height:1.5;">Concerts </h2><span class="awb-title-spacer"></span><div class="title-sep-container"><div class="title-sep sep-double sep-solid" style="border-color:#e0dede;"></div></div></div><div class="fusion-text fusion-text-2"><p>1978, 2 et 4 février. Ford Auditorium. <strong>Beethoven</strong>, Concerto n° 5. Detroit Symphony Orchestra. Concert enregistré.</p>
<p>1978, 25, 26, 28, 29, 30 et 31 octobre. Tel Aviv et Jérusalem. <strong>Beethoven</strong>, Concerto n° 4. Israel Philharmonic Orchestra.</p>
</div><div class="fusion-clearfix"></div></div></div><div class="fusion-layout-column fusion_builder_column fusion-builder-column-2 fusion_builder_column_1_1 1_1 fusion-one-full fusion-column-first fusion-column-last fusion-column-no-min-height" style="--awb-bg-size:cover;--awb-margin-bottom:0px;"><div class="fusion-column-wrapper fusion-flex-column-wrapper-legacy"><div class="fusion-title title fusion-title-2 fusion-title-text fusion-title-size-two"><h2 class="title-heading-left fusion-responsive-typography-calculated" style="margin:0;--fontSize:18;--minFontSize:18;line-height:1.5;">Musique</h2><span class="awb-title-spacer"></span><div class="title-sep-container"><div class="title-sep sep-double sep-solid" style="border-color:#e0dede;"></div></div></div><div class="fusion-text fusion-text-3"><p>Beethoven, Concerto n° 5 (Detroit)</p>
</div><div class="fusion-clearfix"></div></div></div></div></div>
