{"id":1357,"date":"2015-11-20T11:15:40","date_gmt":"2015-11-20T10:15:40","guid":{"rendered":"http:\/\/eugeneistomin.com\/?page_id=1357"},"modified":"2020-02-21T23:50:59","modified_gmt":"2020-02-21T22:50:59","slug":"gerard-schwarz","status":"publish","type":"page","link":"https:\/\/www.eugeneistomin.com\/fr\/grandes-collaborations-musicales\/chefs-dorchestre\/gerard-schwarz\/","title":{"rendered":"Gerard Schwarz"},"content":{"rendered":"<div class=\"fusion-fullwidth fullwidth-box fusion-builder-row-1 hundred-percent-fullwidth non-hundred-percent-height-scrolling\" style=\"--awb-border-radius-top-left:0px;--awb-border-radius-top-right:0px;--awb-border-radius-bottom-right:0px;--awb-border-radius-bottom-left:0px;--awb-overflow:visible;\" ><div class=\"fusion-builder-row fusion-row\"><div class=\"fusion-layout-column fusion_builder_column fusion-builder-column-0 fusion_builder_column_1_1 1_1 fusion-one-full fusion-column-first fusion-column-last fusion-column-no-min-height\" style=\"--awb-bg-size:cover;--awb-margin-bottom:0px;\"><div class=\"fusion-column-wrapper fusion-flex-column-wrapper-legacy\"><div class=\"fusion-text fusion-text-1\"><p><a href=\"https:\/\/eugeneistomin.com\/wp-content\/uploads\/2015\/11\/Gerard-Schwarz.jpg\"><img decoding=\"async\" class=\" size-medium wp-image-3453 alignleft\" src=\"https:\/\/eugeneistomin.com\/wp-content\/uploads\/2015\/11\/Gerard-Schwarz-300x300.jpg\" alt=\"Gerard-Schwarz\" width=\"300\" height=\"300\" srcset=\"https:\/\/www.eugeneistomin.com\/wp-content\/uploads\/2015\/11\/Gerard-Schwarz-66x66.jpg 66w, https:\/\/www.eugeneistomin.com\/wp-content\/uploads\/2015\/11\/Gerard-Schwarz-150x150.jpg 150w, https:\/\/www.eugeneistomin.com\/wp-content\/uploads\/2015\/11\/Gerard-Schwarz-300x300.jpg 300w, https:\/\/www.eugeneistomin.com\/wp-content\/uploads\/2015\/11\/Gerard-Schwarz.jpg 480w\" sizes=\"(max-width: 300px) 100vw, 300px\" \/><\/a>Ce  chef d\u2019orchestre am\u00e9ricain, n\u00e9 en 1947, fut pour Istomin un ami et un partenaire importants dans les vingt derni\u00e8res ann\u00e9es de sa carri\u00e8re. Schwarz avait fait ses d\u00e9buts comme trompettiste (il fut le trompette solo de l\u2019Orchestre Philharmonique de New York au temps de Boulez), mais sa vraie passion \u00e9tait la direction. Il prit la succession de Neville Marriner \u00e0 la t\u00eate de l\u2019Orchestre de Chambre de Los Angeles, puis il resta pendant vingt-six ans le directeur musical du Seattle Symphony Orchestra. Il d\u00e9fend avec beaucoup de conviction et de talent la musique des compositeurs am\u00e9ricains du Vingti\u00e8me Si\u00e8cle. Son r\u00e9pertoire est tr\u00e8s large, avec une pr\u00e9dilection pour l\u2019\u00e9poque classique (il dirigea longtemps le Mostly Mozart Festival \u00e0 New York) et le post-romantisme (il a enregistr\u00e9 l\u2019int\u00e9grale des <em>Symphonies<\/em> de Mahler). Istomin eut plaisir \u00e0 jouer Mozart et Beethoven avec lui, avec un sentiment de grande compr\u00e9hension r\u00e9ciproque. C\u2019est aussi avec lui qu\u2019il r\u00e9alisa son dernier enregistrement officiel, en octobre 1995, les <em>Concertos n\u00b0 21<\/em> et<em> 24<\/em> de Mozart avec le Seattle Symphony Orchestra.<br \/>\nA l\u2019occasion du soixante-quinzi\u00e8me \u00a0anniversaire d\u2019Istomin, Gerard Schwarz lui \u00e9crivit\u00a0: \u00ab\u00a0Nos exp\u00e9riences musicales dans Mozart et dans Beethoven sont tr\u00e8s importantes pour moi, mais nos relations personnelles l\u2019ont \u00e9t\u00e9 encore davantage. Votre sagesse, votre intelligence, votre bienveillance et votre profonde sensibilit\u00e9 ont toujours \u00e9t\u00e9 un mod\u00e8le pour moi. On peut \u00e0 la fois \u00eatre un homme aux opinions tranch\u00e9es, aux id\u00e9aux \u00e9lev\u00e9s, et avoir cet extraordinaire sens de l\u2019amiti\u00e9 que vous manifestez avec tant de gens. Vous \u00eates un ami tr\u00e8s cher et un grand artiste.\u00a0\u00bb<\/p>\n<\/div><div class=\"fusion-clearfix\"><\/div><\/div><\/div><div class=\"fusion-layout-column fusion_builder_column fusion-builder-column-1 fusion_builder_column_1_1 1_1 fusion-one-full fusion-column-first fusion-column-last fusion-column-no-min-height\" style=\"--awb-bg-size:cover;--awb-margin-bottom:0px;\"><div class=\"fusion-column-wrapper fusion-flex-column-wrapper-legacy\"><div class=\"fusion-title title fusion-title-1 fusion-title-text fusion-title-size-two\"><h2 class=\"title-heading-left fusion-responsive-typography-calculated\" style=\"margin:0;--fontSize:18;--minFontSize:18;line-height:1.5;\"><strong>Quelques concerts<\/strong><\/h2><span class=\"awb-title-spacer\"><\/span><div class=\"title-sep-container\"><div class=\"title-sep sep-double sep-solid\" style=\"border-color:#e0dede;\"><\/div><\/div><\/div><div class=\"fusion-text fusion-text-2\"><p><strong>1978<\/strong>, 12 ao\u00fbt. Waterloo. <strong>Beethoven<\/strong>, <em>Concerto n\u00b0 4<\/em>. Waterloo Festival Orchestra.<br \/>\n<strong>1981<\/strong>, 6 janvier. San Francisco, Davies Symphony Hall. <strong>Mozart<\/strong>, <em>Concerto n\u00b0 21<\/em>. San Francisco Symphony.<br \/>\n<strong>1986<\/strong>, 19 ao\u00fbt. New York, Avery Fischer Hall. <strong>Mozart<\/strong>, <em>Concerto n\u00b0 24<\/em>. Mostly Mozart Festival Orchestra.<br \/>\n<strong>1990<\/strong>, 4 ao\u00fbt. New York, Avery Fischer Hall. <strong>Mozart<\/strong>, <em>Concerto n\u00b0 21<\/em>. Mostly Mozart Festival Orchestra.<br \/>\n<strong>1993<\/strong>, 17 ao\u00fbt. New York, Avery Fischer Hall. <strong>Beethoven<\/strong>, <em>Concerto n\u00b0 4<\/em>. Mostly Mozart Festival Orchestra.<br \/>\n<strong>1994<\/strong>, 22 mai. Evian, Grange au Lac. <strong>Beethoven<\/strong>, <em>Concerto n\u00b0 4<\/em>. Curtis Symphony Orchestra.<br \/>\n<strong>1999<\/strong>, janvier. New York, Avery Fischer Hall. <strong>Mozart<\/strong>, Beethoven, <em>Concerto n\u00b0 3<\/em>. New York Chamber Orchestra.<\/p>\n<p>Informations sur les concerts avec l\u2019Orchestre de Chambre de Los Angeles et le Seattle Symphony Orchestra non disponibles.<\/p>\n<\/div><div class=\"fusion-clearfix\"><\/div><\/div><\/div><div class=\"fusion-layout-column fusion_builder_column fusion-builder-column-2 fusion_builder_column_1_1 1_1 fusion-one-full fusion-column-first fusion-column-last fusion-column-no-min-height\" style=\"--awb-bg-size:cover;--awb-margin-bottom:0px;\"><div class=\"fusion-column-wrapper fusion-flex-column-wrapper-legacy\"><div class=\"fusion-title title fusion-title-2 fusion-title-text fusion-title-size-two\"><h2 class=\"title-heading-left fusion-responsive-typography-calculated\" style=\"margin:0;--fontSize:18;--minFontSize:18;line-height:1.5;\"><strong>Enregistrements<\/strong><\/h2><span class=\"awb-title-spacer\"><\/span><div class=\"title-sep-container\"><div class=\"title-sep sep-double sep-solid\" style=\"border-color:#e0dede;\"><\/div><\/div><\/div><div class=\"fusion-text fusion-text-3\"><p><strong>Mozart<\/strong>. <em>Concertos n\u00b0 21<\/em> &amp; <em>24<\/em>. Seattle Symphony Orchestra. CD Reference Recordings RR-68. 10 octobre 1995<\/p>\n<\/div><div class=\"fusion-clearfix\"><\/div><\/div><\/div><div class=\"fusion-layout-column fusion_builder_column fusion-builder-column-3 fusion_builder_column_1_1 1_1 fusion-one-full fusion-column-first fusion-column-last fusion-column-no-min-height\" style=\"--awb-bg-size:cover;--awb-margin-bottom:0px;\"><div class=\"fusion-column-wrapper fusion-flex-column-wrapper-legacy\"><div class=\"fusion-title title fusion-title-3 fusion-title-text fusion-title-size-two\"><h2 class=\"title-heading-left fusion-responsive-typography-calculated\" style=\"margin:0;--fontSize:18;--minFontSize:18;line-height:1.5;\"><strong>Musique<\/strong><\/h2><span class=\"awb-title-spacer\"><\/span><div class=\"title-sep-container\"><div class=\"title-sep sep-double sep-solid\" style=\"border-color:#e0dede;\"><\/div><\/div><\/div><div class=\"fusion-text fusion-text-4\"><!--[if lt IE 9]><script>document.createElement('audio');<\/script><![endif]-->\n<audio class=\"wp-audio-shortcode\" id=\"audio-1357-1\" preload=\"none\" style=\"width: 100%;\" controls=\"controls\"><source type=\"audio\/mpeg\" src=\"https:\/\/eugeneistomin.com\/wp-content\/uploads\/2016\/03\/Mozart-Concerto-n\u00b021_Cadense_128k.mp3?_=1\" \/><a href=\"https:\/\/eugeneistomin.com\/wp-content\/uploads\/2016\/03\/Mozart-Concerto-n\u00b021_Cadense_128k.mp3\">https:\/\/eugeneistomin.com\/wp-content\/uploads\/2016\/03\/Mozart-Concerto-n\u00b021_Cadense_128k.mp3<\/a><\/audio>\n<p><strong>Mozart<\/strong>. <em>Concerto n\u00b0 21 en ut majeur K. 467<\/em> : cadence du\u00a0premier mouvement. Orchestre Symphonique de Seattle. Gerard Schwarz. CD Reference Recordings RR 68<\/p>\n<\/div><div class=\"fusion-clearfix\"><\/div><\/div><\/div><\/div><\/div>\n","protected":false},"excerpt":{"rendered":"","protected":false},"author":1,"featured_media":0,"parent":380,"menu_order":0,"comment_status":"open","ping_status":"open","template":"","meta":[],"acf":[],"_links":{"self":[{"href":"https:\/\/www.eugeneistomin.com\/fr\/wp-json\/wp\/v2\/pages\/1357"}],"collection":[{"href":"https:\/\/www.eugeneistomin.com\/fr\/wp-json\/wp\/v2\/pages"}],"about":[{"href":"https:\/\/www.eugeneistomin.com\/fr\/wp-json\/wp\/v2\/types\/page"}],"author":[{"embeddable":true,"href":"https:\/\/www.eugeneistomin.com\/fr\/wp-json\/wp\/v2\/users\/1"}],"replies":[{"embeddable":true,"href":"https:\/\/www.eugeneistomin.com\/fr\/wp-json\/wp\/v2\/comments?post=1357"}],"version-history":[{"count":7,"href":"https:\/\/www.eugeneistomin.com\/fr\/wp-json\/wp\/v2\/pages\/1357\/revisions"}],"predecessor-version":[{"id":7612,"href":"https:\/\/www.eugeneistomin.com\/fr\/wp-json\/wp\/v2\/pages\/1357\/revisions\/7612"}],"up":[{"embeddable":true,"href":"https:\/\/www.eugeneistomin.com\/fr\/wp-json\/wp\/v2\/pages\/380"}],"wp:attachment":[{"href":"https:\/\/www.eugeneistomin.com\/fr\/wp-json\/wp\/v2\/media?parent=1357"}],"curies":[{"name":"wp","href":"https:\/\/api.w.org\/{rel}","templated":true}]}}

<div class="fusion-fullwidth fullwidth-box fusion-builder-row-1 hundred-percent-fullwidth non-hundred-percent-height-scrolling" style="--awb-border-radius-top-left:0px;--awb-border-radius-top-right:0px;--awb-border-radius-bottom-right:0px;--awb-border-radius-bottom-left:0px;--awb-overflow:visible;" ><div class="fusion-builder-row fusion-row"><div class="fusion-layout-column fusion_builder_column fusion-builder-column-0 fusion_builder_column_1_1 1_1 fusion-one-full fusion-column-first fusion-column-last fusion-column-no-min-height" style="--awb-bg-size:cover;--awb-margin-bottom:0px;"><div class="fusion-column-wrapper fusion-flex-column-wrapper-legacy"><div class="fusion-text fusion-text-1"><p><a href="https://eugeneistomin.com/wp-content/uploads/2015/11/Gerard-Schwarz.jpg"><img decoding="async" class=" size-medium wp-image-3453 alignleft" src="https://eugeneistomin.com/wp-content/uploads/2015/11/Gerard-Schwarz-300x300.jpg" alt="Gerard-Schwarz" width="300" height="300" srcset="https://www.eugeneistomin.com/wp-content/uploads/2015/11/Gerard-Schwarz-66x66.jpg 66w, https://www.eugeneistomin.com/wp-content/uploads/2015/11/Gerard-Schwarz-150x150.jpg 150w, https://www.eugeneistomin.com/wp-content/uploads/2015/11/Gerard-Schwarz-300x300.jpg 300w, https://www.eugeneistomin.com/wp-content/uploads/2015/11/Gerard-Schwarz.jpg 480w" sizes="(max-width: 300px) 100vw, 300px" /></a>Ce  chef d’orchestre américain, né en 1947, fut pour Istomin un ami et un partenaire importants dans les vingt dernières années de sa carrière. Schwarz avait fait ses débuts comme trompettiste (il fut le trompette solo de l’Orchestre Philharmonique de New York au temps de Boulez), mais sa vraie passion était la direction. Il prit la succession de Neville Marriner à la tête de l’Orchestre de Chambre de Los Angeles, puis il resta pendant vingt-six ans le directeur musical du Seattle Symphony Orchestra. Il défend avec beaucoup de conviction et de talent la musique des compositeurs américains du Vingtième Siècle. Son répertoire est très large, avec une prédilection pour l’époque classique (il dirigea longtemps le Mostly Mozart Festival à New York) et le post-romantisme (il a enregistré l’intégrale des <em>Symphonies</em> de Mahler). Istomin eut plaisir à jouer Mozart et Beethoven avec lui, avec un sentiment de grande compréhension réciproque. C’est aussi avec lui qu’il réalisa son dernier enregistrement officiel, en octobre 1995, les <em>Concertos n° 21</em> et<em> 24</em> de Mozart avec le Seattle Symphony Orchestra.<br />
A l’occasion du soixante-quinzième  anniversaire d’Istomin, Gerard Schwarz lui écrivit : « Nos expériences musicales dans Mozart et dans Beethoven sont très importantes pour moi, mais nos relations personnelles l’ont été encore davantage. Votre sagesse, votre intelligence, votre bienveillance et votre profonde sensibilité ont toujours été un modèle pour moi. On peut à la fois être un homme aux opinions tranchées, aux idéaux élevés, et avoir cet extraordinaire sens de l’amitié que vous manifestez avec tant de gens. Vous êtes un ami très cher et un grand artiste. »</p>
</div><div class="fusion-clearfix"></div></div></div><div class="fusion-layout-column fusion_builder_column fusion-builder-column-1 fusion_builder_column_1_1 1_1 fusion-one-full fusion-column-first fusion-column-last fusion-column-no-min-height" style="--awb-bg-size:cover;--awb-margin-bottom:0px;"><div class="fusion-column-wrapper fusion-flex-column-wrapper-legacy"><div class="fusion-title title fusion-title-1 fusion-title-text fusion-title-size-two"><h2 class="title-heading-left fusion-responsive-typography-calculated" style="margin:0;--fontSize:18;--minFontSize:18;line-height:1.5;"><strong>Quelques concerts</strong></h2><span class="awb-title-spacer"></span><div class="title-sep-container"><div class="title-sep sep-double sep-solid" style="border-color:#e0dede;"></div></div></div><div class="fusion-text fusion-text-2"><p><strong>1978</strong>, 12 août. Waterloo. <strong>Beethoven</strong>, <em>Concerto n° 4</em>. Waterloo Festival Orchestra.<br />
<strong>1981</strong>, 6 janvier. San Francisco, Davies Symphony Hall. <strong>Mozart</strong>, <em>Concerto n° 21</em>. San Francisco Symphony.<br />
<strong>1986</strong>, 19 août. New York, Avery Fischer Hall. <strong>Mozart</strong>, <em>Concerto n° 24</em>. Mostly Mozart Festival Orchestra.<br />
<strong>1990</strong>, 4 août. New York, Avery Fischer Hall. <strong>Mozart</strong>, <em>Concerto n° 21</em>. Mostly Mozart Festival Orchestra.<br />
<strong>1993</strong>, 17 août. New York, Avery Fischer Hall. <strong>Beethoven</strong>, <em>Concerto n° 4</em>. Mostly Mozart Festival Orchestra.<br />
<strong>1994</strong>, 22 mai. Evian, Grange au Lac. <strong>Beethoven</strong>, <em>Concerto n° 4</em>. Curtis Symphony Orchestra.<br />
<strong>1999</strong>, janvier. New York, Avery Fischer Hall. <strong>Mozart</strong>, Beethoven, <em>Concerto n° 3</em>. New York Chamber Orchestra.</p>
<p>Informations sur les concerts avec l’Orchestre de Chambre de Los Angeles et le Seattle Symphony Orchestra non disponibles.</p>
</div><div class="fusion-clearfix"></div></div></div><div class="fusion-layout-column fusion_builder_column fusion-builder-column-2 fusion_builder_column_1_1 1_1 fusion-one-full fusion-column-first fusion-column-last fusion-column-no-min-height" style="--awb-bg-size:cover;--awb-margin-bottom:0px;"><div class="fusion-column-wrapper fusion-flex-column-wrapper-legacy"><div class="fusion-title title fusion-title-2 fusion-title-text fusion-title-size-two"><h2 class="title-heading-left fusion-responsive-typography-calculated" style="margin:0;--fontSize:18;--minFontSize:18;line-height:1.5;"><strong>Enregistrements</strong></h2><span class="awb-title-spacer"></span><div class="title-sep-container"><div class="title-sep sep-double sep-solid" style="border-color:#e0dede;"></div></div></div><div class="fusion-text fusion-text-3"><p><strong>Mozart</strong>. <em>Concertos n° 21</em> &amp; <em>24</em>. Seattle Symphony Orchestra. CD Reference Recordings RR-68. 10 octobre 1995</p>
</div><div class="fusion-clearfix"></div></div></div><div class="fusion-layout-column fusion_builder_column fusion-builder-column-3 fusion_builder_column_1_1 1_1 fusion-one-full fusion-column-first fusion-column-last fusion-column-no-min-height" style="--awb-bg-size:cover;--awb-margin-bottom:0px;"><div class="fusion-column-wrapper fusion-flex-column-wrapper-legacy"><div class="fusion-title title fusion-title-3 fusion-title-text fusion-title-size-two"><h2 class="title-heading-left fusion-responsive-typography-calculated" style="margin:0;--fontSize:18;--minFontSize:18;line-height:1.5;"><strong>Musique</strong></h2><span class="awb-title-spacer"></span><div class="title-sep-container"><div class="title-sep sep-double sep-solid" style="border-color:#e0dede;"></div></div></div><div class="fusion-text fusion-text-4"><!--[if lt IE 9]><script>document.createElement('audio');</script><![endif]-->
<audio class="wp-audio-shortcode" id="audio-1357-1" preload="none" style="width: 100%;" controls="controls"><source type="audio/mpeg" src="https://eugeneistomin.com/wp-content/uploads/2016/03/Mozart-Concerto-n°21_Cadense_128k.mp3?_=1" /><a href="https://eugeneistomin.com/wp-content/uploads/2016/03/Mozart-Concerto-n°21_Cadense_128k.mp3">https://eugeneistomin.com/wp-content/uploads/2016/03/Mozart-Concerto-n°21_Cadense_128k.mp3</a></audio>
<p><strong>Mozart</strong>. <em>Concerto n° 21 en ut majeur K. 467</em> : cadence du premier mouvement. Orchestre Symphonique de Seattle. Gerard Schwarz. CD Reference Recordings RR 68</p>
</div><div class="fusion-clearfix"></div></div></div></div></div>
