{"id":1210,"date":"2015-11-19T12:21:08","date_gmt":"2015-11-19T11:21:08","guid":{"rendered":"http:\/\/eugeneistomin.com\/?page_id=1210"},"modified":"2020-02-21T23:51:07","modified_gmt":"2020-02-21T22:51:07","slug":"arturo-toscanini","status":"publish","type":"page","link":"https:\/\/www.eugeneistomin.com\/fr\/grandes-collaborations-musicales\/chefs-dorchestre\/arturo-toscanini\/","title":{"rendered":"Arturo Toscanini"},"content":{"rendered":"<div class=\"fusion-fullwidth fullwidth-box fusion-builder-row-1 hundred-percent-fullwidth non-hundred-percent-height-scrolling\" style=\"--awb-border-radius-top-left:0px;--awb-border-radius-top-right:0px;--awb-border-radius-bottom-right:0px;--awb-border-radius-bottom-left:0px;--awb-overflow:visible;\" ><div class=\"fusion-builder-row fusion-row\"><div class=\"fusion-layout-column fusion_builder_column fusion-builder-column-0 fusion_builder_column_1_1 1_1 fusion-one-full fusion-column-first fusion-column-last\" style=\"--awb-bg-size:cover;\"><div class=\"fusion-column-wrapper fusion-flex-column-wrapper-legacy\"><div class=\"fusion-text fusion-text-1\"><p><a href=\"https:\/\/eugeneistomin.com\/wp-content\/uploads\/2015\/10\/toscanini3.jpg\"><img decoding=\"async\" class=\" size-medium wp-image-631 alignleft\" src=\"https:\/\/eugeneistomin.com\/wp-content\/uploads\/2015\/10\/toscanini3-229x300.jpg\" alt=\"toscanini3\" width=\"229\" height=\"300\" srcset=\"https:\/\/www.eugeneistomin.com\/wp-content\/uploads\/2015\/10\/toscanini3-229x300.jpg 229w, https:\/\/www.eugeneistomin.com\/wp-content\/uploads\/2015\/10\/toscanini3.jpg 686w\" sizes=\"(max-width: 229px) 100vw, 229px\" \/><\/a><\/p>\n<p class=\"beautify\">Toscanini  resta pour Istomin une r\u00e9f\u00e9rence essentielle tout au long de sa vie. Les seuls disques qu\u2019il \u00e9coutait r\u00e9guli\u00e8rement \u00e9taient ceux de Casals, de Heifetz et de Toscanini.\u00a0Il avait eu l\u2019occasion de voir Toscanini diriger \u00e0 New York, notamment le 23 f\u00e9vrier 1936, lorsque le Maestro, qui n\u2019acceptait que rarement de diriger des \u0153uvres concertantes, avait fait \u00e0 Serkin le grand honneur de l\u2019inviter \u00e0 jouer le <em>Concerto K. 595<\/em>\u00a0de Mozart et le <em>Quatri\u00e8me<\/em> de Beethoven dans le m\u00eame concert.<\/p>\n<p>Mais c&rsquo;est \u00e0 Philadelphie qu&rsquo;Istomin v\u00e9cut ses exp\u00e9riences les plus fortes, lors de la saison\u00a01941-42, lorsque Toscanini, en froid avec l\u2019administration de l\u2019Orchestre de la NBC, vint donner une s\u00e9rie de concerts \u00e0 la t\u00eate de l\u2019Orchestre de Philadelphie. Les \u00e9l\u00e8ves du Curtis b\u00e9n\u00e9ficiaient toujours d\u2019invitations, et Istomin put entendre Toscanini diriger notamment la <em>Neuvi\u00e8me<\/em> de Schubert (une interpr\u00e9tation rest\u00e9e l\u00e9gendaire), <em>Mort et transfiguration<\/em> de Richard Strauss, la <em>Symphonie Path\u00e9tique<\/em> de Tcha\u00efkovsky la musique de sc\u00e8ne de Mendelssohn pour <em>Le Songe d\u2019une nuit d\u2019\u00e9t\u00e9<\/em>, <em>Iberia<\/em> et <em>La Mer<\/em> de Debussy, le <em>Scherzo de la Reine Mab<\/em> de Berlioz\u2026 Il eut m\u00eame la chance de pouvoir assister, en f\u00e9vrier 1942, \u00e0 la r\u00e9p\u00e9tition de <em>La Mer<\/em>. Istomin fut stup\u00e9fait par la rudesse et l\u2019exigence de Toscanini avec les musiciens de l\u2019Orchestre de Philadelphie, qui \u00e9tait r\u00e9put\u00e9 \u00eatre le meilleur du monde. Aucun autre chef ne s\u2019adressait \u00e0 eux comme \u00e7a\u00a0! Cependant l\u2019orchestre \u00e9tait tr\u00e8s enthousiaste, et Toscanini heureux et plein d\u2019\u00e9nergie. Il demanda au pupitre de violoncelles de r\u00e9p\u00e9ter tr\u00e8s longuement une phrase jusqu\u2019\u00e0 ce que les musiciens soient \u00e9puis\u00e9s et que lui soit satisfait\u00a0! <em>La Mer<\/em> \u00e9tait une des grandes sp\u00e9cialit\u00e9s de Toscanini, avec une flexibilit\u00e9 des tempos, une palette de couleurs, une richesse de dynamique, une subtilit\u00e9 uniques. Au concert, l\u2019interpr\u00e9tation fut une des plus belles r\u00e9ussites de Toscanini, d\u2019une virtuosit\u00e9 \u00e9poustouflante, avec un final d\u2019une grande f\u00e9rocit\u00e9, \u00e9voquant irr\u00e9sistiblement le pouvoir destructeur de la nature. Istomin en garda un souvenir inoubliable et cela \u00e9veilla son amour pour Debussy.<br \/>\n<a href=\"https:\/\/eugeneistomin.com\/wp-content\/uploads\/2015\/10\/Toscanini-5.jpg\"><img decoding=\"async\" class=\" size-medium wp-image-633 alignright\" src=\"https:\/\/eugeneistomin.com\/wp-content\/uploads\/2015\/10\/Toscanini-5-300x225.jpg\" alt=\"Toscanini 5\" width=\"300\" height=\"225\" srcset=\"https:\/\/www.eugeneistomin.com\/wp-content\/uploads\/2015\/10\/Toscanini-5-300x225.jpg 300w, https:\/\/www.eugeneistomin.com\/wp-content\/uploads\/2015\/10\/Toscanini-5.jpg 800w\" sizes=\"(max-width: 300px) 100vw, 300px\" \/><\/a>La principale le\u00e7on qu\u2019Istomin avait retenue de Toscanini, c\u2019\u00e9tait que l\u2019\u00e9motion naissait de l\u2019exactitude et de la clart\u00e9, d\u2019un sens exacerb\u00e9 de la pulsation rythmique et du contr\u00f4le de la dynamique, qu\u2019il n\u2019y avait nul besoin de s\u00e9duction gratuite, de mani\u00e9risme ou de sentimentalisme. Par ailleurs, Toscanini achevait de le convaincre que la virtuosit\u00e9 \u00e9tait un moyen indispensable, et que la perfection \u00e9tait le seul objectif, quoiqu\u2019il en co\u00fbte en termes de travail et d\u2019inqui\u00e9tude. Lorsqu\u2019il en parla avec Casals, Istomin fut tr\u00e8s heureux que Casals partage son admiration pour le musicien et pour l\u2019homme, qui s\u2019\u00e9tait \u00e9lev\u00e9 contre Mussolini et Hitler.<\/p>\n<\/div><div class=\"fusion-title title fusion-title-1 fusion-title-text fusion-title-size-two\"><h2 class=\"title-heading-left fusion-responsive-typography-calculated\" style=\"margin:0;--fontSize:18;--minFontSize:18;line-height:1.5;\"><strong>Document<\/strong><\/h2><span class=\"awb-title-spacer\"><\/span><div class=\"title-sep-container\"><div class=\"title-sep sep-double sep-solid\" style=\"border-color:#e0dede;\"><\/div><\/div><\/div><div class=\"fusion-text fusion-text-2\"><p>Toscanini dirige Verdi, Ouverture de <em>La Force du destin<\/em>.<\/p>\n<\/div><div class=\"fusion-video fusion-youtube\" style=\"--awb-max-width:600px;--awb-max-height:350px;\"><div class=\"video-shortcode\"><div class=\"fluid-width-video-wrapper\" style=\"padding-top:58.33%;\" ><iframe title=\"YouTube video player 1\" src=\"https:\/\/www.youtube.com\/embed\/bqmmTjC3ffk?wmode=transparent&autoplay=0\" width=\"600\" height=\"350\" allowfullscreen allow=\"autoplay; fullscreen\"><\/iframe><\/div><\/div><\/div><div class=\"fusion-clearfix\"><\/div><\/div><\/div><div class=\"fusion-layout-column fusion_builder_column fusion-builder-column-1 fusion_builder_column_1_1 1_1 fusion-one-full fusion-column-first fusion-column-last fusion-column-no-min-height\" style=\"--awb-bg-size:cover;--awb-margin-bottom:0px;\"><div class=\"fusion-column-wrapper fusion-flex-column-wrapper-legacy\"><div class=\"fusion-text fusion-text-3\"><\/div><div class=\"fusion-clearfix\"><\/div><\/div><\/div><\/div><\/div>\n","protected":false},"excerpt":{"rendered":"","protected":false},"author":1,"featured_media":0,"parent":380,"menu_order":0,"comment_status":"open","ping_status":"open","template":"","meta":[],"acf":[],"_links":{"self":[{"href":"https:\/\/www.eugeneistomin.com\/fr\/wp-json\/wp\/v2\/pages\/1210"}],"collection":[{"href":"https:\/\/www.eugeneistomin.com\/fr\/wp-json\/wp\/v2\/pages"}],"about":[{"href":"https:\/\/www.eugeneistomin.com\/fr\/wp-json\/wp\/v2\/types\/page"}],"author":[{"embeddable":true,"href":"https:\/\/www.eugeneistomin.com\/fr\/wp-json\/wp\/v2\/users\/1"}],"replies":[{"embeddable":true,"href":"https:\/\/www.eugeneistomin.com\/fr\/wp-json\/wp\/v2\/comments?post=1210"}],"version-history":[{"count":4,"href":"https:\/\/www.eugeneistomin.com\/fr\/wp-json\/wp\/v2\/pages\/1210\/revisions"}],"predecessor-version":[{"id":7656,"href":"https:\/\/www.eugeneistomin.com\/fr\/wp-json\/wp\/v2\/pages\/1210\/revisions\/7656"}],"up":[{"embeddable":true,"href":"https:\/\/www.eugeneistomin.com\/fr\/wp-json\/wp\/v2\/pages\/380"}],"wp:attachment":[{"href":"https:\/\/www.eugeneistomin.com\/fr\/wp-json\/wp\/v2\/media?parent=1210"}],"curies":[{"name":"wp","href":"https:\/\/api.w.org\/{rel}","templated":true}]}}

<div class="fusion-fullwidth fullwidth-box fusion-builder-row-1 hundred-percent-fullwidth non-hundred-percent-height-scrolling" style="--awb-border-radius-top-left:0px;--awb-border-radius-top-right:0px;--awb-border-radius-bottom-right:0px;--awb-border-radius-bottom-left:0px;--awb-overflow:visible;" ><div class="fusion-builder-row fusion-row"><div class="fusion-layout-column fusion_builder_column fusion-builder-column-0 fusion_builder_column_1_1 1_1 fusion-one-full fusion-column-first fusion-column-last" style="--awb-bg-size:cover;"><div class="fusion-column-wrapper fusion-flex-column-wrapper-legacy"><div class="fusion-text fusion-text-1"><p><a href="https://eugeneistomin.com/wp-content/uploads/2015/10/toscanini3.jpg"><img decoding="async" class=" size-medium wp-image-631 alignleft" src="https://eugeneistomin.com/wp-content/uploads/2015/10/toscanini3-229x300.jpg" alt="toscanini3" width="229" height="300" srcset="https://www.eugeneistomin.com/wp-content/uploads/2015/10/toscanini3-229x300.jpg 229w, https://www.eugeneistomin.com/wp-content/uploads/2015/10/toscanini3.jpg 686w" sizes="(max-width: 229px) 100vw, 229px" /></a></p>
<p class="beautify">Toscanini  resta pour Istomin une référence essentielle tout au long de sa vie. Les seuls disques qu’il écoutait régulièrement étaient ceux de Casals, de Heifetz et de Toscanini. Il avait eu l’occasion de voir Toscanini diriger à New York, notamment le 23 février 1936, lorsque le Maestro, qui n’acceptait que rarement de diriger des œuvres concertantes, avait fait à Serkin le grand honneur de l’inviter à jouer le <em>Concerto K. 595</em> de Mozart et le <em>Quatrième</em> de Beethoven dans le même concert.</p>
<p>Mais c&rsquo;est à Philadelphie qu&rsquo;Istomin vécut ses expériences les plus fortes, lors de la saison 1941-42, lorsque Toscanini, en froid avec l’administration de l’Orchestre de la NBC, vint donner une série de concerts à la tête de l’Orchestre de Philadelphie. Les élèves du Curtis bénéficiaient toujours d’invitations, et Istomin put entendre Toscanini diriger notamment la <em>Neuvième</em> de Schubert (une interprétation restée légendaire), <em>Mort et transfiguration</em> de Richard Strauss, la <em>Symphonie Pathétique</em> de Tchaïkovsky la musique de scène de Mendelssohn pour <em>Le Songe d’une nuit d’été</em>, <em>Iberia</em> et <em>La Mer</em> de Debussy, le <em>Scherzo de la Reine Mab</em> de Berlioz… Il eut même la chance de pouvoir assister, en février 1942, à la répétition de <em>La Mer</em>. Istomin fut stupéfait par la rudesse et l’exigence de Toscanini avec les musiciens de l’Orchestre de Philadelphie, qui était réputé être le meilleur du monde. Aucun autre chef ne s’adressait à eux comme ça ! Cependant l’orchestre était très enthousiaste, et Toscanini heureux et plein d’énergie. Il demanda au pupitre de violoncelles de répéter très longuement une phrase jusqu’à ce que les musiciens soient épuisés et que lui soit satisfait ! <em>La Mer</em> était une des grandes spécialités de Toscanini, avec une flexibilité des tempos, une palette de couleurs, une richesse de dynamique, une subtilité uniques. Au concert, l’interprétation fut une des plus belles réussites de Toscanini, d’une virtuosité époustouflante, avec un final d’une grande férocité, évoquant irrésistiblement le pouvoir destructeur de la nature. Istomin en garda un souvenir inoubliable et cela éveilla son amour pour Debussy.<br />
<a href="https://eugeneistomin.com/wp-content/uploads/2015/10/Toscanini-5.jpg"><img decoding="async" class=" size-medium wp-image-633 alignright" src="https://eugeneistomin.com/wp-content/uploads/2015/10/Toscanini-5-300x225.jpg" alt="Toscanini 5" width="300" height="225" srcset="https://www.eugeneistomin.com/wp-content/uploads/2015/10/Toscanini-5-300x225.jpg 300w, https://www.eugeneistomin.com/wp-content/uploads/2015/10/Toscanini-5.jpg 800w" sizes="(max-width: 300px) 100vw, 300px" /></a>La principale leçon qu’Istomin avait retenue de Toscanini, c’était que l’émotion naissait de l’exactitude et de la clarté, d’un sens exacerbé de la pulsation rythmique et du contrôle de la dynamique, qu’il n’y avait nul besoin de séduction gratuite, de maniérisme ou de sentimentalisme. Par ailleurs, Toscanini achevait de le convaincre que la virtuosité était un moyen indispensable, et que la perfection était le seul objectif, quoiqu’il en coûte en termes de travail et d’inquiétude. Lorsqu’il en parla avec Casals, Istomin fut très heureux que Casals partage son admiration pour le musicien et pour l’homme, qui s’était élevé contre Mussolini et Hitler.</p>
</div><div class="fusion-title title fusion-title-1 fusion-title-text fusion-title-size-two"><h2 class="title-heading-left fusion-responsive-typography-calculated" style="margin:0;--fontSize:18;--minFontSize:18;line-height:1.5;"><strong>Document</strong></h2><span class="awb-title-spacer"></span><div class="title-sep-container"><div class="title-sep sep-double sep-solid" style="border-color:#e0dede;"></div></div></div><div class="fusion-text fusion-text-2"><p>Toscanini dirige Verdi, Ouverture de <em>La Force du destin</em>.</p>
</div><div class="fusion-video fusion-youtube" style="--awb-max-width:600px;--awb-max-height:350px;"><div class="video-shortcode"><div class="fluid-width-video-wrapper" style="padding-top:58.33%;" ><iframe title="YouTube video player 1" src="https://www.youtube.com/embed/bqmmTjC3ffk?wmode=transparent&autoplay=0" width="600" height="350" allowfullscreen allow="autoplay; fullscreen"></iframe></div></div></div><div class="fusion-clearfix"></div></div></div><div class="fusion-layout-column fusion_builder_column fusion-builder-column-1 fusion_builder_column_1_1 1_1 fusion-one-full fusion-column-first fusion-column-last fusion-column-no-min-height" style="--awb-bg-size:cover;--awb-margin-bottom:0px;"><div class="fusion-column-wrapper fusion-flex-column-wrapper-legacy"><div class="fusion-text fusion-text-3"></div><div class="fusion-clearfix"></div></div></div></div></div>
