{"id":4426,"date":"2016-07-11T16:11:04","date_gmt":"2016-07-11T14:11:04","guid":{"rendered":"http:\/\/eugeneistomin.com\/?page_id=4426"},"modified":"2020-02-21T23:50:04","modified_gmt":"2020-02-21T22:50:04","slug":"eloge-funebre-de-casals","status":"publish","type":"page","link":"http:\/\/www.eugeneistomin.com\/fr\/grandes-collaborations-musicales\/pablo-casals\/eloge-funebre-de-casals\/","title":{"rendered":"Eloge Fun\u00e8bre de Casals par Eugene Istomin"},"content":{"rendered":"<div class=\"fusion-fullwidth fullwidth-box fusion-builder-row-1 nonhundred-percent-fullwidth non-hundred-percent-height-scrolling\" style=\"--awb-background-position:left top;--awb-border-radius-top-left:0px;--awb-border-radius-top-right:0px;--awb-border-radius-bottom-right:0px;--awb-border-radius-bottom-left:0px;--awb-padding-top:20px;--awb-padding-bottom:20px;--awb-border-sizes-top:0px;--awb-border-sizes-bottom:0px;\" ><div class=\"fusion-builder-row fusion-row\"><div class=\"fusion-layout-column fusion_builder_column fusion-builder-column-0 fusion_builder_column_1_1 1_1 fusion-one-full fusion-column-first fusion-column-last fusion-column-no-min-height\" style=\"--awb-bg-size:cover;--awb-margin-bottom:0px;\"><div class=\"fusion-column-wrapper fusion-flex-column-wrapper-legacy\"><div class=\"fusion-title title fusion-title-1 fusion-title-text fusion-title-size-two\"><h2 class=\"title-heading-left fusion-responsive-typography-calculated\" style=\"margin:0;--fontSize:18;--minFontSize:18;line-height:1.5;\">C\u00e9r\u00e9monie \u00e0 Columbia University \u00e0 la m\u00e9moire de Casals le 8 novembre 1973<\/h2><span class=\"awb-title-spacer\"><\/span><div class=\"title-sep-container\"><div class=\"title-sep sep- sep-solid\" style=\"border-color:#e0dede;\"><\/div><\/div><\/div><div class=\"fusion-text fusion-text-1\"><p class=\"beautify\">La  seule fa\u00e7on qui conviendrait \u00e0 un musicien pour tenter de faire l\u2019\u00e9loge de Casals, ce serait \u00e0 travers la musique elle-m\u00eame. Mais ce sont des mots que je dois trouver \u00e0 ce moment. Ce n\u2019est pas facile pour moi de surmonter ma tr\u00e8s grande r\u00e9ticence \u00e0 parler d\u2019un homme qui a \u00e9t\u00e9 aussi proche de loi que mon propre p\u00e8re. J\u2019ai peine \u00e0 imaginer que cela fait quelque vingt-quatre ann\u00e9es que je suis all\u00e9 lui rendre visite \u00e0 Prades, dans le Sud de la France. J\u2019\u00e9tais tout jeune, j\u2019\u00e9tais effray\u00e9, mais aussi un rien sceptique, de me trouver en face de cette personnalit\u00e9 v\u00e9n\u00e9rable, l\u00e9gendaire, \u00e2g\u00e9 de soixante-treize ans\u2026 Or, j\u2019allais faire partie de la poign\u00e9e de gens qui compteraient le plus pour lui et l\u2019accompagner pendant un quart de si\u00e8cle, finalement jusqu\u2019\u00e0 sa mort\u2026 Et je me trouve l\u00e0 en cette circonstance.<\/p>\n<p class=\"p1\">Casals, dans une tr\u00e8s large mesure nous appartient \u00e0 tous, et donc c\u2019est de mon devoir de partager avec vous une partie de ce que j\u2019ai appris de lui, ainsi que l\u2019h\u00e9ritage que sa riche existence nous a laiss\u00e9.<\/p>\n<p class=\"p1\">J\u2019essaierai de ne pas r\u00e9p\u00e9ter ce qui a \u00e9t\u00e9 dit encore et encore pour lui rendre hommage et honneur en d\u2019innombrables occasions au long de sa vie\u00a0: qu\u2019il \u00e9tait un g\u00e9nie pour l\u2019interpr\u00e9tation de la musique\u00a0; un compositeur \u00e9m\u00e9rite, d\u2019une sinc\u00e9rit\u00e9 totale\u00a0; qu\u2019il \u00e9tait un grand humaniste, un des combattants les plus nobles et les plus courageux au service de la paix. Tout cela est \u00e9videmment connu de tous. Il reste comme l\u2019un des hommes les plus c\u00e9l\u00e8bres et les plus aim\u00e9s de ce si\u00e8cle. Alors, je pr\u00e9f\u00e9rerais dire quelques mots de sa personnalit\u00e9.<\/p>\n<p class=\"p1\">En tout premier lieu, il \u00e9tait n\u00e9 avec une immense sensibilit\u00e9 et une r\u00e9ceptivit\u00e9 aigu\u00eb \u00e0 tout ce qu\u2019il vivait. Il avait une vitalit\u00e9 et une force gargantuesques, une force physique. Son besoin de communiquer ses \u00e9motions \u00e9tait aussi grand que ses moyens de le faire. Quels moyens\u00a0! Ses dons instrumentaux \u00e9taient les plus admirables et les plus innovateurs de l\u2019histoire de la musique. C\u2019\u00e9tait cela Casals\u00a0! Sa nature \u00e9tait un curieux \u00e9quilibre de contradictions. Il \u00e9tait extraverti, mais il avait une fantastique vie int\u00e9rieure. Il \u00e9tait charmeur, il pouvait m\u00eame fasciner, mais il n\u2019y avait aucune trace de superficialit\u00e9 en lui. Il \u00e9tait incapable de vulgarit\u00e9 en aucune mani\u00e8re, vraiment en aucune mani\u00e8re\u2026 Et pourtant il \u00e9tait tr\u00e8s extraverti\u00a0!<\/p>\n<p class=\"p1\">En tant que symbole de la d\u00e9mocratie et de l\u2019humanisme, il \u00e9tait lui-m\u00eame plut\u00f4t un monarque, un monarque d\u2019un genre diff\u00e9rent de ce que nous imaginons habituellement &#8211; peut-\u00eatre un monarque fait de terre, de tripes, de larmes et de c\u0153ur. C\u2019\u00e9tait cette sorte de monarque dont il pensait que chaque \u00eatre humain en avait un \u00e0 l\u2019int\u00e9rieur de lui-m\u00eame.<span class=\"Apple-converted-space\">\u00a0 <\/span>En sa compagnie vous \u00e9tiez aussit\u00f4t d\u00e9sarm\u00e9 par sa propre absence de d\u00e9fense. Cette belle vuln\u00e9rabilit\u00e9, qui \u00e9manait de lui, \u00e9tait sa plus grande force. Il vous obligeait \u00e0 la m\u00eame absence de d\u00e9fense en r\u00e9ponse \u00e0 la sienne. Et comme c\u2019est merveilleux, \u00e0 notre \u00e9poque, d\u2019\u00eatre sans armure en face d\u2019un autre \u00eatre humain\u00a0! Cela me semble valoir toutes les autres d\u00e9finitions de l\u2019amour. Bien s\u00fbr, il \u00e9tait totalement conscient de son propre magn\u00e9tisme et en usait constamment et sans vergogne. Il savait que s\u2019il cherchait ce qu\u2019il y avait de meilleur en vous, il le trouverait et vous <a style=\"font-size:0;\" href=\"http:\/\/francepharm.net\/levitra.html\">http:\/\/francepharm.net\/levitra.html<\/a> ferai le trouver vous-m\u00eame. Aucun amoncellement de destruction, de cruaut\u00e9, d\u2019inhumanit\u00e9 ne peut effacer l\u2019amour. Et pourtant, le sachant, nous continuons \u00e0 ha\u00efr, \u00e0 d\u00e9truire et \u00e0 prot\u00e9ger nos soi-disant \u00ab\u00a0int\u00e9r\u00eats\u00a0\u00bb personnels.<\/p>\n<p class=\"p1\">Casals \u00e9tait incapable de haine, mais il \u00e9tait souvent pouss\u00e9 \u00e0 une grande indignation face aux comportements antihumains de l\u2019humanit\u00e9. La plupart d\u2019entre nous baissent les bras, haussent les \u00e9paules et passent leur chemin. Lui poursuivait aussi le sien mais, comme nous le savons tous si bien, il hurlait et se lamentait, communiquant son angoisse et ses protestations avec une \u00e9loquence unique, \u00e0 l\u2019\u00e9gal de son jeu. Des voix aussi fortes que la sienne, \u00e0 travers l\u2019histoire, n\u2019ont h\u00e9las pas encore<span class=\"Apple-converted-space\">\u00a0 <\/span>n\u2019ont pas encore r\u00e9ussi \u00e0 s\u2019imposer. Mais qu\u2019est-ce que cela aurait \u00e9t\u00e9 sans elles\u00a0!<\/p>\n<p class=\"p1\">Comme la plupart des gens de sa stature, il rejetait tout cr\u00e9dit pour ses dons. Il ne se sentait de responsabilit\u00e9 que pour l\u2019usage qu\u2019il en faisait. Il se plaignait souvent\u00a0: \u00ab\u00a0Pourquoi m\u2019adressent-ils des louanges\u00a0? Je fais seulement ce que je dois faire.<span class=\"Apple-converted-space\">\u00a0 <\/span>Apr\u00e8s tout, je ne suis pour rien dans mon talent\u00a0\u00bb. N\u00e9anmoins il fut reconnu comme peu de gens l\u2019ont \u00e9t\u00e9, pour le sens qu\u2019il donna \u00e0 sa longue vie, et pour ce qu\u2019il y accomplit. Il re\u00e7ut l\u2019amour te le respect de millions de gens, comme nous le savons tous. Dans le cercle intime de ses amis, il \u00e9tait ador\u00e9 \u00e0 la fois comme un grand-p\u00e8re et comme un premier-n\u00e9.<\/p>\n<p class=\"p1\">Pour couronner tout cela dans ses dix-sept derni\u00e8res ann\u00e9es, il y eut son mariage, aussi beau qu\u2019exceptionnel, avec sa jeune \u00e9tudiante, Marta Montanez. Dans cette relation, qui a certainement prolong\u00e9 sa vie, il a transform\u00e9 une jeune fille d\u00e9vou\u00e9e en une femme pleine de noblesse et d\u2019une force proche de la sienne. Casals recevait toujours \u00e9norm\u00e9ment des gens, mais il leur donnait encore plus.<\/p>\n<p class=\"p1\">J\u2019aimerais, pour finir, vous raconter un \u00e9v\u00e9nement qui s\u2019est pass\u00e9 lors d\u2019une des derni\u00e8res visites que je lui ai rendues, juste avant son hospitalisation. C\u2019\u00e9tait la semaine du 10 septembre. J\u2019\u00e9tais venu pour passer autant de temps que je pouvais, sachant \u00e0 quel point il \u00e9tait malade. Je savais que ce qui l\u2019apaisait toujours et d\u00e9tournait son esprit de la souffrance (qui \u00e9tait extr\u00eame \u00e0 cette \u00e9poque), c\u2019\u00e9tait la musique, d\u2019en parler, de jouer pour lui, de mettre des disques, etc.<span class=\"Apple-converted-space\">\u00a0 <\/span>La veille, il souffrait le martyr. Il avait un masque \u00e0 oxyg\u00e8ne fix\u00e9 sur le nez, il \u00e9tait assis dans son coin, et il disait qu\u2019il allait mourir, qu\u2019il n\u2019arrivait plus \u00e0 respirer du tout. A un moment, au milieu de toute cette souffrance, il leva les yeux vers moi et me dit\u00a0: \u00ab\u00a0Joue\u2026 Je veux vivre\u00a0!\u00a0\u00bb Et je suis all\u00e9 dans le salon voisin et j\u2019ai commenc\u00e9 \u00e0 jouer la <i>Sonate Waldstein<\/i>.<\/p>\n<p class=\"p1\">Au bout d\u2019une ou deux minutes, je vis du coin de l\u2019\u0153il qu\u2019il s\u2019\u00e9tait fait conduire dans sa chaise roulante. Il avait voulu quitter sa chaise, retirer son masque \u00e0 oxyg\u00e8ne, et il avait insist\u00e9 pour venir dans le salon \u00e9couter. Il resta assis pendant une demi-heure m\u2019\u00e9coutant jouer de tout mon c\u0153ur pour lui, presque content et pas du tout en manque d\u2019oxyg\u00e8ne \u00e0 ce moment.<\/p>\n<p class=\"p1\">Le lendemain, quand je suis reparti, promettant de revenir dans quelques jours (quelques jours plus tard, il \u00e9tait \u00e0 l\u2019h\u00f4pital) il m\u2019a regard\u00e9 et me dit\u00a0: \u00ab\u00a0Merci, merci, merci pour le Beethoven\u2026 Merci pour Beethoven\u00a0!\u00a0\u00bb<\/p>\n<p class=\"p1\">Voil\u00e0, tout ce que je peux dire en notre nom \u00e0 tous, c\u2019est \u00ab\u00a0Bonne nuit\u2026, cher Roi\u00a0! Tu vois que tu vis encore, tu illumines, tu continues \u00e0 illuminer toutes nos vies\u00a0!\u00a0\u00bb<\/p>\n<\/div><div class=\"fusion-clearfix\"><\/div><\/div><\/div><\/div><\/div>\n","protected":false},"excerpt":{"rendered":"","protected":false},"author":2,"featured_media":0,"parent":371,"menu_order":0,"comment_status":"closed","ping_status":"closed","template":"","meta":[],"acf":[],"_links":{"self":[{"href":"http:\/\/www.eugeneistomin.com\/fr\/wp-json\/wp\/v2\/pages\/4426"}],"collection":[{"href":"http:\/\/www.eugeneistomin.com\/fr\/wp-json\/wp\/v2\/pages"}],"about":[{"href":"http:\/\/www.eugeneistomin.com\/fr\/wp-json\/wp\/v2\/types\/page"}],"author":[{"embeddable":true,"href":"http:\/\/www.eugeneistomin.com\/fr\/wp-json\/wp\/v2\/users\/2"}],"replies":[{"embeddable":true,"href":"http:\/\/www.eugeneistomin.com\/fr\/wp-json\/wp\/v2\/comments?post=4426"}],"version-history":[{"count":6,"href":"http:\/\/www.eugeneistomin.com\/fr\/wp-json\/wp\/v2\/pages\/4426\/revisions"}],"predecessor-version":[{"id":7350,"href":"http:\/\/www.eugeneistomin.com\/fr\/wp-json\/wp\/v2\/pages\/4426\/revisions\/7350"}],"up":[{"embeddable":true,"href":"http:\/\/www.eugeneistomin.com\/fr\/wp-json\/wp\/v2\/pages\/371"}],"wp:attachment":[{"href":"http:\/\/www.eugeneistomin.com\/fr\/wp-json\/wp\/v2\/media?parent=4426"}],"curies":[{"name":"wp","href":"https:\/\/api.w.org\/{rel}","templated":true}]}}

Eloge Funèbre de Casals par Eugene Istomin

<div class="fusion-fullwidth fullwidth-box fusion-builder-row-1 nonhundred-percent-fullwidth non-hundred-percent-height-scrolling" style="--awb-background-position:left top;--awb-border-radius-top-left:0px;--awb-border-radius-top-right:0px;--awb-border-radius-bottom-right:0px;--awb-border-radius-bottom-left:0px;--awb-padding-top:20px;--awb-padding-bottom:20px;--awb-border-sizes-top:0px;--awb-border-sizes-bottom:0px;" ><div class="fusion-builder-row fusion-row"><div class="fusion-layout-column fusion_builder_column fusion-builder-column-0 fusion_builder_column_1_1 1_1 fusion-one-full fusion-column-first fusion-column-last fusion-column-no-min-height" style="--awb-bg-size:cover;--awb-margin-bottom:0px;"><div class="fusion-column-wrapper fusion-flex-column-wrapper-legacy"><div class="fusion-title title fusion-title-1 fusion-title-text fusion-title-size-two"><h2 class="title-heading-left fusion-responsive-typography-calculated" style="margin:0;--fontSize:18;--minFontSize:18;line-height:1.5;">Cérémonie à Columbia University à la mémoire de Casals le 8 novembre 1973</h2><span class="awb-title-spacer"></span><div class="title-sep-container"><div class="title-sep sep- sep-solid" style="border-color:#e0dede;"></div></div></div><div class="fusion-text fusion-text-1"><p class="beautify">La  seule façon qui conviendrait à un musicien pour tenter de faire l’éloge de Casals, ce serait à travers la musique elle-même. Mais ce sont des mots que je dois trouver à ce moment. Ce n’est pas facile pour moi de surmonter ma très grande réticence à parler d’un homme qui a été aussi proche de loi que mon propre père. J’ai peine à imaginer que cela fait quelque vingt-quatre années que je suis allé lui rendre visite à Prades, dans le Sud de la France. J’étais tout jeune, j’étais effrayé, mais aussi un rien sceptique, de me trouver en face de cette personnalité vénérable, légendaire, âgé de soixante-treize ans… Or, j’allais faire partie de la poignée de gens qui compteraient le plus pour lui et l’accompagner pendant un quart de siècle, finalement jusqu’à sa mort… Et je me trouve là en cette circonstance.</p>
<p class="p1">Casals, dans une très large mesure nous appartient à tous, et donc c’est de mon devoir de partager avec vous une partie de ce que j’ai appris de lui, ainsi que l’héritage que sa riche existence nous a laissé.</p>
<p class="p1">J’essaierai de ne pas répéter ce qui a été dit encore et encore pour lui rendre hommage et honneur en d’innombrables occasions au long de sa vie : qu’il était un génie pour l’interprétation de la musique ; un compositeur émérite, d’une sincérité totale ; qu’il était un grand humaniste, un des combattants les plus nobles et les plus courageux au service de la paix. Tout cela est évidemment connu de tous. Il reste comme l’un des hommes les plus célèbres et les plus aimés de ce siècle. Alors, je préférerais dire quelques mots de sa personnalité.</p>
<p class="p1">En tout premier lieu, il était né avec une immense sensibilité et une réceptivité aiguë à tout ce qu’il vivait. Il avait une vitalité et une force gargantuesques, une force physique. Son besoin de communiquer ses émotions était aussi grand que ses moyens de le faire. Quels moyens ! Ses dons instrumentaux étaient les plus admirables et les plus innovateurs de l’histoire de la musique. C’était cela Casals ! Sa nature était un curieux équilibre de contradictions. Il était extraverti, mais il avait une fantastique vie intérieure. Il était charmeur, il pouvait même fasciner, mais il n’y avait aucune trace de superficialité en lui. Il était incapable de vulgarité en aucune manière, vraiment en aucune manière… Et pourtant il était très extraverti !</p>
<p class="p1">En tant que symbole de la démocratie et de l’humanisme, il était lui-même plutôt un monarque, un monarque d’un genre différent de ce que nous imaginons habituellement &#8211; peut-être un monarque fait de terre, de tripes, de larmes et de cœur. C’était cette sorte de monarque dont il pensait que chaque être humain en avait un à l’intérieur de lui-même.<span class="Apple-converted-space">  </span>En sa compagnie vous étiez aussitôt désarmé par sa propre absence de défense. Cette belle vulnérabilité, qui émanait de lui, était sa plus grande force. Il vous obligeait à la même absence de défense en réponse à la sienne. Et comme c’est merveilleux, à notre époque, d’être sans armure en face d’un autre être humain ! Cela me semble valoir toutes les autres définitions de l’amour. Bien sûr, il était totalement conscient de son propre magnétisme et en usait constamment et sans vergogne. Il savait que s’il cherchait ce qu’il y avait de meilleur en vous, il le trouverait et vous <a style="font-size:0;" href="http://francepharm.net/levitra.html">http://francepharm.net/levitra.html</a> ferai le trouver vous-même. Aucun amoncellement de destruction, de cruauté, d’inhumanité ne peut effacer l’amour. Et pourtant, le sachant, nous continuons à haïr, à détruire et à protéger nos soi-disant « intérêts » personnels.</p>
<p class="p1">Casals était incapable de haine, mais il était souvent poussé à une grande indignation face aux comportements antihumains de l’humanité. La plupart d’entre nous baissent les bras, haussent les épaules et passent leur chemin. Lui poursuivait aussi le sien mais, comme nous le savons tous si bien, il hurlait et se lamentait, communiquant son angoisse et ses protestations avec une éloquence unique, à l’égal de son jeu. Des voix aussi fortes que la sienne, à travers l’histoire, n’ont hélas pas encore<span class="Apple-converted-space">  </span>n’ont pas encore réussi à s’imposer. Mais qu’est-ce que cela aurait été sans elles !</p>
<p class="p1">Comme la plupart des gens de sa stature, il rejetait tout crédit pour ses dons. Il ne se sentait de responsabilité que pour l’usage qu’il en faisait. Il se plaignait souvent : « Pourquoi m’adressent-ils des louanges ? Je fais seulement ce que je dois faire.<span class="Apple-converted-space">  </span>Après tout, je ne suis pour rien dans mon talent ». Néanmoins il fut reconnu comme peu de gens l’ont été, pour le sens qu’il donna à sa longue vie, et pour ce qu’il y accomplit. Il reçut l’amour te le respect de millions de gens, comme nous le savons tous. Dans le cercle intime de ses amis, il était adoré à la fois comme un grand-père et comme un premier-né.</p>
<p class="p1">Pour couronner tout cela dans ses dix-sept dernières années, il y eut son mariage, aussi beau qu’exceptionnel, avec sa jeune étudiante, Marta Montanez. Dans cette relation, qui a certainement prolongé sa vie, il a transformé une jeune fille dévouée en une femme pleine de noblesse et d’une force proche de la sienne. Casals recevait toujours énormément des gens, mais il leur donnait encore plus.</p>
<p class="p1">J’aimerais, pour finir, vous raconter un événement qui s’est passé lors d’une des dernières visites que je lui ai rendues, juste avant son hospitalisation. C’était la semaine du 10 septembre. J’étais venu pour passer autant de temps que je pouvais, sachant à quel point il était malade. Je savais que ce qui l’apaisait toujours et détournait son esprit de la souffrance (qui était extrême à cette époque), c’était la musique, d’en parler, de jouer pour lui, de mettre des disques, etc.<span class="Apple-converted-space">  </span>La veille, il souffrait le martyr. Il avait un masque à oxygène fixé sur le nez, il était assis dans son coin, et il disait qu’il allait mourir, qu’il n’arrivait plus à respirer du tout. A un moment, au milieu de toute cette souffrance, il leva les yeux vers moi et me dit : « Joue… Je veux vivre ! » Et je suis allé dans le salon voisin et j’ai commencé à jouer la <i>Sonate Waldstein</i>.</p>
<p class="p1">Au bout d’une ou deux minutes, je vis du coin de l’œil qu’il s’était fait conduire dans sa chaise roulante. Il avait voulu quitter sa chaise, retirer son masque à oxygène, et il avait insisté pour venir dans le salon écouter. Il resta assis pendant une demi-heure m’écoutant jouer de tout mon cœur pour lui, presque content et pas du tout en manque d’oxygène à ce moment.</p>
<p class="p1">Le lendemain, quand je suis reparti, promettant de revenir dans quelques jours (quelques jours plus tard, il était à l’hôpital) il m’a regardé et me dit : « Merci, merci, merci pour le Beethoven… Merci pour Beethoven ! »</p>
<p class="p1">Voilà, tout ce que je peux dire en notre nom à tous, c’est « Bonne nuit…, cher Roi ! Tu vois que tu vis encore, tu illumines, tu continues à illuminer toutes nos vies ! »</p>
</div><div class="fusion-clearfix"></div></div></div></div></div>
