{"id":1977,"date":"2016-01-18T15:35:21","date_gmt":"2016-01-18T14:35:21","guid":{"rendered":"http:\/\/eugeneistomin.com\/?page_id=1977"},"modified":"2020-02-21T23:50:35","modified_gmt":"2020-02-21T22:50:35","slug":"luciano-pavarotti-et-renata-scotto","status":"publish","type":"page","link":"http:\/\/www.eugeneistomin.com\/fr\/grandes-collaborations-musicales\/divers\/luciano-pavarotti-et-renata-scotto\/","title":{"rendered":"Luciano Pavarotti et Renata Scotto"},"content":{"rendered":"<div class=\"fusion-fullwidth fullwidth-box fusion-builder-row-1 hundred-percent-fullwidth non-hundred-percent-height-scrolling\" style=\"--awb-border-radius-top-left:0px;--awb-border-radius-top-right:0px;--awb-border-radius-bottom-right:0px;--awb-border-radius-bottom-left:0px;--awb-overflow:visible;\" ><div class=\"fusion-builder-row fusion-row\"><div class=\"fusion-layout-column fusion_builder_column fusion-builder-column-0 fusion_builder_column_1_1 1_1 fusion-one-full fusion-column-first fusion-column-last\" style=\"--awb-bg-size:cover;\"><div class=\"fusion-column-wrapper fusion-flex-column-wrapper-legacy\"><div class=\"fusion-text fusion-text-1\"><div id=\"attachment_1984\" style=\"width: 310px\" class=\"wp-caption alignleft\"><a href=\"https:\/\/eugeneistomin.com\/wp-content\/uploads\/2016\/01\/Istomin-avec-Pavarotti-et-Scotto.jpg\"><img aria-describedby=\"caption-attachment-1984\" decoding=\"async\" class=\"wp-image-1984 size-medium\" src=\"https:\/\/eugeneistomin.com\/wp-content\/uploads\/2016\/01\/Istomin-avec-Pavarotti-et-Scotto-300x300.jpg\" alt=\"Istomin avec Pavarotti et Scotto\" width=\"300\" height=\"300\" srcset=\"http:\/\/www.eugeneistomin.com\/wp-content\/uploads\/2016\/01\/Istomin-avec-Pavarotti-et-Scotto-66x66.jpg 66w, http:\/\/www.eugeneistomin.com\/wp-content\/uploads\/2016\/01\/Istomin-avec-Pavarotti-et-Scotto-150x150.jpg 150w, http:\/\/www.eugeneistomin.com\/wp-content\/uploads\/2016\/01\/Istomin-avec-Pavarotti-et-Scotto-300x300.jpg 300w, http:\/\/www.eugeneistomin.com\/wp-content\/uploads\/2016\/01\/Istomin-avec-Pavarotti-et-Scotto.jpg 800w\" sizes=\"(max-width: 300px) 100vw, 300px\" \/><\/a><p id=\"caption-attachment-1984\" class=\"wp-caption-text\">Istomin au piano avec Luciano Pavarotti et Renata Scotto<\/p><\/div>\n<p class=\"beautify\">Apr\u00e8s son mariage avec Marta, Eugene Istomin accepta plus volontiers certaines obligations de relations publiques. Il participa m\u00eame \u00e0 certains \u00e9v\u00e9nements mondains, pour peu qu\u2019ils soient organis\u00e9s au b\u00e9n\u00e9fice d\u2019une cause g\u00e9n\u00e9reuse ou qu\u2019ils se d\u00e9roulent dans un contexte amical. C\u2019est ainsi qu\u2019en mars 1977, il se m\u00eala \u00e0 un d\u00eener qui trouva un large \u00e9cho dans la presse. On y f\u00eatait la premi\u00e8re d\u2019une nouvelle production de <em>La Boh\u00e8me<\/em> de Puccini au Metropolitan Opera avec Luciano Pavarotti et Renata Scotto. A cette occasion, George Lang, \u00e9minent restaurateur, avait invit\u00e9 chez lui les deux chanteurs ainsi que quelques amis et personnalit\u00e9s, parmi lesquels Eugene et Marta Istomin.<\/p>\n<p>Pavarotti avait pr\u00e9par\u00e9 des <em>Pennoni al Tonno<\/em>, Renata Scotto des <em>Tagliatelle avec une sauce aux noix<\/em>, et Marta une\u00a0<em>Chanfaina<\/em> (une cr\u00e8me catalane)! Les vins \u00e9taient somptueux et les invit\u00e9s de fort belle humeur. Apr\u00e8s les caf\u00e9s et le Cognac de\u00a01846, Istomin commen\u00e7a par d\u00e9cliner gentiment l\u2019invitation de jouer seul. Mais il accepta de se mettre au piano aux c\u00f4t\u00e9s de Pavarotti et Scotto pour un duo de <em>La Traviata<\/em>\u00a0! Il n\u2019avait nul besoin de partition car il connaissait par c\u0153ur tous les grands op\u00e9ras du r\u00e9pertoire. Pavarotti se sentait tr\u00e8s \u00e0 l\u2019aise et lui glissa\u00a0: \u00ab\u00a0C\u2019est tellement facile de chanter avec toi\u00a0\u00bb. Et il se lan\u00e7a alors dans une chanson napolitaine, <em>A Vucchella<\/em>, dont Istomin improvisa l\u2019accompagnement comme au temps o\u00f9 il accompagnait ses parents dans le r\u00e9pertoire populaire russe\u00a0!<\/p>\n<p>La presse se fit largement l\u2019\u00e9cho de cette soir\u00e9e et <em>Opera News<\/em> y consacra plusieurs pages\u2026<\/p>\n<\/div><div class=\"fusion-title title fusion-title-1 fusion-title-text fusion-title-size-two\"><h2 class=\"title-heading-left fusion-responsive-typography-calculated\" style=\"margin:0;--fontSize:18;--minFontSize:18;line-height:1.5;\"><strong>Document<\/strong><\/h2><span class=\"awb-title-spacer\"><\/span><div class=\"title-sep-container\"><div class=\"title-sep sep- sep-solid\" style=\"border-color:#e0dede;\"><\/div><\/div><\/div><div class=\"fusion-text fusion-text-2\"><p><strong>Tosti<\/strong>. <em>A Vucchella. <\/em>Luciano Pavarotti accompagn\u00e9 au piano par John Wustman, en concert \u00e0 Barcelone.<\/p>\n<\/div><div class=\"fusion-video fusion-youtube\" style=\"--awb-max-width:600px;--awb-max-height:350px;\"><div class=\"video-shortcode\"><div class=\"fluid-width-video-wrapper\" style=\"padding-top:58.33%;\" ><iframe title=\"YouTube video player 1\" src=\"https:\/\/www.youtube.com\/embed\/0eKtTJbz6pU?wmode=transparent&autoplay=0\" width=\"600\" height=\"350\" allowfullscreen allow=\"autoplay; fullscreen\"><\/iframe><\/div><\/div><\/div><div class=\"fusion-clearfix\"><\/div><\/div><\/div><\/div><\/div>\n","protected":false},"excerpt":{"rendered":"","protected":false},"author":2,"featured_media":0,"parent":1971,"menu_order":0,"comment_status":"open","ping_status":"open","template":"","meta":[],"acf":[],"_links":{"self":[{"href":"http:\/\/www.eugeneistomin.com\/fr\/wp-json\/wp\/v2\/pages\/1977"}],"collection":[{"href":"http:\/\/www.eugeneistomin.com\/fr\/wp-json\/wp\/v2\/pages"}],"about":[{"href":"http:\/\/www.eugeneistomin.com\/fr\/wp-json\/wp\/v2\/types\/page"}],"author":[{"embeddable":true,"href":"http:\/\/www.eugeneistomin.com\/fr\/wp-json\/wp\/v2\/users\/2"}],"replies":[{"embeddable":true,"href":"http:\/\/www.eugeneistomin.com\/fr\/wp-json\/wp\/v2\/comments?post=1977"}],"version-history":[{"count":7,"href":"http:\/\/www.eugeneistomin.com\/fr\/wp-json\/wp\/v2\/pages\/1977\/revisions"}],"predecessor-version":[{"id":7476,"href":"http:\/\/www.eugeneistomin.com\/fr\/wp-json\/wp\/v2\/pages\/1977\/revisions\/7476"}],"up":[{"embeddable":true,"href":"http:\/\/www.eugeneistomin.com\/fr\/wp-json\/wp\/v2\/pages\/1971"}],"wp:attachment":[{"href":"http:\/\/www.eugeneistomin.com\/fr\/wp-json\/wp\/v2\/media?parent=1977"}],"curies":[{"name":"wp","href":"https:\/\/api.w.org\/{rel}","templated":true}]}}

<div class="fusion-fullwidth fullwidth-box fusion-builder-row-1 hundred-percent-fullwidth non-hundred-percent-height-scrolling" style="--awb-border-radius-top-left:0px;--awb-border-radius-top-right:0px;--awb-border-radius-bottom-right:0px;--awb-border-radius-bottom-left:0px;--awb-overflow:visible;" ><div class="fusion-builder-row fusion-row"><div class="fusion-layout-column fusion_builder_column fusion-builder-column-0 fusion_builder_column_1_1 1_1 fusion-one-full fusion-column-first fusion-column-last" style="--awb-bg-size:cover;"><div class="fusion-column-wrapper fusion-flex-column-wrapper-legacy"><div class="fusion-text fusion-text-1"><div id="attachment_1984" style="width: 310px" class="wp-caption alignleft"><a href="https://eugeneistomin.com/wp-content/uploads/2016/01/Istomin-avec-Pavarotti-et-Scotto.jpg"><img aria-describedby="caption-attachment-1984" decoding="async" class="wp-image-1984 size-medium" src="https://eugeneistomin.com/wp-content/uploads/2016/01/Istomin-avec-Pavarotti-et-Scotto-300x300.jpg" alt="Istomin avec Pavarotti et Scotto" width="300" height="300" srcset="http://www.eugeneistomin.com/wp-content/uploads/2016/01/Istomin-avec-Pavarotti-et-Scotto-66x66.jpg 66w, http://www.eugeneistomin.com/wp-content/uploads/2016/01/Istomin-avec-Pavarotti-et-Scotto-150x150.jpg 150w, http://www.eugeneistomin.com/wp-content/uploads/2016/01/Istomin-avec-Pavarotti-et-Scotto-300x300.jpg 300w, http://www.eugeneistomin.com/wp-content/uploads/2016/01/Istomin-avec-Pavarotti-et-Scotto.jpg 800w" sizes="(max-width: 300px) 100vw, 300px" /></a><p id="caption-attachment-1984" class="wp-caption-text">Istomin au piano avec Luciano Pavarotti et Renata Scotto</p></div>
<p class="beautify">Après son mariage avec Marta, Eugene Istomin accepta plus volontiers certaines obligations de relations publiques. Il participa même à certains événements mondains, pour peu qu’ils soient organisés au bénéfice d’une cause généreuse ou qu’ils se déroulent dans un contexte amical. C’est ainsi qu’en mars 1977, il se mêla à un dîner qui trouva un large écho dans la presse. On y fêtait la première d’une nouvelle production de <em>La Bohème</em> de Puccini au Metropolitan Opera avec Luciano Pavarotti et Renata Scotto. A cette occasion, George Lang, éminent restaurateur, avait invité chez lui les deux chanteurs ainsi que quelques amis et personnalités, parmi lesquels Eugene et Marta Istomin.</p>
<p>Pavarotti avait préparé des <em>Pennoni al Tonno</em>, Renata Scotto des <em>Tagliatelle avec une sauce aux noix</em>, et Marta une <em>Chanfaina</em> (une crème catalane)! Les vins étaient somptueux et les invités de fort belle humeur. Après les cafés et le Cognac de 1846, Istomin commença par décliner gentiment l’invitation de jouer seul. Mais il accepta de se mettre au piano aux côtés de Pavarotti et Scotto pour un duo de <em>La Traviata</em> ! Il n’avait nul besoin de partition car il connaissait par cœur tous les grands opéras du répertoire. Pavarotti se sentait très à l’aise et lui glissa : « C’est tellement facile de chanter avec toi ». Et il se lança alors dans une chanson napolitaine, <em>A Vucchella</em>, dont Istomin improvisa l’accompagnement comme au temps où il accompagnait ses parents dans le répertoire populaire russe !</p>
<p>La presse se fit largement l’écho de cette soirée et <em>Opera News</em> y consacra plusieurs pages…</p>
</div><div class="fusion-title title fusion-title-1 fusion-title-text fusion-title-size-two"><h2 class="title-heading-left fusion-responsive-typography-calculated" style="margin:0;--fontSize:18;--minFontSize:18;line-height:1.5;"><strong>Document</strong></h2><span class="awb-title-spacer"></span><div class="title-sep-container"><div class="title-sep sep- sep-solid" style="border-color:#e0dede;"></div></div></div><div class="fusion-text fusion-text-2"><p><strong>Tosti</strong>. <em>A Vucchella. </em>Luciano Pavarotti accompagné au piano par John Wustman, en concert à Barcelone.</p>
</div><div class="fusion-video fusion-youtube" style="--awb-max-width:600px;--awb-max-height:350px;"><div class="video-shortcode"><div class="fluid-width-video-wrapper" style="padding-top:58.33%;" ><iframe title="YouTube video player 1" src="https://www.youtube.com/embed/0eKtTJbz6pU?wmode=transparent&autoplay=0" width="600" height="350" allowfullscreen allow="autoplay; fullscreen"></iframe></div></div></div><div class="fusion-clearfix"></div></div></div></div></div>
