{"id":1580,"date":"2015-12-02T16:50:38","date_gmt":"2015-12-02T15:50:38","guid":{"rendered":"http:\/\/eugeneistomin.com\/?page_id=1580"},"modified":"2020-02-21T23:50:50","modified_gmt":"2020-02-21T22:50:50","slug":"claude-debussy","status":"publish","type":"page","link":"http:\/\/www.eugeneistomin.com\/fr\/le-musicien\/les-compositeurs-de-predilection\/claude-debussy\/","title":{"rendered":"Claude Debussy"},"content":{"rendered":"<div class=\"fusion-fullwidth fullwidth-box fusion-builder-row-1 hundred-percent-fullwidth non-hundred-percent-height-scrolling\" style=\"--awb-border-radius-top-left:0px;--awb-border-radius-top-right:0px;--awb-border-radius-bottom-right:0px;--awb-border-radius-bottom-left:0px;--awb-overflow:visible;\" ><div class=\"fusion-builder-row fusion-row\"><div class=\"fusion-layout-column fusion_builder_column fusion-builder-column-0 fusion_builder_column_1_1 1_1 fusion-one-full fusion-column-first fusion-column-last fusion-column-no-min-height\" style=\"--awb-bg-size:cover;--awb-margin-bottom:0px;\"><div class=\"fusion-column-wrapper fusion-flex-column-wrapper-legacy\"><div class=\"fusion-text fusion-text-1\"><p><a href=\"https:\/\/eugeneistomin.com\/wp-content\/uploads\/2015\/12\/debussy-1.jpg\"><img decoding=\"async\" class=\"size-medium wp-image-1581 alignleft\" src=\"https:\/\/eugeneistomin.com\/wp-content\/uploads\/2015\/12\/debussy-1-300x232.jpg\" alt=\"Claude Achille Debussy (Saint-Germain-en-Laye, 1862 - Paris, 1918), French composer and pianist in Paul Dukas library at Eragny after \" width=\"300\" height=\"232\" srcset=\"http:\/\/www.eugeneistomin.com\/wp-content\/uploads\/2015\/12\/debussy-1-180x138.jpg 180w, http:\/\/www.eugeneistomin.com\/wp-content\/uploads\/2015\/12\/debussy-1-300x232.jpg 300w, http:\/\/www.eugeneistomin.com\/wp-content\/uploads\/2015\/12\/debussy-1-1024x790.jpg 1024w, http:\/\/www.eugeneistomin.com\/wp-content\/uploads\/2015\/12\/debussy-1.jpg 3609w\" sizes=\"(max-width: 300px) 100vw, 300px\" \/><\/a><\/p>\n<p class=\"beautify\">Debussy  fut tr\u00e8s pr\u00e9sent dans les programmes de r\u00e9cital d\u2019Istomin tout au long de sa carri\u00e8re. Il jouait des <em>Pr\u00e9ludes<\/em> par petits groupes de deux, trois ou quatre. Il les choisissait aussi bien d\u2019inspiration po\u00e9tique qu\u2019humoristique. Parmi ses pr\u00e9f\u00e9r\u00e9s\u00a0: <em>La Terrasse des audiences du clair de lune <\/em>et<em> General Lavine Eccentric, Les sons et les parfums tournent dans l\u2019air du soir, <\/em>mais aussi<em> Voiles, Les Collines d\u2019Anacapri, Minstrels<\/em>\u2026 Si les organisateurs lui en laissaient le loisir, il pr\u00e9f\u00e9rait choisir au dernier moment les pr\u00e9ludes qu\u2019il avait envie de jouer, selon l\u2019inspiration et la qualit\u00e9 du piano.\u00a0A la fin des ann\u00e9es 80, il ajouta \u00e0 son r\u00e9pertoire le premier cahier des <em>Images<\/em> qu\u2019il joua tr\u00e8s souvent, et il s\u2019\u00e9tait pr\u00e9par\u00e9 \u00e0 jouer les <em>Estampes<\/em>.<\/p>\n<p class=\"beautify\">Debussy \u00e9tait pour lui un antidote \u00e0 la forte pr\u00e9sence de la musique germanique dans son r\u00e9pertoire. C\u2019\u00e9tait un autre contact avec le clavier, une autre sensualit\u00e9, un autre plaisir du piano, celui de rechercher \u00e0 l\u2019infini des couleurs, des lumi\u00e8res. Il donna souvent des master-classes sur Debussy, faisant r\u00e9f\u00e9rence \u00e0 la peinture et \u00e0 la po\u00e9sie fran\u00e7aises qu\u2019il connaissait si bien.<\/p>\n<p class=\"beautify\">Il existe peu de t\u00e9moignages de ses interpr\u00e9tations debussystes. En 1968, il avait enregistr\u00e9 <em>La Fille aux cheveux de lin<\/em> et le <em>Clair de lune<\/em> de la <em>Suite bergamasque<\/em> dans la perspective d\u2019un disque de bis, qui ne fut pas publi\u00e9. Ces enregistrements ne para\u00eetront que quelque cinquante ann\u00e9es plus tard dans le coffret Sony r\u00e9unissant l\u2019ensemble de ses enregistrements en solo. Quant au disque Adda avec les <em>Images<\/em>, il fut malheureusement enregistr\u00e9 dans des conditions sonores assez pr\u00e9caires.<\/p>\n<\/div><div class=\"fusion-clearfix\"><\/div><\/div><\/div><div class=\"fusion-layout-column fusion_builder_column fusion-builder-column-1 fusion_builder_column_1_1 1_1 fusion-one-full fusion-column-first fusion-column-last fusion-column-no-min-height\" style=\"--awb-bg-size:cover;--awb-margin-bottom:0px;\"><div class=\"fusion-column-wrapper fusion-flex-column-wrapper-legacy\"><div class=\"fusion-title title fusion-title-1 fusion-title-text fusion-title-size-two\"><h2 class=\"title-heading-left fusion-responsive-typography-calculated\" style=\"margin:0;--fontSize:18;--minFontSize:18;line-height:1.5;\"><strong>Musique<\/strong><\/h2><span class=\"awb-title-spacer\"><\/span><div class=\"title-sep-container\"><div class=\"title-sep sep-double sep-solid\" style=\"border-color:#e0dede;\"><\/div><\/div><\/div><div class=\"fusion-text fusion-text-2\"><!--[if lt IE 9]><script>document.createElement('audio');<\/script><![endif]-->\n<audio class=\"wp-audio-shortcode\" id=\"audio-1580-1\" preload=\"none\" style=\"width: 100%;\" controls=\"controls\"><source type=\"audio\/mpeg\" src=\"https:\/\/eugeneistomin.com\/wp-content\/uploads\/2016\/03\/Debussy-Images_Reflets-dans-leau_128k.mp3?_=1\" \/><a href=\"https:\/\/eugeneistomin.com\/wp-content\/uploads\/2016\/03\/Debussy-Images_Reflets-dans-leau_128k.mp3\">https:\/\/eugeneistomin.com\/wp-content\/uploads\/2016\/03\/Debussy-Images_Reflets-dans-leau_128k.mp3<\/a><\/audio>\n<p><strong>Debussy<\/strong>,\u00a0<em>Reflets dans l\u2019eau<\/em> (Images, Livre I). Eugene Istomin (Enregistrement 1987. Publication CD Adda 581049)<\/p>\n<\/div><div class=\"fusion-text fusion-text-3\"><p><strong>Claude Debussy.<\/strong> <em>Pr\u00e9ludes, Livre II : General Lavine-eccentric<\/em>. Eugene Istomin. Bis lors du r\u00e9cital du 27 septembre 1989 au Festival de Montreux.<\/p>\n<\/div><div class=\"fusion-clearfix\"><\/div><\/div><\/div><div class=\"fusion-layout-column fusion_builder_column fusion-builder-column-2 fusion_builder_column_1_1 1_1 fusion-one-full fusion-column-first fusion-column-last fusion-column-no-min-height\" style=\"--awb-bg-size:cover;--awb-margin-bottom:0px;\"><div class=\"fusion-column-wrapper fusion-flex-column-wrapper-legacy\"><div class=\"fusion-video fusion-youtube\" style=\"--awb-max-width:600px;--awb-max-height:350px;\"><div class=\"video-shortcode\"><div class=\"fluid-width-video-wrapper\" style=\"padding-top:58.33%;\" ><iframe title=\"YouTube video player 1\" src=\"https:\/\/www.youtube.com\/embed\/Ni5F8HdD5Xo?wmode=transparent&autoplay=0\" width=\"600\" height=\"350\" allowfullscreen allow=\"autoplay; fullscreen\"><\/iframe><\/div><\/div><\/div><div class=\"fusion-clearfix\"><\/div><\/div><\/div><\/div><\/div>\n","protected":false},"excerpt":{"rendered":"","protected":false},"author":1,"featured_media":0,"parent":325,"menu_order":0,"comment_status":"open","ping_status":"open","template":"","meta":[],"acf":[],"_links":{"self":[{"href":"http:\/\/www.eugeneistomin.com\/fr\/wp-json\/wp\/v2\/pages\/1580"}],"collection":[{"href":"http:\/\/www.eugeneistomin.com\/fr\/wp-json\/wp\/v2\/pages"}],"about":[{"href":"http:\/\/www.eugeneistomin.com\/fr\/wp-json\/wp\/v2\/types\/page"}],"author":[{"embeddable":true,"href":"http:\/\/www.eugeneistomin.com\/fr\/wp-json\/wp\/v2\/users\/1"}],"replies":[{"embeddable":true,"href":"http:\/\/www.eugeneistomin.com\/fr\/wp-json\/wp\/v2\/comments?post=1580"}],"version-history":[{"count":11,"href":"http:\/\/www.eugeneistomin.com\/fr\/wp-json\/wp\/v2\/pages\/1580\/revisions"}],"predecessor-version":[{"id":7558,"href":"http:\/\/www.eugeneistomin.com\/fr\/wp-json\/wp\/v2\/pages\/1580\/revisions\/7558"}],"up":[{"embeddable":true,"href":"http:\/\/www.eugeneistomin.com\/fr\/wp-json\/wp\/v2\/pages\/325"}],"wp:attachment":[{"href":"http:\/\/www.eugeneistomin.com\/fr\/wp-json\/wp\/v2\/media?parent=1580"}],"curies":[{"name":"wp","href":"https:\/\/api.w.org\/{rel}","templated":true}]}}

<div class="fusion-fullwidth fullwidth-box fusion-builder-row-1 hundred-percent-fullwidth non-hundred-percent-height-scrolling" style="--awb-border-radius-top-left:0px;--awb-border-radius-top-right:0px;--awb-border-radius-bottom-right:0px;--awb-border-radius-bottom-left:0px;--awb-overflow:visible;" ><div class="fusion-builder-row fusion-row"><div class="fusion-layout-column fusion_builder_column fusion-builder-column-0 fusion_builder_column_1_1 1_1 fusion-one-full fusion-column-first fusion-column-last fusion-column-no-min-height" style="--awb-bg-size:cover;--awb-margin-bottom:0px;"><div class="fusion-column-wrapper fusion-flex-column-wrapper-legacy"><div class="fusion-text fusion-text-1"><p><a href="https://eugeneistomin.com/wp-content/uploads/2015/12/debussy-1.jpg"><img decoding="async" class="size-medium wp-image-1581 alignleft" src="https://eugeneistomin.com/wp-content/uploads/2015/12/debussy-1-300x232.jpg" alt="Claude Achille Debussy (Saint-Germain-en-Laye, 1862 - Paris, 1918), French composer and pianist in Paul Dukas library at Eragny after " width="300" height="232" srcset="http://www.eugeneistomin.com/wp-content/uploads/2015/12/debussy-1-180x138.jpg 180w, http://www.eugeneistomin.com/wp-content/uploads/2015/12/debussy-1-300x232.jpg 300w, http://www.eugeneistomin.com/wp-content/uploads/2015/12/debussy-1-1024x790.jpg 1024w, http://www.eugeneistomin.com/wp-content/uploads/2015/12/debussy-1.jpg 3609w" sizes="(max-width: 300px) 100vw, 300px" /></a></p>
<p class="beautify">Debussy  fut très présent dans les programmes de récital d’Istomin tout au long de sa carrière. Il jouait des <em>Préludes</em> par petits groupes de deux, trois ou quatre. Il les choisissait aussi bien d’inspiration poétique qu’humoristique. Parmi ses préférés : <em>La Terrasse des audiences du clair de lune </em>et<em> General Lavine Eccentric, Les sons et les parfums tournent dans l’air du soir, </em>mais aussi<em> Voiles, Les Collines d’Anacapri, Minstrels</em>… Si les organisateurs lui en laissaient le loisir, il préférait choisir au dernier moment les préludes qu’il avait envie de jouer, selon l’inspiration et la qualité du piano. A la fin des années 80, il ajouta à son répertoire le premier cahier des <em>Images</em> qu’il joua très souvent, et il s’était préparé à jouer les <em>Estampes</em>.</p>
<p class="beautify">Debussy était pour lui un antidote à la forte présence de la musique germanique dans son répertoire. C’était un autre contact avec le clavier, une autre sensualité, un autre plaisir du piano, celui de rechercher à l’infini des couleurs, des lumières. Il donna souvent des master-classes sur Debussy, faisant référence à la peinture et à la poésie françaises qu’il connaissait si bien.</p>
<p class="beautify">Il existe peu de témoignages de ses interprétations debussystes. En 1968, il avait enregistré <em>La Fille aux cheveux de lin</em> et le <em>Clair de lune</em> de la <em>Suite bergamasque</em> dans la perspective d’un disque de bis, qui ne fut pas publié. Ces enregistrements ne paraîtront que quelque cinquante années plus tard dans le coffret Sony réunissant l’ensemble de ses enregistrements en solo. Quant au disque Adda avec les <em>Images</em>, il fut malheureusement enregistré dans des conditions sonores assez précaires.</p>
</div><div class="fusion-clearfix"></div></div></div><div class="fusion-layout-column fusion_builder_column fusion-builder-column-1 fusion_builder_column_1_1 1_1 fusion-one-full fusion-column-first fusion-column-last fusion-column-no-min-height" style="--awb-bg-size:cover;--awb-margin-bottom:0px;"><div class="fusion-column-wrapper fusion-flex-column-wrapper-legacy"><div class="fusion-title title fusion-title-1 fusion-title-text fusion-title-size-two"><h2 class="title-heading-left fusion-responsive-typography-calculated" style="margin:0;--fontSize:18;--minFontSize:18;line-height:1.5;"><strong>Musique</strong></h2><span class="awb-title-spacer"></span><div class="title-sep-container"><div class="title-sep sep-double sep-solid" style="border-color:#e0dede;"></div></div></div><div class="fusion-text fusion-text-2"><!--[if lt IE 9]><script>document.createElement('audio');</script><![endif]-->
<audio class="wp-audio-shortcode" id="audio-1580-1" preload="none" style="width: 100%;" controls="controls"><source type="audio/mpeg" src="https://eugeneistomin.com/wp-content/uploads/2016/03/Debussy-Images_Reflets-dans-leau_128k.mp3?_=1" /><a href="https://eugeneistomin.com/wp-content/uploads/2016/03/Debussy-Images_Reflets-dans-leau_128k.mp3">https://eugeneistomin.com/wp-content/uploads/2016/03/Debussy-Images_Reflets-dans-leau_128k.mp3</a></audio>
<p><strong>Debussy</strong>, <em>Reflets dans l’eau</em> (Images, Livre I). Eugene Istomin (Enregistrement 1987. Publication CD Adda 581049)</p>
</div><div class="fusion-text fusion-text-3"><p><strong>Claude Debussy.</strong> <em>Préludes, Livre II : General Lavine-eccentric</em>. Eugene Istomin. Bis lors du récital du 27 septembre 1989 au Festival de Montreux.</p>
</div><div class="fusion-clearfix"></div></div></div><div class="fusion-layout-column fusion_builder_column fusion-builder-column-2 fusion_builder_column_1_1 1_1 fusion-one-full fusion-column-first fusion-column-last fusion-column-no-min-height" style="--awb-bg-size:cover;--awb-margin-bottom:0px;"><div class="fusion-column-wrapper fusion-flex-column-wrapper-legacy"><div class="fusion-video fusion-youtube" style="--awb-max-width:600px;--awb-max-height:350px;"><div class="video-shortcode"><div class="fluid-width-video-wrapper" style="padding-top:58.33%;" ><iframe title="YouTube video player 1" src="https://www.youtube.com/embed/Ni5F8HdD5Xo?wmode=transparent&autoplay=0" width="600" height="350" allowfullscreen allow="autoplay; fullscreen"></iframe></div></div></div><div class="fusion-clearfix"></div></div></div></div></div>
