{"id":1213,"date":"2015-11-19T12:29:17","date_gmt":"2015-11-19T11:29:17","guid":{"rendered":"http:\/\/eugeneistomin.com\/?page_id=1213"},"modified":"2020-02-21T23:51:07","modified_gmt":"2020-02-21T22:51:07","slug":"leopold-stokowski","status":"publish","type":"page","link":"http:\/\/www.eugeneistomin.com\/fr\/grandes-collaborations-musicales\/chefs-dorchestre\/leopold-stokowski\/","title":{"rendered":"Leopold Stokowski"},"content":{"rendered":"<div class=\"fusion-fullwidth fullwidth-box fusion-builder-row-1 hundred-percent-fullwidth non-hundred-percent-height-scrolling\" style=\"--awb-border-radius-top-left:0px;--awb-border-radius-top-right:0px;--awb-border-radius-bottom-right:0px;--awb-border-radius-bottom-left:0px;--awb-overflow:visible;\" ><div class=\"fusion-builder-row fusion-row\"><div class=\"fusion-layout-column fusion_builder_column fusion-builder-column-0 fusion_builder_column_1_1 1_1 fusion-one-full fusion-column-first fusion-column-last\" style=\"--awb-bg-size:cover;\"><div class=\"fusion-column-wrapper fusion-flex-column-wrapper-legacy\"><div class=\"fusion-text fusion-text-1\"><p><a href=\"https:\/\/eugeneistomin.com\/wp-content\/uploads\/2015\/10\/Stokovsky.jpg\"><img decoding=\"async\" class=\" size-medium wp-image-625 alignleft\" src=\"https:\/\/eugeneistomin.com\/wp-content\/uploads\/2015\/10\/Stokovsky-237x300.jpg\" alt=\"Stokovsky\" width=\"237\" height=\"300\" srcset=\"http:\/\/www.eugeneistomin.com\/wp-content\/uploads\/2015\/10\/Stokovsky-237x300.jpg 237w, http:\/\/www.eugeneistomin.com\/wp-content\/uploads\/2015\/10\/Stokovsky-808x1024.jpg 808w, http:\/\/www.eugeneistomin.com\/wp-content\/uploads\/2015\/10\/Stokovsky.jpg 1024w\" sizes=\"(max-width: 237px) 100vw, 237px\" \/><\/a><\/p>\n<p class=\"beautify\">Dans  ses entretiens avec Corredor, Casals avait d\u00e9clar\u00e9 que les trois chefs qu\u2019il admirait le plus \u00e9taient Furtw\u00e4ngler, Toscanini et Stokowski. Trois personnalit\u00e9s on ne peut plus diff\u00e9rentes\u00a0!<\/p>\n<p>En revanche Rudolf Serkin, le professeur d\u2019Istomin, d\u00e9testait Stokowski. Ses orchestrations spectaculaires et la grande libert\u00e9 qu\u2019il s\u2019octroyait dans ses interpr\u00e9tations le h\u00e9rissaient. Lorsqu\u2019Istomin ne respectait pas assez le texte, Serkin se mettait en col\u00e8re et le mena\u00e7ait\u00a0: \u00ab\u00a0Tu vas devenir un autre Stokowski\u00a0!\u00a0\u00bb Cela n\u2019emp\u00eacha d\u2019ailleurs pas Serkin de jouer un jour sous la direction de Stokowski\u2026<\/p>\n<p>Istomin, quant \u00e0 lui, eut l\u2019occasion de donner un seul et unique concert avec Stokowski, lorsque celui-ci \u00e9tait principal chef invit\u00e9 de l\u2019Orchestre Philharmonique de New York. Il joua le <i>9<\/i><sup><i>\u00e8me<\/i><\/sup><i> Concerto<\/i> de Mozart, qu\u2019il avait tr\u00e8s souvent interpr\u00e9t\u00e9 sous la direction d\u2019Adolf Busch. Bien qu\u2019habitu\u00e9 \u00e0 plus de rigueur stylistique, il trouva l\u2019exp\u00e9rience tr\u00e8s s\u00e9duisante. Malheureusement le concert ne semble pas avoir \u00e9t\u00e9 enregistr\u00e9\u2026<\/p>\n<\/div><div class=\"fusion-title title fusion-title-1 fusion-title-text fusion-title-size-two\"><h2 class=\"title-heading-left fusion-responsive-typography-calculated\" style=\"margin:0;--fontSize:18;--minFontSize:18;line-height:1.5;\"><strong>Concert<\/strong><\/h2><span class=\"awb-title-spacer\"><\/span><div class=\"title-sep-container\"><div class=\"title-sep sep-double sep-solid\" style=\"border-color:#e0dede;\"><\/div><\/div><\/div><div class=\"fusion-text fusion-text-2\"><p><strong>1949<\/strong>, 29 octobre. Carnegie Hall. <b>Mozart<\/b>, <i>Concerto n\u00b0 9 K. 271<\/i>. New York Philharmonic.<\/p>\n<\/div><div class=\"fusion-title title fusion-title-2 fusion-title-text fusion-title-size-two\"><h2 class=\"title-heading-left fusion-responsive-typography-calculated\" style=\"margin:0;--fontSize:18;--minFontSize:18;line-height:1.5;\"><strong>Document<\/strong><\/h2><span class=\"awb-title-spacer\"><\/span><div class=\"title-sep-container\"><div class=\"title-sep sep-double sep-solid\" style=\"border-color:#e0dede;\"><\/div><\/div><\/div><div class=\"fusion-text fusion-text-3\"><p>Stokowski r\u00e9p\u00e8te l\u2019ouverture <em>Leonore III<\/em> de Beethoven avec l&rsquo;American Symphony en 1968.<\/p>\n<\/div><div class=\"fusion-video fusion-youtube\" style=\"--awb-max-width:600px;--awb-max-height:350px;\"><div class=\"video-shortcode\"><div class=\"fluid-width-video-wrapper\" style=\"padding-top:58.33%;\" ><iframe title=\"YouTube video player 1\" src=\"https:\/\/www.youtube.com\/embed\/kmcr79tzwwM?wmode=transparent&autoplay=0\" width=\"600\" height=\"350\" allowfullscreen allow=\"autoplay; fullscreen\"><\/iframe><\/div><\/div><\/div><div class=\"fusion-clearfix\"><\/div><\/div><\/div><div class=\"fusion-layout-column fusion_builder_column fusion-builder-column-1 fusion_builder_column_1_1 1_1 fusion-one-full fusion-column-first fusion-column-last fusion-column-no-min-height\" style=\"--awb-bg-size:cover;--awb-margin-bottom:0px;\"><div class=\"fusion-column-wrapper fusion-flex-column-wrapper-legacy\"><div class=\"fusion-text fusion-text-4\"><\/div><div class=\"fusion-clearfix\"><\/div><\/div><\/div><\/div><\/div>\n","protected":false},"excerpt":{"rendered":"","protected":false},"author":1,"featured_media":0,"parent":380,"menu_order":0,"comment_status":"open","ping_status":"open","template":"","meta":[],"acf":[],"_links":{"self":[{"href":"http:\/\/www.eugeneistomin.com\/fr\/wp-json\/wp\/v2\/pages\/1213"}],"collection":[{"href":"http:\/\/www.eugeneistomin.com\/fr\/wp-json\/wp\/v2\/pages"}],"about":[{"href":"http:\/\/www.eugeneistomin.com\/fr\/wp-json\/wp\/v2\/types\/page"}],"author":[{"embeddable":true,"href":"http:\/\/www.eugeneistomin.com\/fr\/wp-json\/wp\/v2\/users\/1"}],"replies":[{"embeddable":true,"href":"http:\/\/www.eugeneistomin.com\/fr\/wp-json\/wp\/v2\/comments?post=1213"}],"version-history":[{"count":4,"href":"http:\/\/www.eugeneistomin.com\/fr\/wp-json\/wp\/v2\/pages\/1213\/revisions"}],"predecessor-version":[{"id":7654,"href":"http:\/\/www.eugeneistomin.com\/fr\/wp-json\/wp\/v2\/pages\/1213\/revisions\/7654"}],"up":[{"embeddable":true,"href":"http:\/\/www.eugeneistomin.com\/fr\/wp-json\/wp\/v2\/pages\/380"}],"wp:attachment":[{"href":"http:\/\/www.eugeneistomin.com\/fr\/wp-json\/wp\/v2\/media?parent=1213"}],"curies":[{"name":"wp","href":"https:\/\/api.w.org\/{rel}","templated":true}]}}

<div class="fusion-fullwidth fullwidth-box fusion-builder-row-1 hundred-percent-fullwidth non-hundred-percent-height-scrolling" style="--awb-border-radius-top-left:0px;--awb-border-radius-top-right:0px;--awb-border-radius-bottom-right:0px;--awb-border-radius-bottom-left:0px;--awb-overflow:visible;" ><div class="fusion-builder-row fusion-row"><div class="fusion-layout-column fusion_builder_column fusion-builder-column-0 fusion_builder_column_1_1 1_1 fusion-one-full fusion-column-first fusion-column-last" style="--awb-bg-size:cover;"><div class="fusion-column-wrapper fusion-flex-column-wrapper-legacy"><div class="fusion-text fusion-text-1"><p><a href="https://eugeneistomin.com/wp-content/uploads/2015/10/Stokovsky.jpg"><img decoding="async" class=" size-medium wp-image-625 alignleft" src="https://eugeneistomin.com/wp-content/uploads/2015/10/Stokovsky-237x300.jpg" alt="Stokovsky" width="237" height="300" srcset="http://www.eugeneistomin.com/wp-content/uploads/2015/10/Stokovsky-237x300.jpg 237w, http://www.eugeneistomin.com/wp-content/uploads/2015/10/Stokovsky-808x1024.jpg 808w, http://www.eugeneistomin.com/wp-content/uploads/2015/10/Stokovsky.jpg 1024w" sizes="(max-width: 237px) 100vw, 237px" /></a></p>
<p class="beautify">Dans  ses entretiens avec Corredor, Casals avait déclaré que les trois chefs qu’il admirait le plus étaient Furtwängler, Toscanini et Stokowski. Trois personnalités on ne peut plus différentes !</p>
<p>En revanche Rudolf Serkin, le professeur d’Istomin, détestait Stokowski. Ses orchestrations spectaculaires et la grande liberté qu’il s’octroyait dans ses interprétations le hérissaient. Lorsqu’Istomin ne respectait pas assez le texte, Serkin se mettait en colère et le menaçait : « Tu vas devenir un autre Stokowski ! » Cela n’empêcha d’ailleurs pas Serkin de jouer un jour sous la direction de Stokowski…</p>
<p>Istomin, quant à lui, eut l’occasion de donner un seul et unique concert avec Stokowski, lorsque celui-ci était principal chef invité de l’Orchestre Philharmonique de New York. Il joua le <i>9</i><sup><i>ème</i></sup><i> Concerto</i> de Mozart, qu’il avait très souvent interprété sous la direction d’Adolf Busch. Bien qu’habitué à plus de rigueur stylistique, il trouva l’expérience très séduisante. Malheureusement le concert ne semble pas avoir été enregistré…</p>
</div><div class="fusion-title title fusion-title-1 fusion-title-text fusion-title-size-two"><h2 class="title-heading-left fusion-responsive-typography-calculated" style="margin:0;--fontSize:18;--minFontSize:18;line-height:1.5;"><strong>Concert</strong></h2><span class="awb-title-spacer"></span><div class="title-sep-container"><div class="title-sep sep-double sep-solid" style="border-color:#e0dede;"></div></div></div><div class="fusion-text fusion-text-2"><p><strong>1949</strong>, 29 octobre. Carnegie Hall. <b>Mozart</b>, <i>Concerto n° 9 K. 271</i>. New York Philharmonic.</p>
</div><div class="fusion-title title fusion-title-2 fusion-title-text fusion-title-size-two"><h2 class="title-heading-left fusion-responsive-typography-calculated" style="margin:0;--fontSize:18;--minFontSize:18;line-height:1.5;"><strong>Document</strong></h2><span class="awb-title-spacer"></span><div class="title-sep-container"><div class="title-sep sep-double sep-solid" style="border-color:#e0dede;"></div></div></div><div class="fusion-text fusion-text-3"><p>Stokowski répète l’ouverture <em>Leonore III</em> de Beethoven avec l&rsquo;American Symphony en 1968.</p>
</div><div class="fusion-video fusion-youtube" style="--awb-max-width:600px;--awb-max-height:350px;"><div class="video-shortcode"><div class="fluid-width-video-wrapper" style="padding-top:58.33%;" ><iframe title="YouTube video player 1" src="https://www.youtube.com/embed/kmcr79tzwwM?wmode=transparent&autoplay=0" width="600" height="350" allowfullscreen allow="autoplay; fullscreen"></iframe></div></div></div><div class="fusion-clearfix"></div></div></div><div class="fusion-layout-column fusion_builder_column fusion-builder-column-1 fusion_builder_column_1_1 1_1 fusion-one-full fusion-column-first fusion-column-last fusion-column-no-min-height" style="--awb-bg-size:cover;--awb-margin-bottom:0px;"><div class="fusion-column-wrapper fusion-flex-column-wrapper-legacy"><div class="fusion-text fusion-text-4"></div><div class="fusion-clearfix"></div></div></div></div></div>
